{"id":18857,"date":"2022-04-27T12:46:10","date_gmt":"2022-04-27T10:46:10","guid":{"rendered":"https:\/\/www.emmentaler.ch\/kaeserei\/kaeserei-noflen"},"modified":"2025-01-20T17:10:59","modified_gmt":"2025-01-20T16:10:59","slug":"kaeserei-noflen","status":"publish","type":"dairy","link":"https:\/\/www.emmentaler.ch\/de\/kaeserei\/kaeserei-noflen","title":{"rendered":"K\u00e4serei Noflen"},"author":2,"featured_media":13897,"menu_order":0,"template":"","meta":{"inline_featured_image":false},"tags":[],"acf":{"dairy_cheeze_name":"K\u00e4serei Noflen","dairy_name":"J\u00fcrg Schwab","dairy_address_street":"Unterdorf","dairy_address_house_number":"3","dairy_address_zipcode":"3116","dairy_address_city":"Noflen","dairy_phone":"","dairy_mail":"schwaebi@bluewin.ch","dairy_website":"https:\/\/dorfchaesi-noflen.ch\/","dairy_gmaps_lat":"46.8041884","dairy_gmaps_lng":"7.5468299","dairy_award_bio":false,"dairy_award_bergprodukt":false,"dairy_award_topten":false,"dairy_award_topten_year":"","dairy_award_worldchees":false,"dairy_awards":"","dairy_number":3191,"dairy_has_shop":["1"],"dairy_eliminated":false,"dairy_eliminated_text":"","dairy_lab_type":["mikrobiell"],"dairy_max_loafs_per_day":"","dairy_min_loafs_per_day":"3","dairy_brands":"Emmentaler AOP","dairy_dynamic_brands":[5193,5195,5221,5203,5357,5236,5241],"dairy_fact_1":"Hier stellt J\u00fcrg Schwab Emmentaler AOP her.","dairy_fact_2":"In traditioneller Handarbeit, 630 Meter \u00fcber dem Meer.","dairy_fact_3":"Aus 100% nat\u00fcrlicher Rohmilch aus der Region.","dairy_fact_4":"Ausgezeichnet f\u00fcr Spitzenqualit\u00e4t als \u00abTop 10 Emmentaler AOP K\u00e4serei 2021\u00bb.","dairy_fact_5":"","dairy_opening_hours":"","dairy_images_cheesemaker":[10159],"dairy_images_house":null,"dairy_images_process":null},"_links":{"self":[{"href":"https:\/\/www.emmentaler.ch\/de\/wp-json\/wp\/v2\/dairy\/18857"}],"collection":[{"href":"https:\/\/www.emmentaler.ch\/de\/wp-json\/wp\/v2\/dairy"}],"about":[{"href":"https:\/\/www.emmentaler.ch\/de\/wp-json\/wp\/v2\/types\/dairy"}],"author":[{"embeddable":true,"href":"https:\/\/www.emmentaler.ch\/de\/wp-json\/wp\/v2\/users\/2"}],"version-history":[{"count":1,"href":"https:\/\/www.emmentaler.ch\/de\/wp-json\/wp\/v2\/dairy\/18857\/revisions"}],"predecessor-version":[{"id":136818,"href":"https:\/\/www.emmentaler.ch\/de\/wp-json\/wp\/v2\/dairy\/18857\/revisions\/136818"}],"acf:attachment":[{"embeddable":true,"href":"https:\/\/www.emmentaler.ch\/de\/wp-json\/wp\/v2\/media\/10159"}],"acf:post":[{"embeddable":true,"href":"https:\/\/www.emmentaler.ch\/de\/wp-json\/wp\/v2\/pages\/5241"},{"embeddable":true,"href":"https:\/\/www.emmentaler.ch\/de\/wp-json\/wp\/v2\/pages\/5236"},{"embeddable":true,"href":"https:\/\/www.emmentaler.ch\/de\/wp-json\/wp\/v2\/pages\/5357"},{"embeddable":true,"href":"https:\/\/www.emmentaler.ch\/de\/wp-json\/wp\/v2\/pages\/5203"},{"embeddable":true,"href":"https:\/\/www.emmentaler.ch\/de\/wp-json\/wp\/v2\/pages\/5221"},{"embeddable":true,"href":"https:\/\/www.emmentaler.ch\/de\/wp-json\/wp\/v2\/pages\/5195"},{"embeddable":true,"href":"https:\/\/www.emmentaler.ch\/de\/wp-json\/wp\/v2\/pages\/5193"}],"wp:featuredmedia":[{"embeddable":true,"href":"https:\/\/www.emmentaler.ch\/de\/wp-json\/wp\/v2\/media\/13897"}],"wp:attachment":[{"href":"https:\/\/www.emmentaler.ch\/de\/wp-json\/wp\/v2\/media?parent=18857"}],"wp:term":[{"taxonomy":"post_tag","embeddable":true,"href":"https:\/\/www.emmentaler.ch\/de\/wp-json\/wp\/v2\/tags?post=18857"}],"curies":[{"name":"wp","href":"https:\/\/api.w.org\/{rel}","templated":true}]}}

Käserei Noflen

Jürg Schwab

Hier stellt Jürg Schwab Emmentaler AOP her.

In traditioneller Handarbeit, 630 Meter über dem Meer.

Aus 100% natürlicher Rohmilch aus der Region.

Ausgezeichnet für Spitzenqualität als «Top 10 Emmentaler AOP Käserei 2021».
