{"id":18879,"date":"2022-04-27T12:46:22","date_gmt":"2022-04-27T10:46:22","guid":{"rendered":"https:\/\/www.emmentaler.ch\/kaeserei\/kaeserei-duerrenbuehl"},"modified":"2026-04-22T08:44:07","modified_gmt":"2026-04-22T06:44:07","slug":"kaeserei-duerrenbuehl","status":"publish","type":"dairy","link":"https:\/\/www.emmentaler.ch\/de\/kaeserei\/kaeserei-duerrenbuehl","title":{"rendered":"K\u00e4serei D\u00fcrrenb\u00fchl"},"author":2,"featured_media":13385,"menu_order":0,"template":"","meta":{"inline_featured_image":false},"tags":[774],"acf":{"dairy_cheeze_name":"K\u00e4serei D\u00fcrrenb\u00fchl","dairy_name":"Urs W\u00fcthrich","dairy_address_street":"D\u00fcrrenb\u00fchl","dairy_address_house_number":"","dairy_address_zipcode":"4954","dairy_address_city":"Wyssachen","dairy_phone":"062 966 11 63","dairy_mail":"urs.wuethrich@kaninchenzucht-wuethrich.ch","dairy_website":"","dairy_gmaps_lat":"47.0841409","dairy_gmaps_lng":"7.8249021","dairy_award_bio":false,"dairy_award_bergprodukt":false,"dairy_award_topten":false,"dairy_award_topten_year":"","dairy_award_worldchees":false,"dairy_awards":"","dairy_number":3258,"dairy_has_shop":["1"],"dairy_eliminated":false,"dairy_eliminated_text":"","dairy_lab_type":["tierisch"],"dairy_max_loafs_per_day":"","dairy_min_loafs_per_day":"5","dairy_brands":"Emmentaler AOP","dairy_dynamic_brands":[5193,5195,5221,5203,5357,5236,5241],"dairy_fact_1":"Hier stellt Urs W\u00fcthrich Emmentaler AOP her.","dairy_fact_2":"In traditioneller Handarbeit, 707 Meter \u00fcber dem Meer.","dairy_fact_3":"Aus 100% nat\u00fcrlicher Rohmilch aus der Region.","dairy_fact_4":"","dairy_fact_5":"","dairy_opening_hours":"","dairy_images_cheesemaker":[10676],"dairy_images_house":null,"dairy_images_process":null},"_links":{"self":[{"href":"https:\/\/www.emmentaler.ch\/de\/wp-json\/wp\/v2\/dairy\/18879"}],"collection":[{"href":"https:\/\/www.emmentaler.ch\/de\/wp-json\/wp\/v2\/dairy"}],"about":[{"href":"https:\/\/www.emmentaler.ch\/de\/wp-json\/wp\/v2\/types\/dairy"}],"author":[{"embeddable":true,"href":"https:\/\/www.emmentaler.ch\/de\/wp-json\/wp\/v2\/users\/2"}],"version-history":[{"count":5,"href":"https:\/\/www.emmentaler.ch\/de\/wp-json\/wp\/v2\/dairy\/18879\/revisions"}],"predecessor-version":[{"id":143485,"href":"https:\/\/www.emmentaler.ch\/de\/wp-json\/wp\/v2\/dairy\/18879\/revisions\/143485"}],"acf:attachment":[{"embeddable":true,"href":"https:\/\/www.emmentaler.ch\/de\/wp-json\/wp\/v2\/media\/10676"}],"acf:post":[{"embeddable":true,"href":"https:\/\/www.emmentaler.ch\/de\/wp-json\/wp\/v2\/pages\/5241"},{"embeddable":true,"href":"https:\/\/www.emmentaler.ch\/de\/wp-json\/wp\/v2\/pages\/5236"},{"embeddable":true,"href":"https:\/\/www.emmentaler.ch\/de\/wp-json\/wp\/v2\/pages\/5357"},{"embeddable":true,"href":"https:\/\/www.emmentaler.ch\/de\/wp-json\/wp\/v2\/pages\/5203"},{"embeddable":true,"href":"https:\/\/www.emmentaler.ch\/de\/wp-json\/wp\/v2\/pages\/5221"},{"embeddable":true,"href":"https:\/\/www.emmentaler.ch\/de\/wp-json\/wp\/v2\/pages\/5195"},{"embeddable":true,"href":"https:\/\/www.emmentaler.ch\/de\/wp-json\/wp\/v2\/pages\/5193"}],"wp:featuredmedia":[{"embeddable":true,"href":"https:\/\/www.emmentaler.ch\/de\/wp-json\/wp\/v2\/media\/13385"}],"wp:attachment":[{"href":"https:\/\/www.emmentaler.ch\/de\/wp-json\/wp\/v2\/media?parent=18879"}],"wp:term":[{"taxonomy":"post_tag","embeddable":true,"href":"https:\/\/www.emmentaler.ch\/de\/wp-json\/wp\/v2\/tags?post=18879"}],"curies":[{"name":"wp","href":"https:\/\/api.w.org\/{rel}","templated":true}]}}

Käserei Dürrenbühl

Urs Wüthrich

Dürrenbühl

Hier stellt Urs Wüthrich Emmentaler AOP her.

In traditioneller Handarbeit, 707 Meter über dem Meer.

Aus 100% natürlicher Rohmilch aus der Region.
