{"id":18894,"date":"2022-04-27T12:46:31","date_gmt":"2022-04-27T10:46:31","guid":{"rendered":"https:\/\/www.emmentaler.ch\/kaeserei\/kaeserei-dreien"},"modified":"2025-01-20T16:46:18","modified_gmt":"2025-01-20T15:46:18","slug":"kaeserei-dreien","status":"publish","type":"dairy","link":"https:\/\/www.emmentaler.ch\/de\/kaeserei\/kaeserei-dreien","title":{"rendered":"K\u00e4serei Dreien"},"author":2,"featured_media":13070,"menu_order":0,"template":"","meta":{"inline_featured_image":false},"tags":[774],"acf":{"dairy_cheeze_name":"K\u00e4serei Dreien","dairy_name":"Toni G\u00fcbeli","dairy_address_street":"M\u00fcselbachstrasse","dairy_address_house_number":"6","dairy_address_zipcode":"9612","dairy_address_city":"Dreien","dairy_phone":"071 983 16 14","dairy_mail":"info@guebeli-kaese.ch","dairy_website":"http:\/\/www.guebeli-kaese.ch","dairy_gmaps_lat":"47.373605","dairy_gmaps_lng":"9.0178518","dairy_award_bio":false,"dairy_award_bergprodukt":true,"dairy_award_topten":false,"dairy_award_topten_year":"","dairy_award_worldchees":false,"dairy_awards":"","dairy_number":3455,"dairy_has_shop":["1"],"dairy_eliminated":false,"dairy_eliminated_text":"","dairy_lab_type":["mikrobiell"],"dairy_max_loafs_per_day":"4","dairy_min_loafs_per_day":"3","dairy_brands":"Emmentaler AOP","dairy_dynamic_brands":[5193,5195,5221,5203,5357,5236,5241,5208,5213],"dairy_fact_1":"Hier stellt Toni G\u00fcbeli Emmentaler AOP her.","dairy_fact_2":"In traditioneller Handarbeit, 669 Meter \u00fcber dem Meer.","dairy_fact_3":"Aus 100% nat\u00fcrlicher Rohmilch aus der Region.","dairy_fact_4":"","dairy_fact_5":"","dairy_opening_hours":"","dairy_images_cheesemaker":[10991],"dairy_images_house":null,"dairy_images_process":null},"_links":{"self":[{"href":"https:\/\/www.emmentaler.ch\/de\/wp-json\/wp\/v2\/dairy\/18894"}],"collection":[{"href":"https:\/\/www.emmentaler.ch\/de\/wp-json\/wp\/v2\/dairy"}],"about":[{"href":"https:\/\/www.emmentaler.ch\/de\/wp-json\/wp\/v2\/types\/dairy"}],"author":[{"embeddable":true,"href":"https:\/\/www.emmentaler.ch\/de\/wp-json\/wp\/v2\/users\/2"}],"version-history":[{"count":1,"href":"https:\/\/www.emmentaler.ch\/de\/wp-json\/wp\/v2\/dairy\/18894\/revisions"}],"predecessor-version":[{"id":132042,"href":"https:\/\/www.emmentaler.ch\/de\/wp-json\/wp\/v2\/dairy\/18894\/revisions\/132042"}],"acf:attachment":[{"embeddable":true,"href":"https:\/\/www.emmentaler.ch\/de\/wp-json\/wp\/v2\/media\/10991"}],"acf:post":[{"embeddable":true,"href":"https:\/\/www.emmentaler.ch\/de\/wp-json\/wp\/v2\/pages\/5213"},{"embeddable":true,"href":"https:\/\/www.emmentaler.ch\/de\/wp-json\/wp\/v2\/pages\/5208"},{"embeddable":true,"href":"https:\/\/www.emmentaler.ch\/de\/wp-json\/wp\/v2\/pages\/5241"},{"embeddable":true,"href":"https:\/\/www.emmentaler.ch\/de\/wp-json\/wp\/v2\/pages\/5236"},{"embeddable":true,"href":"https:\/\/www.emmentaler.ch\/de\/wp-json\/wp\/v2\/pages\/5357"},{"embeddable":true,"href":"https:\/\/www.emmentaler.ch\/de\/wp-json\/wp\/v2\/pages\/5203"},{"embeddable":true,"href":"https:\/\/www.emmentaler.ch\/de\/wp-json\/wp\/v2\/pages\/5221"},{"embeddable":true,"href":"https:\/\/www.emmentaler.ch\/de\/wp-json\/wp\/v2\/pages\/5195"},{"embeddable":true,"href":"https:\/\/www.emmentaler.ch\/de\/wp-json\/wp\/v2\/pages\/5193"}],"wp:featuredmedia":[{"embeddable":true,"href":"https:\/\/www.emmentaler.ch\/de\/wp-json\/wp\/v2\/media\/13070"}],"wp:attachment":[{"href":"https:\/\/www.emmentaler.ch\/de\/wp-json\/wp\/v2\/media?parent=18894"}],"wp:term":[{"taxonomy":"post_tag","embeddable":true,"href":"https:\/\/www.emmentaler.ch\/de\/wp-json\/wp\/v2\/tags?post=18894"}],"curies":[{"name":"wp","href":"https:\/\/api.w.org\/{rel}","templated":true}]}}

Käserei Dreien

Toni Gübeli

Müselbachstrasse

Hier stellt Toni Gübeli Emmentaler AOP her.

In traditioneller Handarbeit, 669 Meter über dem Meer.

Aus 100% natürlicher Rohmilch aus der Region.
