{"id":18916,"date":"2022-04-27T12:46:43","date_gmt":"2022-04-27T10:46:43","guid":{"rendered":"https:\/\/www.emmentaler.ch\/kaeserei\/kaeserei-bramegg"},"modified":"2026-04-24T10:29:13","modified_gmt":"2026-04-24T08:29:13","slug":"kaeserei-bramegg","status":"publish","type":"dairy","link":"https:\/\/www.emmentaler.ch\/de\/kaeserei\/kaeserei-bramegg","title":{"rendered":"K\u00e4serei Bramegg"},"author":2,"featured_media":133657,"menu_order":0,"template":"","meta":{"inline_featured_image":false},"tags":[774],"acf":{"dairy_cheeze_name":"K\u00e4serei Bramegg","dairy_name":"Roman Zemp","dairy_address_street":"Rengg","dairy_address_house_number":"","dairy_address_zipcode":"6162","dairy_address_city":"Rengg","dairy_phone":"041 480 08 70","dairy_mail":"roman.zemp@bluewin.ch","dairy_website":"","dairy_gmaps_lat":"47.0038","dairy_gmaps_lng":"8.0908","dairy_award_bio":false,"dairy_award_bergprodukt":true,"dairy_award_topten":true,"dairy_award_topten_year":"2025","dairy_award_worldchees":false,"dairy_awards":"","dairy_number":3642,"dairy_has_shop":"","dairy_eliminated":false,"dairy_eliminated_text":"","dairy_lab_type":["mikrobiell"],"dairy_max_loafs_per_day":"","dairy_min_loafs_per_day":"5","dairy_brands":"Emmentaler AOP","dairy_dynamic_brands":[5193,5195,5221,5203,5357,5236,5241],"dairy_fact_1":"Hier stellt Roman Zemp Emmentaler AOP her.","dairy_fact_2":"In traditioneller Handarbeit, 959 Meter \u00fcber dem Meer.","dairy_fact_3":"Aus 100% nat\u00fcrlicher Rohmilch aus der Region.","dairy_fact_4":"Ausgezeichnet f\u00fcr Spitzenqualit\u00e4t als \u00abTop 5 Emmentaler AOP K\u00e4serei 2025\u00bb.","dairy_fact_5":"","dairy_opening_hours":"","dairy_images_cheesemaker":[11509,133647,133652],"dairy_images_house":null,"dairy_images_process":null},"_links":{"self":[{"href":"https:\/\/www.emmentaler.ch\/de\/wp-json\/wp\/v2\/dairy\/18916"}],"collection":[{"href":"https:\/\/www.emmentaler.ch\/de\/wp-json\/wp\/v2\/dairy"}],"about":[{"href":"https:\/\/www.emmentaler.ch\/de\/wp-json\/wp\/v2\/types\/dairy"}],"author":[{"embeddable":true,"href":"https:\/\/www.emmentaler.ch\/de\/wp-json\/wp\/v2\/users\/2"}],"version-history":[{"count":7,"href":"https:\/\/www.emmentaler.ch\/de\/wp-json\/wp\/v2\/dairy\/18916\/revisions"}],"predecessor-version":[{"id":143592,"href":"https:\/\/www.emmentaler.ch\/de\/wp-json\/wp\/v2\/dairy\/18916\/revisions\/143592"}],"acf:attachment":[{"embeddable":true,"href":"https:\/\/www.emmentaler.ch\/de\/wp-json\/wp\/v2\/media\/133652"},{"embeddable":true,"href":"https:\/\/www.emmentaler.ch\/de\/wp-json\/wp\/v2\/media\/133647"},{"embeddable":true,"href":"https:\/\/www.emmentaler.ch\/de\/wp-json\/wp\/v2\/media\/11509"}],"acf:post":[{"embeddable":true,"href":"https:\/\/www.emmentaler.ch\/de\/wp-json\/wp\/v2\/pages\/5241"},{"embeddable":true,"href":"https:\/\/www.emmentaler.ch\/de\/wp-json\/wp\/v2\/pages\/5236"},{"embeddable":true,"href":"https:\/\/www.emmentaler.ch\/de\/wp-json\/wp\/v2\/pages\/5357"},{"embeddable":true,"href":"https:\/\/www.emmentaler.ch\/de\/wp-json\/wp\/v2\/pages\/5203"},{"embeddable":true,"href":"https:\/\/www.emmentaler.ch\/de\/wp-json\/wp\/v2\/pages\/5221"},{"embeddable":true,"href":"https:\/\/www.emmentaler.ch\/de\/wp-json\/wp\/v2\/pages\/5195"},{"embeddable":true,"href":"https:\/\/www.emmentaler.ch\/de\/wp-json\/wp\/v2\/pages\/5193"}],"wp:featuredmedia":[{"embeddable":true,"href":"https:\/\/www.emmentaler.ch\/de\/wp-json\/wp\/v2\/media\/133657"}],"wp:attachment":[{"href":"https:\/\/www.emmentaler.ch\/de\/wp-json\/wp\/v2\/media?parent=18916"}],"wp:term":[{"taxonomy":"post_tag","embeddable":true,"href":"https:\/\/www.emmentaler.ch\/de\/wp-json\/wp\/v2\/tags?post=18916"}],"curies":[{"name":"wp","href":"https:\/\/api.w.org\/{rel}","templated":true}]}}

Käserei Bramegg

In traditioneller Handarbeit, 959 Meter über dem Meer.

Aus 100% natürlicher Rohmilch aus der Region.

Ausgezeichnet für Spitzenqualität als «Top 5 Emmentaler AOP Käserei 2025».
