{"id":18917,"date":"2022-04-27T12:46:43","date_gmt":"2022-04-27T10:46:43","guid":{"rendered":"https:\/\/www.emmentaler.ch\/kaeserei\/kaeserei-kleinstein"},"modified":"2026-04-22T08:52:03","modified_gmt":"2026-04-22T06:52:03","slug":"kaeserei-kleinstein","status":"publish","type":"dairy","link":"https:\/\/www.emmentaler.ch\/de\/kaeserei\/kaeserei-kleinstein","title":{"rendered":"K\u00e4serei Kleinstein"},"author":2,"featured_media":142695,"menu_order":0,"template":"","meta":{"inline_featured_image":false},"tags":[774],"acf":{"dairy_cheeze_name":"K\u00e4serei Kleinstein","dairy_name":"Silvio Sch\u00f6pfer","dairy_address_street":"Kleinstein","dairy_address_house_number":"5","dairy_address_zipcode":"6106","dairy_address_city":"Werthenstein","dairy_phone":"041 490 23 31","dairy_mail":"info@kaeserei-kleinstein.ch","dairy_website":"https:\/\/www.kaeserei-kleinstein.ch","dairy_gmaps_lat":"47.0458573","dairy_gmaps_lng":"8.0977766","dairy_award_bio":false,"dairy_award_bergprodukt":false,"dairy_award_topten":false,"dairy_award_topten_year":"","dairy_award_worldchees":true,"dairy_awards":"Swiss Cheese Awards 2024, Bern\/Lugano","dairy_number":3648,"dairy_has_shop":"","dairy_eliminated":false,"dairy_eliminated_text":"","dairy_lab_type":["mikrobiell"],"dairy_max_loafs_per_day":"","dairy_min_loafs_per_day":"3","dairy_brands":"Emmentaler AOP","dairy_dynamic_brands":[5193,5195,5221,5203,5357,5236,5241],"dairy_fact_1":"Hier stellen Albert und Silvio Sch\u00f6pfer Emmentaler AOP her.","dairy_fact_2":"In traditioneller Handarbeit, 773 Meter \u00fcber dem Meer.","dairy_fact_3":"Aus 100% nat\u00fcrlicher Rohmilch aus der Region.","dairy_fact_4":"","dairy_fact_5":"","dairy_opening_hours":"","dairy_images_cheesemaker":[11520],"dairy_images_house":null,"dairy_images_process":null},"_links":{"self":[{"href":"https:\/\/www.emmentaler.ch\/de\/wp-json\/wp\/v2\/dairy\/18917"}],"collection":[{"href":"https:\/\/www.emmentaler.ch\/de\/wp-json\/wp\/v2\/dairy"}],"about":[{"href":"https:\/\/www.emmentaler.ch\/de\/wp-json\/wp\/v2\/types\/dairy"}],"author":[{"embeddable":true,"href":"https:\/\/www.emmentaler.ch\/de\/wp-json\/wp\/v2\/users\/2"}],"version-history":[{"count":7,"href":"https:\/\/www.emmentaler.ch\/de\/wp-json\/wp\/v2\/dairy\/18917\/revisions"}],"predecessor-version":[{"id":143503,"href":"https:\/\/www.emmentaler.ch\/de\/wp-json\/wp\/v2\/dairy\/18917\/revisions\/143503"}],"acf:attachment":[{"embeddable":true,"href":"https:\/\/www.emmentaler.ch\/de\/wp-json\/wp\/v2\/media\/11520"}],"acf:post":[{"embeddable":true,"href":"https:\/\/www.emmentaler.ch\/de\/wp-json\/wp\/v2\/pages\/5241"},{"embeddable":true,"href":"https:\/\/www.emmentaler.ch\/de\/wp-json\/wp\/v2\/pages\/5236"},{"embeddable":true,"href":"https:\/\/www.emmentaler.ch\/de\/wp-json\/wp\/v2\/pages\/5357"},{"embeddable":true,"href":"https:\/\/www.emmentaler.ch\/de\/wp-json\/wp\/v2\/pages\/5203"},{"embeddable":true,"href":"https:\/\/www.emmentaler.ch\/de\/wp-json\/wp\/v2\/pages\/5221"},{"embeddable":true,"href":"https:\/\/www.emmentaler.ch\/de\/wp-json\/wp\/v2\/pages\/5195"},{"embeddable":true,"href":"https:\/\/www.emmentaler.ch\/de\/wp-json\/wp\/v2\/pages\/5193"}],"wp:featuredmedia":[{"embeddable":true,"href":"https:\/\/www.emmentaler.ch\/de\/wp-json\/wp\/v2\/media\/142695"}],"wp:attachment":[{"href":"https:\/\/www.emmentaler.ch\/de\/wp-json\/wp\/v2\/media?parent=18917"}],"wp:term":[{"taxonomy":"post_tag","embeddable":true,"href":"https:\/\/www.emmentaler.ch\/de\/wp-json\/wp\/v2\/tags?post=18917"}],"curies":[{"name":"wp","href":"https:\/\/api.w.org\/{rel}","templated":true}]}}

Käserei Kleinstein

Silvio Schöpfer

Hier stellen Albert und Silvio Schöpfer Emmentaler AOP her.

In traditioneller Handarbeit, 773 Meter über dem Meer.

Aus 100% natürlicher Rohmilch aus der Region.
