{"id":18934,"date":"2022-04-27T12:46:50","date_gmt":"2022-04-27T10:46:50","guid":{"rendered":"https:\/\/www.emmentaler.ch\/kaeserei\/kaeserei-winon"},"modified":"2025-01-20T16:06:40","modified_gmt":"2025-01-20T15:06:40","slug":"kaeserei-winon","status":"publish","type":"dairy","link":"https:\/\/www.emmentaler.ch\/de\/kaeserei\/kaeserei-winon","title":{"rendered":"K\u00e4serei Winon"},"author":2,"featured_media":12243,"menu_order":0,"template":"","meta":{"inline_featured_image":false},"tags":[774],"acf":{"dairy_cheeze_name":"K\u00e4serei Winon","dairy_name":"Roman Bucher","dairy_address_street":"Berom\u00fcnster","dairy_address_house_number":"","dairy_address_zipcode":"6215","dairy_address_city":"Berom\u00fcnster","dairy_phone":"041 930 15 43","dairy_mail":"r.bucher.winon@hotmail.com","dairy_website":"","dairy_gmaps_lat":"47.2064459","dairy_gmaps_lng":"8.1916446","dairy_award_bio":false,"dairy_award_bergprodukt":false,"dairy_award_topten":false,"dairy_award_topten_year":"","dairy_award_worldchees":false,"dairy_awards":"","dairy_number":3736,"dairy_has_shop":["1"],"dairy_eliminated":false,"dairy_eliminated_text":"","dairy_lab_type":["mikrobiell"],"dairy_max_loafs_per_day":"","dairy_min_loafs_per_day":"4","dairy_brands":"Emmentaler AOP","dairy_dynamic_brands":[5193,5195,5221,5203,5357,5236,5241],"dairy_fact_1":"Hier stellt Roman Bucher Emmentaler AOP her.","dairy_fact_2":"In traditioneller Handarbeit, 642 Meter \u00fcber dem Meer.","dairy_fact_3":"Aus 100% nat\u00fcrlicher Rohmilch aus der Region.","dairy_fact_4":"","dairy_fact_5":"","dairy_opening_hours":"","dairy_images_cheesemaker":[11824],"dairy_images_house":null,"dairy_images_process":null},"_links":{"self":[{"href":"https:\/\/www.emmentaler.ch\/de\/wp-json\/wp\/v2\/dairy\/18934"}],"collection":[{"href":"https:\/\/www.emmentaler.ch\/de\/wp-json\/wp\/v2\/dairy"}],"about":[{"href":"https:\/\/www.emmentaler.ch\/de\/wp-json\/wp\/v2\/types\/dairy"}],"author":[{"embeddable":true,"href":"https:\/\/www.emmentaler.ch\/de\/wp-json\/wp\/v2\/users\/2"}],"version-history":[{"count":3,"href":"https:\/\/www.emmentaler.ch\/de\/wp-json\/wp\/v2\/dairy\/18934\/revisions"}],"predecessor-version":[{"id":139065,"href":"https:\/\/www.emmentaler.ch\/de\/wp-json\/wp\/v2\/dairy\/18934\/revisions\/139065"}],"acf:attachment":[{"embeddable":true,"href":"https:\/\/www.emmentaler.ch\/de\/wp-json\/wp\/v2\/media\/11824"}],"acf:post":[{"embeddable":true,"href":"https:\/\/www.emmentaler.ch\/de\/wp-json\/wp\/v2\/pages\/5241"},{"embeddable":true,"href":"https:\/\/www.emmentaler.ch\/de\/wp-json\/wp\/v2\/pages\/5236"},{"embeddable":true,"href":"https:\/\/www.emmentaler.ch\/de\/wp-json\/wp\/v2\/pages\/5357"},{"embeddable":true,"href":"https:\/\/www.emmentaler.ch\/de\/wp-json\/wp\/v2\/pages\/5203"},{"embeddable":true,"href":"https:\/\/www.emmentaler.ch\/de\/wp-json\/wp\/v2\/pages\/5221"},{"embeddable":true,"href":"https:\/\/www.emmentaler.ch\/de\/wp-json\/wp\/v2\/pages\/5195"},{"embeddable":true,"href":"https:\/\/www.emmentaler.ch\/de\/wp-json\/wp\/v2\/pages\/5193"}],"wp:featuredmedia":[{"embeddable":true,"href":"https:\/\/www.emmentaler.ch\/de\/wp-json\/wp\/v2\/media\/12243"}],"wp:attachment":[{"href":"https:\/\/www.emmentaler.ch\/de\/wp-json\/wp\/v2\/media?parent=18934"}],"wp:term":[{"taxonomy":"post_tag","embeddable":true,"href":"https:\/\/www.emmentaler.ch\/de\/wp-json\/wp\/v2\/tags?post=18934"}],"curies":[{"name":"wp","href":"https:\/\/api.w.org\/{rel}","templated":true}]}}

Käserei Winon

Beromünster

In traditioneller Handarbeit, 642 Meter über dem Meer.

Aus 100% natürlicher Rohmilch aus der Region.
