{"id":128539,"date":"2023-06-08T16:39:45","date_gmt":"2023-06-08T14:39:45","guid":{"rendered":"https:\/\/www.emmentaler.ch\/?post_type=recipes&#038;p=128539"},"modified":"2023-06-12T14:31:51","modified_gmt":"2023-06-12T12:31:51","slug":"churros-mit-emmentaler-aop","status":"publish","type":"recipes","link":"https:\/\/www.emmentaler.ch\/de\/rezept\/churros-mit-emmentaler-aop","title":{"rendered":"Churros mit Emmentaler AOP"},"author":6,"featured_media":128173,"menu_order":0,"template":"","meta":{"inline_featured_image":false},"tags":[],"recipe_categories":[89],"et_countries":[],"recipe_main_ingredient":[],"recipe_difficulty":[127],"recipe_preparation_time":[161],"recipe_diet_type":[132],"recipe_saison":[142,143],"acf":{"recipe_preparation_time":161,"recipe_categories":89,"recipe_time_txt":"","recipe_type":5193,"recipe_difficulty":127,"recipe_diet_type":[132],"recipe_main_ingredient":false,"recipe_saison":[142,143],"recipe_count_portions":4,"recipe_ingedients":[{"recipe_ingedients_amount":"","recipe_ingedients_unit":"g","recipe_ingedients_product":""}],"temporare_zutaten":"<strong>F\u00fcr 250 Gramm Churros-Teig mit Emmentaler AOP\r\n<span style=\"color: #c8a078\">\u25b6\ufe0e\u00a0<\/span><\/strong>125 ml Wasser\r\n<span style=\"color: #c8a078\">\u25b6\ufe0e\u00a0<\/span>50 g Butter\r\n<span style=\"color: #c8a078\">\u25b6\ufe0e\u00a0<\/span>75 g Mehl\r\n<span style=\"color: #c8a078\">\u25b6\ufe0e\u00a0<\/span>100 g Emmentaler AOP Classic\r\n<span style=\"color: #c8a078\">\u25b6\ufe0e\u00a0<\/span>2 Eier\r\n<span style=\"color: #c8a078\">\u25b6\ufe0e\u00a0<\/span>2 g Salz\r\n<span style=\"color: #c8a078\">\u25b6\ufe0e\u00a0<\/span>5 g schwarzer Sesam\r\n\r\n<strong>Sauce mit Emmentaler AOP\r\n<span style=\"color: #c8a078\">\u25b6\ufe0e\u00a0<\/span><\/strong>100 g Emmentaler AOP\r\n<span style=\"color: #c8a078\">\u25b6\ufe0e\u00a0<\/span>20 cl Rahm\r\n<span style=\"color: #c8a078\">\u25b6\ufe0e <\/span>20 g Butter\r\n<span style=\"color: #c8a078\">\u25b6\ufe0e\u00a0<\/span>1 Eigelb\r\n<span style=\"color: #c8a078\">\u25b6\ufe0e\u00a0<\/span>1 Muskatnuss\r\n<span style=\"color: #c8a078\">\u25b6\ufe0e\u00a0<\/span>einige Prisen Salz und Pfeffer","recipe_preparation":"<strong>F\u00fcr 250 Gramm Churros-Teig mit Emmentaler AOP<\/strong>\r\n<ul>\r\n \t<li>Wasser, Butter und Salz zum Kochen bringen.<\/li>\r\n \t<li>Vom Herd nehmen, das Mehl hinzuf\u00fcgen und mit einem Teigschaber kr\u00e4ftig verr\u00fchren.<\/li>\r\n \t<li>Wieder auf die Herdplatte stellen und den Teig bei schwacher Hitze 3\u00a0Minuten trocknen.<\/li>\r\n \t<li>Vom Herd nehmen, den Teig in eine Sch\u00fcssel geben und die Eier, den Emmentaler\u00a0AOP und die schwarzen Sesamk\u00f6rner hinzuf\u00fcgen.<\/li>\r\n \t<li>Den Teig in einen Spritzbeutel geben, \u00fcber der Fritteuse (150\u00a0Grad) entsprechend der gew\u00fcnschten L\u00e4nge formen und etwa 2\u00a0Minuten frittieren, bis die Churros goldbraun sind.<\/li>\r\n<\/ul>\r\n\u00a0\r\n\r\n<strong>Sauce mit Emmentaler AOP<\/strong>\r\n<ul>\r\n \t<li>Den Emmentaler AOP reiben.<\/li>\r\n \t<li>Die Butter in einem Topf bei schwacher Hitze schmelzen lassen. Den Rahm hinzugeben.<\/li>\r\n \t<li>Sobald er heiss ist, den geriebenen K\u00e4se dazugeben.<\/li>\r\n \t<li>Bei schwacher Hitze etwa 7 Minuten unter regelm\u00e4ssigem R\u00fchren k\u00f6cheln lassen, bis die Sauce glatt ist.<\/li>\r\n \t<li>Von der Herdplatte nehmen und das Eigelb hinzuf\u00fcgen, um die Sauce zu verdicken. Mit 2 Prisen Muskatnuss w\u00fcrzen. Zum Schluss mit Salz und der gew\u00fcnschten Menge Pfeffer abschmecken. Alles gut verr\u00fchren.<\/li>\r\n \t<li>Die Sauce mit Emmentaler AOP heiss servieren, wenn sie noch auf der Zunge zergeht, und f\u00fcr Ihre Churros als Dip verwenden.<\/li>\r\n<\/ul>","recipe_images":[128163,128173]},"_links":{"self":[{"href":"https:\/\/www.emmentaler.ch\/de\/wp-json\/wp\/v2\/recipes\/128539"}],"collection":[{"href":"https:\/\/www.emmentaler.ch\/de\/wp-json\/wp\/v2\/recipes"}],"about":[{"href":"https:\/\/www.emmentaler.ch\/de\/wp-json\/wp\/v2\/types\/recipes"}],"author":[{"embeddable":true,"href":"https:\/\/www.emmentaler.ch\/de\/wp-json\/wp\/v2\/users\/6"}],"version-history":[{"count":0,"href":"https:\/\/www.emmentaler.ch\/de\/wp-json\/wp\/v2\/recipes\/128539\/revisions"}],"acf:attachment":[{"embeddable":true,"href":"https:\/\/www.emmentaler.ch\/de\/wp-json\/wp\/v2\/media\/128173"},{"embeddable":true,"href":"https:\/\/www.emmentaler.ch\/de\/wp-json\/wp\/v2\/media\/128163"}],"acf:term":[{"embeddable":true,"taxonomy":"recipe_saison","href":"https:\/\/www.emmentaler.ch\/de\/wp-json\/wp\/v2\/recipe_saison\/143"},{"embeddable":true,"taxonomy":"recipe_saison","href":"https:\/\/www.emmentaler.ch\/de\/wp-json\/wp\/v2\/recipe_saison\/142"},{"embeddable":true,"taxonomy":"recipe_diet_type","href":"https:\/\/www.emmentaler.ch\/de\/wp-json\/wp\/v2\/recipe_diet_type\/132"},{"embeddable":true,"taxonomy":"recipe_difficulty","href":"https:\/\/www.emmentaler.ch\/de\/wp-json\/wp\/v2\/recipe_difficulty\/127"},{"embeddable":true,"taxonomy":"recipe_categories","href":"https:\/\/www.emmentaler.ch\/de\/wp-json\/wp\/v2\/recipe_categories\/89"},{"embeddable":true,"taxonomy":"recipe_preparation_time","href":"https:\/\/www.emmentaler.ch\/de\/wp-json\/wp\/v2\/recipe_preparation_time\/161"}],"acf:post":[{"embeddable":true,"href":"https:\/\/www.emmentaler.ch\/de\/wp-json\/wp\/v2\/pages\/5193"}],"wp:featuredmedia":[{"embeddable":true,"href":"https:\/\/www.emmentaler.ch\/de\/wp-json\/wp\/v2\/media\/128173"}],"wp:attachment":[{"href":"https:\/\/www.emmentaler.ch\/de\/wp-json\/wp\/v2\/media?parent=128539"}],"wp:term":[{"taxonomy":"post_tag","embeddable":true,"href":"https:\/\/www.emmentaler.ch\/de\/wp-json\/wp\/v2\/tags?post=128539"},{"taxonomy":"recipe_categories","embeddable":true,"href":"https:\/\/www.emmentaler.ch\/de\/wp-json\/wp\/v2\/recipe_categories?post=128539"},{"taxonomy":"et_countries","embeddable":true,"href":"https:\/\/www.emmentaler.ch\/de\/wp-json\/wp\/v2\/et_countries?post=128539"},{"taxonomy":"recipe_main_ingredient","embeddable":true,"href":"https:\/\/www.emmentaler.ch\/de\/wp-json\/wp\/v2\/recipe_main_ingredient?post=128539"},{"taxonomy":"recipe_difficulty","embeddable":true,"href":"https:\/\/www.emmentaler.ch\/de\/wp-json\/wp\/v2\/recipe_difficulty?post=128539"},{"taxonomy":"recipe_preparation_time","embeddable":true,"href":"https:\/\/www.emmentaler.ch\/de\/wp-json\/wp\/v2\/recipe_preparation_time?post=128539"},{"taxonomy":"recipe_diet_type","embeddable":true,"href":"https:\/\/www.emmentaler.ch\/de\/wp-json\/wp\/v2\/recipe_diet_type?post=128539"},{"taxonomy":"recipe_saison","embeddable":true,"href":"https:\/\/www.emmentaler.ch\/de\/wp-json\/wp\/v2\/recipe_saison?post=128539"}],"curies":[{"name":"wp","href":"https:\/\/api.w.org\/{rel}","templated":true}]}}

<strong>Für 250 Gramm Churros-Teig mit Emmentaler AOP
<span style="color: #c8a078">▶︎ </span></strong>125 ml Wasser
<span style="color: #c8a078">▶︎ </span>50 g Butter
<span style="color: #c8a078">▶︎ </span>75 g Mehl
<span style="color: #c8a078">▶︎ </span>100 g Emmentaler AOP Classic
<span style="color: #c8a078">▶︎ </span>2 Eier
<span style="color: #c8a078">▶︎ </span>2 g Salz
<span style="color: #c8a078">▶︎ </span>5 g schwarzer Sesam

<strong>Sauce mit Emmentaler AOP
<span style="color: #c8a078">▶︎ </span></strong>100 g Emmentaler AOP
<span style="color: #c8a078">▶︎ </span>20 cl Rahm
<span style="color: #c8a078">▶︎ </span>20 g Butter
<span style="color: #c8a078">▶︎ </span>1 Eigelb
<span style="color: #c8a078">▶︎ </span>1 Muskatnuss
<span style="color: #c8a078">▶︎ </span>einige Prisen Salz und Pfeffer

<strong>Für 250 Gramm Churros-Teig mit Emmentaler AOP</strong>
<ul>
 	<li>Wasser, Butter und Salz zum Kochen bringen.</li>
 	<li>Vom Herd nehmen, das Mehl hinzufügen und mit einem Teigschaber kräftig verrühren.</li>
 	<li>Wieder auf die Herdplatte stellen und den Teig bei schwacher Hitze 3 Minuten trocknen.</li>
 	<li>Vom Herd nehmen, den Teig in eine Schüssel geben und die Eier, den Emmentaler AOP und die schwarzen Sesamkörner hinzufügen.</li>
 	<li>Den Teig in einen Spritzbeutel geben, über der Fritteuse (150 Grad) entsprechend der gewünschten Länge formen und etwa 2 Minuten frittieren, bis die Churros goldbraun sind.</li>
</ul>
 

<strong>Sauce mit Emmentaler AOP</strong>
<ul>
 	<li>Den Emmentaler AOP reiben.</li>
 	<li>Die Butter in einem Topf bei schwacher Hitze schmelzen lassen. Den Rahm hinzugeben.</li>
 	<li>Sobald er heiss ist, den geriebenen Käse dazugeben.</li>
 	<li>Bei schwacher Hitze etwa 7 Minuten unter regelmässigem Rühren köcheln lassen, bis die Sauce glatt ist.</li>
 	<li>Von der Herdplatte nehmen und das Eigelb hinzufügen, um die Sauce zu verdicken. Mit 2 Prisen Muskatnuss würzen. Zum Schluss mit Salz und der gewünschten Menge Pfeffer abschmecken. Alles gut verrühren.</li>
 	<li>Die Sauce mit Emmentaler AOP heiss servieren, wenn sie noch auf der Zunge zergeht, und für Ihre Churros als Dip verwenden.</li>
</ul>
