{"id":128547,"date":"2023-06-08T16:40:20","date_gmt":"2023-06-08T14:40:20","guid":{"rendered":"https:\/\/www.emmentaler.ch\/rezept\/waffel-mit-emmentaler-aop"},"modified":"2024-07-24T13:24:23","modified_gmt":"2024-07-24T11:24:23","slug":"waffel-mit-emmentaler-aop","status":"publish","type":"recipes","link":"https:\/\/www.emmentaler.ch\/de\/rezept\/waffel-mit-emmentaler-aop","title":{"rendered":"Waffeln mit Emmentaler AOP"},"author":6,"featured_media":128184,"menu_order":0,"template":"","meta":{"inline_featured_image":false},"tags":[],"recipe_categories":[89],"et_countries":[],"recipe_main_ingredient":[],"recipe_difficulty":[125],"recipe_preparation_time":[171],"recipe_diet_type":[132],"recipe_saison":[142,143],"acf":{"recipe_preparation_time":171,"recipe_categories":89,"recipe_time_txt":"","recipe_type":5193,"recipe_difficulty":125,"recipe_diet_type":[132],"recipe_main_ingredient":false,"recipe_saison":[142,143],"recipe_count_portions":4,"recipe_ingedients":[{"recipe_ingedients_amount":"65","recipe_ingedients_unit":"g","recipe_ingedients_product":"Mehl"},{"recipe_ingedients_amount":"2.5","recipe_ingedients_unit":"g","recipe_ingedients_product":"frische Hefe"},{"recipe_ingedients_amount":"85","recipe_ingedients_unit":"g","recipe_ingedients_product":"lauwarme Milch"},{"recipe_ingedients_amount":"1","recipe_ingedients_unit":"St\u00fcck","recipe_ingedients_product":"Eier, Eiweiss und Eigelb getrennt"},{"recipe_ingedients_amount":"0.25","recipe_ingedients_unit":"El","recipe_ingedients_product":"geh\u00e4ufter Essl\u00f6ffel Honig"},{"recipe_ingedients_amount":".25","recipe_ingedients_unit":"Tl","recipe_ingedients_product":"Salz, gestrichener Teel\u00f6ffel "},{"recipe_ingedients_amount":"20","recipe_ingedients_unit":"g","recipe_ingedients_product":"geschmolzene Butter"},{"recipe_ingedients_amount":"50","recipe_ingedients_unit":"g","recipe_ingedients_product":"Emmentaler AOP "},{"recipe_ingedients_amount":"","recipe_ingedients_unit":"Bedarf","recipe_ingedients_product":"Pfeffer, Muskat"}],"temporare_zutaten":"","recipe_preparation":"<ul>\r\n \t<li>Eine Mulde in das Mehl dr\u00fccken, die Hefe in die Mitte br\u00f6seln und alles mit etwas lauwarmer Milch verr\u00fchren.<\/li>\r\n \t<li>Die Masse mit so viel Mehl vermischen, dass ein weicher Teig entsteht und diesen 15 Minuten ruhen lassen.<\/li>\r\n \t<li>Anschliessend die restliche Milch, das Mehl und alle Zutaten \u2013 bis auf den K\u00e4se und den Eischnee \u2013 hinzugeben.<\/li>\r\n \t<li>Den Teig mindestens 2 Stunden an einem warmen Ort aufgehen lassen.<\/li>\r\n \t<li>Den Eischnee und den Emmentaler AOP unterheben.<\/li>\r\n \t<li>Den Teig in einem heissen Waffeleisen backen.<\/li>\r\n<\/ul>","recipe_images":[128194,128189,128184]},"_links":{"self":[{"href":"https:\/\/www.emmentaler.ch\/de\/wp-json\/wp\/v2\/recipes\/128547"}],"collection":[{"href":"https:\/\/www.emmentaler.ch\/de\/wp-json\/wp\/v2\/recipes"}],"about":[{"href":"https:\/\/www.emmentaler.ch\/de\/wp-json\/wp\/v2\/types\/recipes"}],"author":[{"embeddable":true,"href":"https:\/\/www.emmentaler.ch\/de\/wp-json\/wp\/v2\/users\/6"}],"version-history":[{"count":1,"href":"https:\/\/www.emmentaler.ch\/de\/wp-json\/wp\/v2\/recipes\/128547\/revisions"}],"predecessor-version":[{"id":137775,"href":"https:\/\/www.emmentaler.ch\/de\/wp-json\/wp\/v2\/recipes\/128547\/revisions\/137775"}],"acf:attachment":[{"embeddable":true,"href":"https:\/\/www.emmentaler.ch\/de\/wp-json\/wp\/v2\/media\/128184"},{"embeddable":true,"href":"https:\/\/www.emmentaler.ch\/de\/wp-json\/wp\/v2\/media\/128189"},{"embeddable":true,"href":"https:\/\/www.emmentaler.ch\/de\/wp-json\/wp\/v2\/media\/128194"}],"acf:term":[{"embeddable":true,"taxonomy":"recipe_saison","href":"https:\/\/www.emmentaler.ch\/de\/wp-json\/wp\/v2\/recipe_saison\/143"},{"embeddable":true,"taxonomy":"recipe_saison","href":"https:\/\/www.emmentaler.ch\/de\/wp-json\/wp\/v2\/recipe_saison\/142"},{"embeddable":true,"taxonomy":"recipe_diet_type","href":"https:\/\/www.emmentaler.ch\/de\/wp-json\/wp\/v2\/recipe_diet_type\/132"},{"embeddable":true,"taxonomy":"recipe_difficulty","href":"https:\/\/www.emmentaler.ch\/de\/wp-json\/wp\/v2\/recipe_difficulty\/125"},{"embeddable":true,"taxonomy":"recipe_categories","href":"https:\/\/www.emmentaler.ch\/de\/wp-json\/wp\/v2\/recipe_categories\/89"},{"embeddable":true,"taxonomy":"recipe_preparation_time","href":"https:\/\/www.emmentaler.ch\/de\/wp-json\/wp\/v2\/recipe_preparation_time\/171"}],"acf:post":[{"embeddable":true,"href":"https:\/\/www.emmentaler.ch\/de\/wp-json\/wp\/v2\/pages\/5193"}],"wp:featuredmedia":[{"embeddable":true,"href":"https:\/\/www.emmentaler.ch\/de\/wp-json\/wp\/v2\/media\/128184"}],"wp:attachment":[{"href":"https:\/\/www.emmentaler.ch\/de\/wp-json\/wp\/v2\/media?parent=128547"}],"wp:term":[{"taxonomy":"post_tag","embeddable":true,"href":"https:\/\/www.emmentaler.ch\/de\/wp-json\/wp\/v2\/tags?post=128547"},{"taxonomy":"recipe_categories","embeddable":true,"href":"https:\/\/www.emmentaler.ch\/de\/wp-json\/wp\/v2\/recipe_categories?post=128547"},{"taxonomy":"et_countries","embeddable":true,"href":"https:\/\/www.emmentaler.ch\/de\/wp-json\/wp\/v2\/et_countries?post=128547"},{"taxonomy":"recipe_main_ingredient","embeddable":true,"href":"https:\/\/www.emmentaler.ch\/de\/wp-json\/wp\/v2\/recipe_main_ingredient?post=128547"},{"taxonomy":"recipe_difficulty","embeddable":true,"href":"https:\/\/www.emmentaler.ch\/de\/wp-json\/wp\/v2\/recipe_difficulty?post=128547"},{"taxonomy":"recipe_preparation_time","embeddable":true,"href":"https:\/\/www.emmentaler.ch\/de\/wp-json\/wp\/v2\/recipe_preparation_time?post=128547"},{"taxonomy":"recipe_diet_type","embeddable":true,"href":"https:\/\/www.emmentaler.ch\/de\/wp-json\/wp\/v2\/recipe_diet_type?post=128547"},{"taxonomy":"recipe_saison","embeddable":true,"href":"https:\/\/www.emmentaler.ch\/de\/wp-json\/wp\/v2\/recipe_saison?post=128547"}],"curies":[{"name":"wp","href":"https:\/\/api.w.org\/{rel}","templated":true}]}}

Stück

gehäufter Esslöffel Honig

Salz, gestrichener Teelöffel

<ul>
 	<li>Eine Mulde in das Mehl drücken, die Hefe in die Mitte bröseln und alles mit etwas lauwarmer Milch verrühren.</li>
 	<li>Die Masse mit so viel Mehl vermischen, dass ein weicher Teig entsteht und diesen 15 Minuten ruhen lassen.</li>
 	<li>Anschliessend die restliche Milch, das Mehl und alle Zutaten – bis auf den Käse und den Eischnee – hinzugeben.</li>
 	<li>Den Teig mindestens 2 Stunden an einem warmen Ort aufgehen lassen.</li>
 	<li>Den Eischnee und den Emmentaler AOP unterheben.</li>
 	<li>Den Teig in einem heissen Waffeleisen backen.</li>
</ul>
