{"id":134055,"date":"2023-12-22T09:05:51","date_gmt":"2023-12-22T08:05:51","guid":{"rendered":"https:\/\/www.emmentaler.ch\/?post_type=recipes&#038;p=134055"},"modified":"2026-04-08T17:21:47","modified_gmt":"2026-04-08T15:21:47","slug":"koenigskuchen-mit-hoehlengereiftem-emmentaler-thymian-und-baumnuessen","status":"publish","type":"recipes","link":"https:\/\/www.emmentaler.ch\/de\/rezept\/koenigskuchen-mit-hoehlengereiftem-emmentaler-thymian-und-baumnuessen","title":{"rendered":"Zoe Torinesis K\u00f6nigskuchen mit h\u00f6hlengereiftem Emmentaler AOP, Thymian und Baumn\u00fcssen"},"author":6,"featured_media":134239,"menu_order":0,"template":"","meta":{"inline_featured_image":false},"tags":[925],"recipe_categories":[152],"et_countries":[],"recipe_main_ingredient":[],"recipe_difficulty":[126],"recipe_preparation_time":[171],"recipe_diet_type":[132],"recipe_saison":[142,136],"acf":{"recipe_preparation_time":171,"recipe_categories":152,"recipe_time_txt":"ca. 2 Std 15 Minuten inklusive Ruhe- und Backzeit.","recipe_type":5357,"recipe_difficulty":126,"recipe_diet_type":[132],"recipe_main_ingredient":false,"recipe_saison":[142,136],"recipe_count_portions":5,"recipe_ingedients":[{"recipe_ingedients_amount":"0.45","recipe_ingedients_unit":"Tl","recipe_ingedients_product":"Trockenhefe "},{"recipe_ingedients_amount":"0.2","recipe_ingedients_unit":"Tl","recipe_ingedients_product":"Zucker"},{"recipe_ingedients_amount":"48","recipe_ingedients_unit":"ml","recipe_ingedients_product":"Vollmilch, lauwarm"},{"recipe_ingedients_amount":".4","recipe_ingedients_unit":"Tl","recipe_ingedients_product":"Salz"},{"recipe_ingedients_amount":".4","recipe_ingedients_unit":"St\u00fcck","recipe_ingedients_product":"Eier"},{"recipe_ingedients_amount":"10","recipe_ingedients_unit":"g","recipe_ingedients_product":"gew\u00fcrfelte Butter, Zimmertemperatur"},{"recipe_ingedients_amount":"32","recipe_ingedients_unit":"g","recipe_ingedients_product":"h\u00f6hlengereifter Emmentaler AOP, fein gerieben"},{"recipe_ingedients_amount":"10","recipe_ingedients_unit":"g","recipe_ingedients_product":"Baumn\u00fcsse, semi-grob gehackt"},{"recipe_ingedients_amount":"80","recipe_ingedients_unit":"g","recipe_ingedients_product":"Weissmehl (plus etwas mehr zum Arbeiten)"},{"recipe_ingedients_amount":"0.6","recipe_ingedients_unit":"Tl","recipe_ingedients_product":"frische Thymianbl\u00e4ttchen"}],"temporare_zutaten":"","recipe_preparation":"<ol>\r\n \t<li>Trockenhefe und Zucker in die R\u00fchrsch\u00fcssel der K\u00fcchenmaschine geben, Milch zugeben und stehen lassen, bis sich beides aufgel\u00f6st hat.<\/li>\r\n \t<li>Mehl und Salz vermischen und langsam zu der Milchmischung geben, w\u00e4hrend der Knethaken auf niedriger Stufe r\u00fchrt.<\/li>\r\n \t<li>Danach 1 Ei und Butterst\u00fccke ebenfalls zugeben.<\/li>\r\n \t<li>Wenn der Teig fast homogen ist, nach und nach den Emmentaler AOP, danach Baumn\u00fcsse und Thymian zugeben, w\u00e4hrend der Knethaken weiterhin r\u00fchrt.<\/li>\r\n \t<li>Wenn alles untergemischt ist, Teig ca. 5 Minuten mit der K\u00fcchenmaschine kneten.<\/li>\r\n \t<li>Teigsch\u00fcssel mit einem befeuchteten Tuch bedecken und aufs doppelte aufgehen lassen, ca. 1-2 Stunden.<\/li>\r\n \t<li>Teig in 8 kleine St\u00fccke \u00e0 je ca. 80 g und 1 gr\u00f6sseres St\u00fcck von ca. 300 g teilen. Alle Teile zu Kugeln formen. Das gr\u00f6sste St\u00fcck in die Mitte eines mit Backpapier belegten Blechs platzieren, kleine Kugeln b\u00fcndig drumherum legen. Nicht vergessen, in einer der kleinen Kugeln einen K\u00f6nig zu verstecken.<\/li>\r\n \t<li>Teigkugeln mit einem K\u00fcchentuch zugedeckt nochmals 30 Minuten gehen lassen.<\/li>\r\n \t<li>Kugeln grossz\u00fcgig mit verquirltem Ei bestreichen, Blech in der Mitte des auf 180 \u00b0C Ober-\/Unterhitze vorgeheizten Ofens schieben. Dreik\u00f6nigskuchen\r\n25-28 Minuten backen.<\/li>\r\n<\/ol>","recipe_images":[134234,134239]},"_links":{"self":[{"href":"https:\/\/www.emmentaler.ch\/de\/wp-json\/wp\/v2\/recipes\/134055"}],"collection":[{"href":"https:\/\/www.emmentaler.ch\/de\/wp-json\/wp\/v2\/recipes"}],"about":[{"href":"https:\/\/www.emmentaler.ch\/de\/wp-json\/wp\/v2\/types\/recipes"}],"author":[{"embeddable":true,"href":"https:\/\/www.emmentaler.ch\/de\/wp-json\/wp\/v2\/users\/6"}],"version-history":[{"count":15,"href":"https:\/\/www.emmentaler.ch\/de\/wp-json\/wp\/v2\/recipes\/134055\/revisions"}],"predecessor-version":[{"id":137462,"href":"https:\/\/www.emmentaler.ch\/de\/wp-json\/wp\/v2\/recipes\/134055\/revisions\/137462"}],"acf:attachment":[{"embeddable":true,"href":"https:\/\/www.emmentaler.ch\/de\/wp-json\/wp\/v2\/media\/134239"},{"embeddable":true,"href":"https:\/\/www.emmentaler.ch\/de\/wp-json\/wp\/v2\/media\/134234"}],"acf:term":[{"embeddable":true,"taxonomy":"recipe_saison","href":"https:\/\/www.emmentaler.ch\/de\/wp-json\/wp\/v2\/recipe_saison\/136"},{"embeddable":true,"taxonomy":"recipe_saison","href":"https:\/\/www.emmentaler.ch\/de\/wp-json\/wp\/v2\/recipe_saison\/142"},{"embeddable":true,"taxonomy":"recipe_diet_type","href":"https:\/\/www.emmentaler.ch\/de\/wp-json\/wp\/v2\/recipe_diet_type\/132"},{"embeddable":true,"taxonomy":"recipe_difficulty","href":"https:\/\/www.emmentaler.ch\/de\/wp-json\/wp\/v2\/recipe_difficulty\/126"},{"embeddable":true,"taxonomy":"recipe_categories","href":"https:\/\/www.emmentaler.ch\/de\/wp-json\/wp\/v2\/recipe_categories\/152"},{"embeddable":true,"taxonomy":"recipe_preparation_time","href":"https:\/\/www.emmentaler.ch\/de\/wp-json\/wp\/v2\/recipe_preparation_time\/171"}],"acf:post":[{"embeddable":true,"href":"https:\/\/www.emmentaler.ch\/de\/wp-json\/wp\/v2\/pages\/5357"}],"wp:featuredmedia":[{"embeddable":true,"href":"https:\/\/www.emmentaler.ch\/de\/wp-json\/wp\/v2\/media\/134239"}],"wp:attachment":[{"href":"https:\/\/www.emmentaler.ch\/de\/wp-json\/wp\/v2\/media?parent=134055"}],"wp:term":[{"taxonomy":"post_tag","embeddable":true,"href":"https:\/\/www.emmentaler.ch\/de\/wp-json\/wp\/v2\/tags?post=134055"},{"taxonomy":"recipe_categories","embeddable":true,"href":"https:\/\/www.emmentaler.ch\/de\/wp-json\/wp\/v2\/recipe_categories?post=134055"},{"taxonomy":"et_countries","embeddable":true,"href":"https:\/\/www.emmentaler.ch\/de\/wp-json\/wp\/v2\/et_countries?post=134055"},{"taxonomy":"recipe_main_ingredient","embeddable":true,"href":"https:\/\/www.emmentaler.ch\/de\/wp-json\/wp\/v2\/recipe_main_ingredient?post=134055"},{"taxonomy":"recipe_difficulty","embeddable":true,"href":"https:\/\/www.emmentaler.ch\/de\/wp-json\/wp\/v2\/recipe_difficulty?post=134055"},{"taxonomy":"recipe_preparation_time","embeddable":true,"href":"https:\/\/www.emmentaler.ch\/de\/wp-json\/wp\/v2\/recipe_preparation_time?post=134055"},{"taxonomy":"recipe_diet_type","embeddable":true,"href":"https:\/\/www.emmentaler.ch\/de\/wp-json\/wp\/v2\/recipe_diet_type?post=134055"},{"taxonomy":"recipe_saison","embeddable":true,"href":"https:\/\/www.emmentaler.ch\/de\/wp-json\/wp\/v2\/recipe_saison?post=134055"}],"curies":[{"name":"wp","href":"https:\/\/api.w.org\/{rel}","templated":true}]}}

Zoe Torinesis Königskuchen mit höhlengereiftem Emmentaler AOP, Thymian und Baumnüssen

Stück

gewürfelte Butter, Zimmertemperatur

höhlengereifter Emmentaler AOP, fein gerieben

Baumnüsse, semi-grob gehackt

frische Thymianblättchen

<ol>
 	<li>Trockenhefe und Zucker in die Rührschüssel der Küchenmaschine geben, Milch zugeben und stehen lassen, bis sich beides aufgelöst hat.</li>
 	<li>Mehl und Salz vermischen und langsam zu der Milchmischung geben, während der Knethaken auf niedriger Stufe rührt.</li>
 	<li>Danach 1 Ei und Butterstücke ebenfalls zugeben.</li>
 	<li>Wenn der Teig fast homogen ist, nach und nach den Emmentaler AOP, danach Baumnüsse und Thymian zugeben, während der Knethaken weiterhin rührt.</li>
 	<li>Wenn alles untergemischt ist, Teig ca. 5 Minuten mit der Küchenmaschine kneten.</li>
 	<li>Teigschüssel mit einem befeuchteten Tuch bedecken und aufs doppelte aufgehen lassen, ca. 1-2 Stunden.</li>
 	<li>Teig in 8 kleine Stücke à je ca. 80 g und 1 grösseres Stück von ca. 300 g teilen. Alle Teile zu Kugeln formen. Das grösste Stück in die Mitte eines mit Backpapier belegten Blechs platzieren, kleine Kugeln bündig drumherum legen. Nicht vergessen, in einer der kleinen Kugeln einen König zu verstecken.</li>
 	<li>Teigkugeln mit einem Küchentuch zugedeckt nochmals 30 Minuten gehen lassen.</li>
 	<li>Kugeln grosszügig mit verquirltem Ei bestreichen, Blech in der Mitte des auf 180 °C Ober-/Unterhitze vorgeheizten Ofens schieben. Dreikönigskuchen
25-28 Minuten backen.</li>
</ol>
