{"id":136906,"date":"2024-05-30T08:42:20","date_gmt":"2024-05-30T06:42:20","guid":{"rendered":"https:\/\/www.emmentaler.ch\/?post_type=recipes&#038;p=136906"},"modified":"2026-04-08T17:07:51","modified_gmt":"2026-04-08T15:07:51","slug":"emmentaler-aop-pralinen-mit-dip","status":"publish","type":"recipes","link":"https:\/\/www.emmentaler.ch\/de\/rezept\/emmentaler-aop-pralinen-mit-dip","title":{"rendered":"Emmentaler AOP Pralinen mit Dip"},"author":17,"featured_media":136909,"menu_order":0,"template":"","meta":{"inline_featured_image":false},"tags":[925],"recipe_categories":[152],"et_countries":[],"recipe_main_ingredient":[124],"recipe_difficulty":[126],"recipe_preparation_time":[130],"recipe_diet_type":[132],"recipe_saison":[143],"acf":{"recipe_preparation_time":130,"recipe_categories":152,"recipe_time_txt":"","recipe_type":5221,"recipe_difficulty":126,"recipe_diet_type":[132],"recipe_main_ingredient":[124],"recipe_saison":[143],"recipe_count_portions":4,"recipe_ingedients":[{"recipe_ingedients_amount":"15","recipe_ingedients_unit":"g","recipe_ingedients_product":"Schwingerh\u00f6rnli gekocht "},{"recipe_ingedients_amount":"7.5","recipe_ingedients_unit":"g","recipe_ingedients_product":"Zwiebel gehackt "},{"recipe_ingedients_amount":"15","recipe_ingedients_unit":"g","recipe_ingedients_product":"Emmentaler AOP "},{"recipe_ingedients_amount":"7.5","recipe_ingedients_unit":"g","recipe_ingedients_product":"Butter"},{"recipe_ingedients_amount":"6.25","recipe_ingedients_unit":"g","recipe_ingedients_product":"Mehl"},{"recipe_ingedients_amount":"15","recipe_ingedients_unit":"g","recipe_ingedients_product":"Weisswein"},{"recipe_ingedients_amount":"30","recipe_ingedients_unit":"g","recipe_ingedients_product":"Rahn"},{"recipe_ingedients_amount":"","recipe_ingedients_unit":"Bedarf","recipe_ingedients_product":"Mehl, Ei und Paniermehl "},{"recipe_ingedients_amount":"","recipe_ingedients_unit":"Bedarf","recipe_ingedients_product":"Salz"},{"recipe_ingedients_amount":"2.5","recipe_ingedients_unit":"g","recipe_ingedients_product":"Zwiebel"},{"recipe_ingedients_amount":"0.5","recipe_ingedients_unit":"St\u00fcck","recipe_ingedients_product":"Apfel"},{"recipe_ingedients_amount":"","recipe_ingedients_unit":"Bedarf","recipe_ingedients_product":"Salz, Pfeffer, Cayenne "}],"temporare_zutaten":"","recipe_preparation":"<ol>\r\n \t<li>Butter schmelzen, Mehl dazu und abr\u00fchren zu einer Roux.<\/li>\r\n \t<li>Mit Weisswein abl\u00f6schen, Vollrahm beigeben, aufkochen unter st\u00e4ndigem R\u00fchren.<\/li>\r\n \t<li>K\u00e4se in der heissen Masse schmelzen lassen und die vorgekochten Schwingerh\u00f6rnli hinzuf\u00fcgen. Gut umr\u00fchren und abschmecken.<\/li>\r\n \t<li>Die Masse ca. 2cm dick ausstreichen und erkalten lassen. Kalt in Rechtecke zuschneiden und Panieren.<\/li>\r\n \t<li>Bei 170\u00b0 goldgelb ausfrittieren.<\/li>\r\n \t<li>F\u00fcr den Dip die Zwiebel hacken und mit etwas Raps\u00f6l and\u00fcnsten.<\/li>\r\n \t<li>Apfel sch\u00e4len und in W\u00fcrfel zu den Zwiebeln geben. Beides weichkochen und anschliessend fein mixen und abschmecken.<\/li>\r\n \t<li>Als Dip zu den Pralinen servieren.<\/li>\r\n<\/ol>","recipe_images":[136909]},"_links":{"self":[{"href":"https:\/\/www.emmentaler.ch\/de\/wp-json\/wp\/v2\/recipes\/136906"}],"collection":[{"href":"https:\/\/www.emmentaler.ch\/de\/wp-json\/wp\/v2\/recipes"}],"about":[{"href":"https:\/\/www.emmentaler.ch\/de\/wp-json\/wp\/v2\/types\/recipes"}],"author":[{"embeddable":true,"href":"https:\/\/www.emmentaler.ch\/de\/wp-json\/wp\/v2\/users\/17"}],"version-history":[{"count":7,"href":"https:\/\/www.emmentaler.ch\/de\/wp-json\/wp\/v2\/recipes\/136906\/revisions"}],"predecessor-version":[{"id":137415,"href":"https:\/\/www.emmentaler.ch\/de\/wp-json\/wp\/v2\/recipes\/136906\/revisions\/137415"}],"acf:attachment":[{"embeddable":true,"href":"https:\/\/www.emmentaler.ch\/de\/wp-json\/wp\/v2\/media\/136909"}],"acf:term":[{"embeddable":true,"taxonomy":"recipe_saison","href":"https:\/\/www.emmentaler.ch\/de\/wp-json\/wp\/v2\/recipe_saison\/143"},{"embeddable":true,"taxonomy":"recipe_main_ingredient","href":"https:\/\/www.emmentaler.ch\/de\/wp-json\/wp\/v2\/recipe_main_ingredient\/124"},{"embeddable":true,"taxonomy":"recipe_diet_type","href":"https:\/\/www.emmentaler.ch\/de\/wp-json\/wp\/v2\/recipe_diet_type\/132"},{"embeddable":true,"taxonomy":"recipe_difficulty","href":"https:\/\/www.emmentaler.ch\/de\/wp-json\/wp\/v2\/recipe_difficulty\/126"},{"embeddable":true,"taxonomy":"recipe_categories","href":"https:\/\/www.emmentaler.ch\/de\/wp-json\/wp\/v2\/recipe_categories\/152"},{"embeddable":true,"taxonomy":"recipe_preparation_time","href":"https:\/\/www.emmentaler.ch\/de\/wp-json\/wp\/v2\/recipe_preparation_time\/130"}],"acf:post":[{"embeddable":true,"href":"https:\/\/www.emmentaler.ch\/de\/wp-json\/wp\/v2\/pages\/5221"}],"wp:featuredmedia":[{"embeddable":true,"href":"https:\/\/www.emmentaler.ch\/de\/wp-json\/wp\/v2\/media\/136909"}],"wp:attachment":[{"href":"https:\/\/www.emmentaler.ch\/de\/wp-json\/wp\/v2\/media?parent=136906"}],"wp:term":[{"taxonomy":"post_tag","embeddable":true,"href":"https:\/\/www.emmentaler.ch\/de\/wp-json\/wp\/v2\/tags?post=136906"},{"taxonomy":"recipe_categories","embeddable":true,"href":"https:\/\/www.emmentaler.ch\/de\/wp-json\/wp\/v2\/recipe_categories?post=136906"},{"taxonomy":"et_countries","embeddable":true,"href":"https:\/\/www.emmentaler.ch\/de\/wp-json\/wp\/v2\/et_countries?post=136906"},{"taxonomy":"recipe_main_ingredient","embeddable":true,"href":"https:\/\/www.emmentaler.ch\/de\/wp-json\/wp\/v2\/recipe_main_ingredient?post=136906"},{"taxonomy":"recipe_difficulty","embeddable":true,"href":"https:\/\/www.emmentaler.ch\/de\/wp-json\/wp\/v2\/recipe_difficulty?post=136906"},{"taxonomy":"recipe_preparation_time","embeddable":true,"href":"https:\/\/www.emmentaler.ch\/de\/wp-json\/wp\/v2\/recipe_preparation_time?post=136906"},{"taxonomy":"recipe_diet_type","embeddable":true,"href":"https:\/\/www.emmentaler.ch\/de\/wp-json\/wp\/v2\/recipe_diet_type?post=136906"},{"taxonomy":"recipe_saison","embeddable":true,"href":"https:\/\/www.emmentaler.ch\/de\/wp-json\/wp\/v2\/recipe_saison?post=136906"}],"curies":[{"name":"wp","href":"https:\/\/api.w.org\/{rel}","templated":true}]}}

Schwingerhörnli gekocht

Stück

<ol>
 	<li>Butter schmelzen, Mehl dazu und abrühren zu einer Roux.</li>
 	<li>Mit Weisswein ablöschen, Vollrahm beigeben, aufkochen unter ständigem Rühren.</li>
 	<li>Käse in der heissen Masse schmelzen lassen und die vorgekochten Schwingerhörnli hinzufügen. Gut umrühren und abschmecken.</li>
 	<li>Die Masse ca. 2cm dick ausstreichen und erkalten lassen. Kalt in Rechtecke zuschneiden und Panieren.</li>
 	<li>Bei 170° goldgelb ausfrittieren.</li>
 	<li>Für den Dip die Zwiebel hacken und mit etwas Rapsöl andünsten.</li>
 	<li>Apfel schälen und in Würfel zu den Zwiebeln geben. Beides weichkochen und anschliessend fein mixen und abschmecken.</li>
 	<li>Als Dip zu den Pralinen servieren.</li>
</ol>
