{"id":138105,"date":"2024-07-30T09:28:03","date_gmt":"2024-07-30T07:28:03","guid":{"rendered":"https:\/\/www.emmentaler.ch\/?post_type=recipes&#038;p=138105"},"modified":"2026-04-08T17:03:19","modified_gmt":"2026-04-08T15:03:19","slug":"zoe-torinesis-aelplermagronen-mit-blumenkohl-und-emmentaler-aop","status":"publish","type":"recipes","link":"https:\/\/www.emmentaler.ch\/de\/rezept\/zoe-torinesis-aelplermagronen-mit-blumenkohl-und-emmentaler-aop","title":{"rendered":"Zoe Torinesis \u00c4lplermagronen mit Blumenkohl und Emmentaler AOP"},"author":17,"featured_media":138803,"menu_order":0,"template":"","meta":{"inline_featured_image":false},"tags":[925],"recipe_categories":[86],"et_countries":[],"recipe_main_ingredient":[123],"recipe_difficulty":[125],"recipe_preparation_time":[160],"recipe_diet_type":[],"recipe_saison":[143],"acf":{"recipe_preparation_time":160,"recipe_categories":86,"recipe_time_txt":"Zubereitungszeit: ca. 40 Minuten | backen: ca. 20\u201325 Minuten","recipe_type":5221,"recipe_difficulty":125,"recipe_diet_type":false,"recipe_main_ingredient":[123],"recipe_saison":[143],"recipe_count_portions":4,"recipe_ingedients":[{"recipe_ingedients_amount":"125","recipe_ingedients_unit":"g","recipe_ingedients_product":"Blumenkohl (gesamter Blumenkohl ohne Bl\u00e4tter gewogen)"},{"recipe_ingedients_amount":"0.25","recipe_ingedients_unit":"Tl","recipe_ingedients_product":"Gem\u00fcsebouillon (oder 1 W\u00fcrfel)"},{"recipe_ingedients_amount":"0.3125","recipe_ingedients_unit":"El","recipe_ingedients_product":"Salz"},{"recipe_ingedients_amount":"75","recipe_ingedients_unit":"g","recipe_ingedients_product":"Magronen"},{"recipe_ingedients_amount":"0.375","recipe_ingedients_unit":"El","recipe_ingedients_product":"neutrales \u00d6l"},{"recipe_ingedients_amount":"1","recipe_ingedients_unit":"St\u00fcck","recipe_ingedients_product":"Zwiebeln, in groben Streifen"},{"recipe_ingedients_amount":"50","recipe_ingedients_unit":"g","recipe_ingedients_product":"aromatischer Schinken (z. Bsp.) Ofenschinken), in Streifen"},{"recipe_ingedients_amount":"32.5","recipe_ingedients_unit":"g","recipe_ingedients_product":"Cr\u00e8me fra\u00eeche"},{"recipe_ingedients_amount":"87.5","recipe_ingedients_unit":"ml","recipe_ingedients_product":"Halbrahm"},{"recipe_ingedients_amount":"25","recipe_ingedients_unit":"g","recipe_ingedients_product":"rezenter Emmentaler AOP f\u00fcr den Guss"},{"recipe_ingedients_amount":"0.25","recipe_ingedients_unit":"Tl","recipe_ingedients_product":"Paprikapulver"},{"recipe_ingedients_amount":"0.25","recipe_ingedients_unit":"Tl","recipe_ingedients_product":"Knoblauchpulver"},{"recipe_ingedients_amount":"","recipe_ingedients_unit":"Bedarf","recipe_ingedients_product":"etwas Muskatnusspulver"},{"recipe_ingedients_amount":"0.625","recipe_ingedients_unit":"Tl","recipe_ingedients_product":"Salz"},{"recipe_ingedients_amount":"","recipe_ingedients_unit":"Bedarf","recipe_ingedients_product":"etwas schwarzer Pfeffer aus der M\u00fchle"},{"recipe_ingedients_amount":"25","recipe_ingedients_unit":"g","recipe_ingedients_product":"rezenter Emmenalter AOP zum Bestreuen"},{"recipe_ingedients_amount":"1.75","recipe_ingedients_unit":"El","recipe_ingedients_product":"R\u00f6stzwiebeln (aus dem Supermarkt) zum Servieren"},{"recipe_ingedients_amount":"","recipe_ingedients_unit":"Bedarf","recipe_ingedients_product":"Optional Apfelmus zum Servieren"}],"temporare_zutaten":"","recipe_preparation":"Zubereitungszeit: ca. 40 Minuten | backen: ca. 20\u201325 Minuten\r\n<ol>\r\n \t<li>Blumenkohl in kleine R\u00f6schen teilen. 2 \u00bd Fingerbreit Wasser, Gem\u00fcsebouillon und 1 \u00bc EL Salz in einem Topf aufkochen und Blumenkohl bei geschlossenem Deckel 5 Minuten darin d\u00fcnsten. Das Gem\u00fcse sollte zum Schluss noch ordentlich Biss haben.<\/li>\r\n \t<li>Wasser absch\u00fctten, Blumenkohl mit kaltem Wasser abschrecken, gut abtropfen und in eine grosse Ofenfeste Form geben.<\/li>\r\n \t<li>Magronen in kr\u00e4ftig gesalzenem Wasser so lange kochen, dass sie noch leicht hart sind \u2013 sie werden nachher im Ofen fertig gegart. Abtropfen und zum Blumenkohl in die Form geben.<\/li>\r\n \t<li>Zwiebeln in \u00d6l anbraten, gemeinsam mit dem Schinken zu den anderen Zutaten in die Form geben.<\/li>\r\n \t<li>In einem separaten Gef\u00e4ss Cr\u00e8me fra\u00eeche, Halbrahm, 100 g Emmentaler AOP, die Gew\u00fcrze plus Salz und Pfeffer vermengen.<\/li>\r\n \t<li>Guss mit den Zutaten in der Form vermischen, mit den restlichen 100 g Emmentaler AOP bestreuen.<\/li>\r\n \t<li>In der Mitte des auf 240 \u00b0C Ober-\/Unterhitze vorgeheizten Ofens 20\u201325 Minuten backen.<\/li>\r\n \t<li>Beim Servieren jede Portion mit etwas R\u00f6stzwiebeln bestreuen, optional Apfelmus anbieten.<\/li>\r\n<\/ol>","recipe_images":[138796]},"_links":{"self":[{"href":"https:\/\/www.emmentaler.ch\/de\/wp-json\/wp\/v2\/recipes\/138105"}],"collection":[{"href":"https:\/\/www.emmentaler.ch\/de\/wp-json\/wp\/v2\/recipes"}],"about":[{"href":"https:\/\/www.emmentaler.ch\/de\/wp-json\/wp\/v2\/types\/recipes"}],"author":[{"embeddable":true,"href":"https:\/\/www.emmentaler.ch\/de\/wp-json\/wp\/v2\/users\/17"}],"version-history":[{"count":19,"href":"https:\/\/www.emmentaler.ch\/de\/wp-json\/wp\/v2\/recipes\/138105\/revisions"}],"predecessor-version":[{"id":138802,"href":"https:\/\/www.emmentaler.ch\/de\/wp-json\/wp\/v2\/recipes\/138105\/revisions\/138802"}],"acf:attachment":[{"embeddable":true,"href":"https:\/\/www.emmentaler.ch\/de\/wp-json\/wp\/v2\/media\/138796"}],"acf:term":[{"embeddable":true,"taxonomy":"recipe_saison","href":"https:\/\/www.emmentaler.ch\/de\/wp-json\/wp\/v2\/recipe_saison\/143"},{"embeddable":true,"taxonomy":"recipe_main_ingredient","href":"https:\/\/www.emmentaler.ch\/de\/wp-json\/wp\/v2\/recipe_main_ingredient\/123"},{"embeddable":true,"taxonomy":"recipe_difficulty","href":"https:\/\/www.emmentaler.ch\/de\/wp-json\/wp\/v2\/recipe_difficulty\/125"},{"embeddable":true,"taxonomy":"recipe_categories","href":"https:\/\/www.emmentaler.ch\/de\/wp-json\/wp\/v2\/recipe_categories\/86"},{"embeddable":true,"taxonomy":"recipe_preparation_time","href":"https:\/\/www.emmentaler.ch\/de\/wp-json\/wp\/v2\/recipe_preparation_time\/160"}],"acf:post":[{"embeddable":true,"href":"https:\/\/www.emmentaler.ch\/de\/wp-json\/wp\/v2\/pages\/5221"}],"wp:featuredmedia":[{"embeddable":true,"href":"https:\/\/www.emmentaler.ch\/de\/wp-json\/wp\/v2\/media\/138803"}],"wp:attachment":[{"href":"https:\/\/www.emmentaler.ch\/de\/wp-json\/wp\/v2\/media?parent=138105"}],"wp:term":[{"taxonomy":"post_tag","embeddable":true,"href":"https:\/\/www.emmentaler.ch\/de\/wp-json\/wp\/v2\/tags?post=138105"},{"taxonomy":"recipe_categories","embeddable":true,"href":"https:\/\/www.emmentaler.ch\/de\/wp-json\/wp\/v2\/recipe_categories?post=138105"},{"taxonomy":"et_countries","embeddable":true,"href":"https:\/\/www.emmentaler.ch\/de\/wp-json\/wp\/v2\/et_countries?post=138105"},{"taxonomy":"recipe_main_ingredient","embeddable":true,"href":"https:\/\/www.emmentaler.ch\/de\/wp-json\/wp\/v2\/recipe_main_ingredient?post=138105"},{"taxonomy":"recipe_difficulty","embeddable":true,"href":"https:\/\/www.emmentaler.ch\/de\/wp-json\/wp\/v2\/recipe_difficulty?post=138105"},{"taxonomy":"recipe_preparation_time","embeddable":true,"href":"https:\/\/www.emmentaler.ch\/de\/wp-json\/wp\/v2\/recipe_preparation_time?post=138105"},{"taxonomy":"recipe_diet_type","embeddable":true,"href":"https:\/\/www.emmentaler.ch\/de\/wp-json\/wp\/v2\/recipe_diet_type?post=138105"},{"taxonomy":"recipe_saison","embeddable":true,"href":"https:\/\/www.emmentaler.ch\/de\/wp-json\/wp\/v2\/recipe_saison?post=138105"}],"curies":[{"name":"wp","href":"https:\/\/api.w.org\/{rel}","templated":true}]}}

Zoe Torinesis Älplermagronen mit Blumenkohl und Emmentaler AOP

Blumenkohl (gesamter Blumenkohl ohne Blätter gewogen)

Gemüsebouillon (oder 1 Würfel)

neutrales Öl

Stück

Crème fraîche

rezenter Emmentaler AOP für den Guss

etwas schwarzer Pfeffer aus der Mühle

Röstzwiebeln (aus dem Supermarkt) zum Servieren

Zubereitungszeit: ca. 40 Minuten | backen: ca. 20–25 Minuten
<ol>
 	<li>Blumenkohl in kleine Röschen teilen. 2 ½ Fingerbreit Wasser, Gemüsebouillon und 1 ¼ EL Salz in einem Topf aufkochen und Blumenkohl bei geschlossenem Deckel 5 Minuten darin dünsten. Das Gemüse sollte zum Schluss noch ordentlich Biss haben.</li>
 	<li>Wasser abschütten, Blumenkohl mit kaltem Wasser abschrecken, gut abtropfen und in eine grosse Ofenfeste Form geben.</li>
 	<li>Magronen in kräftig gesalzenem Wasser so lange kochen, dass sie noch leicht hart sind – sie werden nachher im Ofen fertig gegart. Abtropfen und zum Blumenkohl in die Form geben.</li>
 	<li>Zwiebeln in Öl anbraten, gemeinsam mit dem Schinken zu den anderen Zutaten in die Form geben.</li>
 	<li>In einem separaten Gefäss Crème fraîche, Halbrahm, 100 g Emmentaler AOP, die Gewürze plus Salz und Pfeffer vermengen.</li>
 	<li>Guss mit den Zutaten in der Form vermischen, mit den restlichen 100 g Emmentaler AOP bestreuen.</li>
 	<li>In der Mitte des auf 240 °C Ober-/Unterhitze vorgeheizten Ofens 20–25 Minuten backen.</li>
 	<li>Beim Servieren jede Portion mit etwas Röstzwiebeln bestreuen, optional Apfelmus anbieten.</li>
</ol>
