{"id":141115,"date":"2025-06-05T14:57:09","date_gmt":"2025-06-05T12:57:09","guid":{"rendered":"https:\/\/www.emmentaler.ch\/?post_type=recipes&#038;p=141115"},"modified":"2026-04-08T16:56:20","modified_gmt":"2026-04-08T14:56:20","slug":"panzanella-mit-emmentaler-aop-chaes-griller","status":"publish","type":"recipes","link":"https:\/\/www.emmentaler.ch\/de\/rezept\/panzanella-mit-emmentaler-aop-chaes-griller","title":{"rendered":"Panzanella mit Emmentaler AOP Ch\u00e4s-Griller"},"author":17,"featured_media":141116,"menu_order":0,"template":"","meta":{"inline_featured_image":false},"tags":[867,864,868,866,865,869,925],"recipe_categories":[86],"et_countries":[],"recipe_main_ingredient":[],"recipe_difficulty":[125],"recipe_preparation_time":[436],"recipe_diet_type":[],"recipe_saison":[135],"acf":{"recipe_preparation_time":436,"recipe_categories":86,"recipe_time_txt":"","recipe_type":5208,"recipe_difficulty":125,"recipe_diet_type":false,"recipe_main_ingredient":false,"recipe_saison":[135],"recipe_count_portions":4,"recipe_ingedients":[{"recipe_ingedients_amount":"30","recipe_ingedients_unit":"g","recipe_ingedients_product":"Emmentaler AOP Ch\u00e4s-Griller"},{"recipe_ingedients_amount":"50","recipe_ingedients_unit":"g","recipe_ingedients_product":"Salatgurke, in groben St\u00fccken"},{"recipe_ingedients_amount":"75","recipe_ingedients_unit":"g","recipe_ingedients_product":"Tomaten oder Cherrytomaten, in groben Spalten"},{"recipe_ingedients_amount":"0.25","recipe_ingedients_unit":"St\u00fcck","recipe_ingedients_product":"gelbe Peperoni, in groben St\u00fccken"},{"recipe_ingedients_amount":"0.25","recipe_ingedients_unit":"St\u00fcck","recipe_ingedients_product":"kleine rote Zwiebel, in feinen Streifen"},{"recipe_ingedients_amount":"25","recipe_ingedients_unit":"g","recipe_ingedients_product":"trockenes Brot, in groben W\u00fcrfeln"},{"recipe_ingedients_amount":"0.125","recipe_ingedients_unit":"Bd","recipe_ingedients_product":"frischer Basilikum, grob zerzupft"},{"recipe_ingedients_amount":"","recipe_ingedients_unit":"Bedarf","recipe_ingedients_product":"Oliven\u00f6l"},{"recipe_ingedients_amount":"","recipe_ingedients_unit":"Bedarf","recipe_ingedients_product":"Weisser Aceto Balsamico"},{"recipe_ingedients_amount":"","recipe_ingedients_unit":"Bedarf","recipe_ingedients_product":"Salz & Pfeffer aus der M\u00fchle"}],"temporare_zutaten":"<ul>\r\n \t<li>120 g Ch\u00e4s-Griller<\/li>\r\n \t<li>200 g Salatgurke, in groben St\u00fccken<\/li>\r\n \t<li>300 g Tomaten oder Cherrytomaten, in groben Spalten<\/li>\r\n \t<li>1 gelbe Peperoni, in groben St\u00fccken<\/li>\r\n \t<li>1 kleine rote Zwiebel, in feinen Streifen<\/li>\r\n \t<li>100 g trockenes Brot, in groben W\u00fcrfeln<\/li>\r\n \t<li>\u00bd Bund frisches Basilikum, grob zerzupft<\/li>\r\n \t<li>Oliven\u00f6l<\/li>\r\n \t<li>Weisser Aceto Balsamico<\/li>\r\n \t<li>Salz &amp; Pfeffer aus der M\u00fchle<\/li>\r\n<\/ul>","recipe_preparation":"<ol>\r\n \t<li>Emmentaler AOP Ch\u00e4s-Griller auf dem Grill oder in der Bratpfanne ohne Fett bei mittlerer bis hoher Hitze ca. 6 Minuten braten, sodass sie aussen leicht knusprig sind und Farbe angenommen haben. Beiseitestellen und ausk\u00fchlen lassen, so wird ihre Textur wieder etwas fester.<\/li>\r\n \t<li>Inzwischen das Gem\u00fcse mit dem Brot und dem Basilikum in eine Sch\u00fcssel geben. Ausgek\u00fchlte Ch\u00e4s-Griller in R\u00e4dchen schneiden und ebenfalls beigeben.<\/li>\r\n \t<li>Mit Oliven\u00f6l, Balsamico, Salz und Pfeffer nach Belieben aromatisieren. Abschmecken und geniessen.<\/li>\r\n<\/ol>\r\n<strong>Mehr leckere Rezepte von Zoe Torinesi gibt es unter <a href=\"https:\/\/cookinesi.com\/\">Cookinesi.com<\/a><\/strong>","recipe_images":[141116]},"_links":{"self":[{"href":"https:\/\/www.emmentaler.ch\/de\/wp-json\/wp\/v2\/recipes\/141115"}],"collection":[{"href":"https:\/\/www.emmentaler.ch\/de\/wp-json\/wp\/v2\/recipes"}],"about":[{"href":"https:\/\/www.emmentaler.ch\/de\/wp-json\/wp\/v2\/types\/recipes"}],"author":[{"embeddable":true,"href":"https:\/\/www.emmentaler.ch\/de\/wp-json\/wp\/v2\/users\/17"}],"version-history":[{"count":6,"href":"https:\/\/www.emmentaler.ch\/de\/wp-json\/wp\/v2\/recipes\/141115\/revisions"}],"predecessor-version":[{"id":141160,"href":"https:\/\/www.emmentaler.ch\/de\/wp-json\/wp\/v2\/recipes\/141115\/revisions\/141160"}],"acf:attachment":[{"embeddable":true,"href":"https:\/\/www.emmentaler.ch\/de\/wp-json\/wp\/v2\/media\/141116"}],"acf:term":[{"embeddable":true,"taxonomy":"recipe_saison","href":"https:\/\/www.emmentaler.ch\/de\/wp-json\/wp\/v2\/recipe_saison\/135"},{"embeddable":true,"taxonomy":"recipe_difficulty","href":"https:\/\/www.emmentaler.ch\/de\/wp-json\/wp\/v2\/recipe_difficulty\/125"},{"embeddable":true,"taxonomy":"recipe_categories","href":"https:\/\/www.emmentaler.ch\/de\/wp-json\/wp\/v2\/recipe_categories\/86"},{"embeddable":true,"taxonomy":"recipe_preparation_time","href":"https:\/\/www.emmentaler.ch\/de\/wp-json\/wp\/v2\/recipe_preparation_time\/436"}],"acf:post":[{"embeddable":true,"href":"https:\/\/www.emmentaler.ch\/de\/wp-json\/wp\/v2\/pages\/5208"}],"wp:featuredmedia":[{"embeddable":true,"href":"https:\/\/www.emmentaler.ch\/de\/wp-json\/wp\/v2\/media\/141116"}],"wp:attachment":[{"href":"https:\/\/www.emmentaler.ch\/de\/wp-json\/wp\/v2\/media?parent=141115"}],"wp:term":[{"taxonomy":"post_tag","embeddable":true,"href":"https:\/\/www.emmentaler.ch\/de\/wp-json\/wp\/v2\/tags?post=141115"},{"taxonomy":"recipe_categories","embeddable":true,"href":"https:\/\/www.emmentaler.ch\/de\/wp-json\/wp\/v2\/recipe_categories?post=141115"},{"taxonomy":"et_countries","embeddable":true,"href":"https:\/\/www.emmentaler.ch\/de\/wp-json\/wp\/v2\/et_countries?post=141115"},{"taxonomy":"recipe_main_ingredient","embeddable":true,"href":"https:\/\/www.emmentaler.ch\/de\/wp-json\/wp\/v2\/recipe_main_ingredient?post=141115"},{"taxonomy":"recipe_difficulty","embeddable":true,"href":"https:\/\/www.emmentaler.ch\/de\/wp-json\/wp\/v2\/recipe_difficulty?post=141115"},{"taxonomy":"recipe_preparation_time","embeddable":true,"href":"https:\/\/www.emmentaler.ch\/de\/wp-json\/wp\/v2\/recipe_preparation_time?post=141115"},{"taxonomy":"recipe_diet_type","embeddable":true,"href":"https:\/\/www.emmentaler.ch\/de\/wp-json\/wp\/v2\/recipe_diet_type?post=141115"},{"taxonomy":"recipe_saison","embeddable":true,"href":"https:\/\/www.emmentaler.ch\/de\/wp-json\/wp\/v2\/recipe_saison?post=141115"}],"curies":[{"name":"wp","href":"https:\/\/api.w.org\/{rel}","templated":true}]}}

Panzanella mit Emmentaler AOP Chäs-Griller

Emmentaler AOP Chäs-Griller

Salatgurke, in groben Stücken

Stück

gelbe Peperoni, in groben Stücken

trockenes Brot, in groben Würfeln

Olivenöl

Salz & Pfeffer aus der Mühle

<ul>
 	<li>120 g Chäs-Griller</li>
 	<li>200 g Salatgurke, in groben Stücken</li>
 	<li>300 g Tomaten oder Cherrytomaten, in groben Spalten</li>
 	<li>1 gelbe Peperoni, in groben Stücken</li>
 	<li>1 kleine rote Zwiebel, in feinen Streifen</li>
 	<li>100 g trockenes Brot, in groben Würfeln</li>
 	<li>½ Bund frisches Basilikum, grob zerzupft</li>
 	<li>Olivenöl</li>
 	<li>Weisser Aceto Balsamico</li>
 	<li>Salz &amp; Pfeffer aus der Mühle</li>
</ul>

<ol>
 	<li>Emmentaler AOP Chäs-Griller auf dem Grill oder in der Bratpfanne ohne Fett bei mittlerer bis hoher Hitze ca. 6 Minuten braten, sodass sie aussen leicht knusprig sind und Farbe angenommen haben. Beiseitestellen und auskühlen lassen, so wird ihre Textur wieder etwas fester.</li>
 	<li>Inzwischen das Gemüse mit dem Brot und dem Basilikum in eine Schüssel geben. Ausgekühlte Chäs-Griller in Rädchen schneiden und ebenfalls beigeben.</li>
 	<li>Mit Olivenöl, Balsamico, Salz und Pfeffer nach Belieben aromatisieren. Abschmecken und geniessen.</li>
</ol>
<strong>Mehr leckere Rezepte von Zoe Torinesi gibt es unter <a href="https://cookinesi.com/">Cookinesi.com</a></strong>
