{"id":19919,"date":"2022-04-27T13:33:36","date_gmt":"2022-04-27T11:33:36","guid":{"rendered":"https:\/\/www.emmentaler.ch\/rezept\/brot-lauchsuppe-mit-emmentaler-aop"},"modified":"2024-07-24T13:17:26","modified_gmt":"2024-07-24T11:17:26","slug":"brot-lauchsuppe-mit-emmentaler-aop","status":"publish","type":"recipes","link":"https:\/\/www.emmentaler.ch\/de\/rezept\/brot-lauchsuppe-mit-emmentaler-aop","title":{"rendered":"Brot-Lauchsuppe mit Emmentaler AOP"},"author":2,"featured_media":19935,"menu_order":0,"template":"","meta":{"inline_featured_image":false},"tags":[788],"recipe_categories":[86],"et_countries":[],"recipe_main_ingredient":[120],"recipe_difficulty":[125],"recipe_preparation_time":[151],"recipe_diet_type":[133],"recipe_saison":[142,143],"acf":{"recipe_preparation_time":151,"recipe_categories":86,"recipe_time_txt":"","recipe_type":5241,"recipe_difficulty":125,"recipe_diet_type":[133],"recipe_main_ingredient":[120],"recipe_saison":[142,143],"recipe_count_portions":4,"recipe_ingedients":[{"recipe_ingedients_amount":"","recipe_ingedients_unit":"g","recipe_ingedients_product":""}],"temporare_zutaten":"500 g Lauch\r\n2-3 Knoblauchzehen\r\n2 EL Oliven\u00f6l\r\n1.5 l Bouillon\r\n2 Lorbeerbl\u00e4tter\r\n150 g Emmentaler AOP\r\n50 g Hobelfleisch\r\n1 Bund Schnittlauch\r\n4-6 Scheiben altbackenes Brot","recipe_preparation":"Lauch in ca. 5 mm dicke Ringe schneiden. Knoblauch fein hacken. \u00d6l erhitzen, Lauch und Knoblauch 5 Minuten and\u00fcnsten. Bouillon und Lorbeerbl\u00e4tter zuf\u00fcgen, aufkochen und 5 Minuten k\u00f6cheln.\r\n\r\nEmmentaler AOP an einer groben Raffel reiben. Hobelfleisch in Streifen schneiden. Schnittlauch in R\u00f6llchen schneiden. Brot in St\u00fccke brechen, in die Suppe legen und vollsaugen lassen. Suppe anrichten, mit Hobelfleisch, Emmentaler AOP und Schnittlauch bestreuen.","recipe_images":[19935]},"_links":{"self":[{"href":"https:\/\/www.emmentaler.ch\/de\/wp-json\/wp\/v2\/recipes\/19919"}],"collection":[{"href":"https:\/\/www.emmentaler.ch\/de\/wp-json\/wp\/v2\/recipes"}],"about":[{"href":"https:\/\/www.emmentaler.ch\/de\/wp-json\/wp\/v2\/types\/recipes"}],"author":[{"embeddable":true,"href":"https:\/\/www.emmentaler.ch\/de\/wp-json\/wp\/v2\/users\/2"}],"version-history":[{"count":1,"href":"https:\/\/www.emmentaler.ch\/de\/wp-json\/wp\/v2\/recipes\/19919\/revisions"}],"predecessor-version":[{"id":137868,"href":"https:\/\/www.emmentaler.ch\/de\/wp-json\/wp\/v2\/recipes\/19919\/revisions\/137868"}],"acf:attachment":[{"embeddable":true,"href":"https:\/\/www.emmentaler.ch\/de\/wp-json\/wp\/v2\/media\/19935"}],"acf:term":[{"embeddable":true,"taxonomy":"recipe_saison","href":"https:\/\/www.emmentaler.ch\/de\/wp-json\/wp\/v2\/recipe_saison\/143"},{"embeddable":true,"taxonomy":"recipe_saison","href":"https:\/\/www.emmentaler.ch\/de\/wp-json\/wp\/v2\/recipe_saison\/142"},{"embeddable":true,"taxonomy":"recipe_main_ingredient","href":"https:\/\/www.emmentaler.ch\/de\/wp-json\/wp\/v2\/recipe_main_ingredient\/120"},{"embeddable":true,"taxonomy":"recipe_diet_type","href":"https:\/\/www.emmentaler.ch\/de\/wp-json\/wp\/v2\/recipe_diet_type\/133"},{"embeddable":true,"taxonomy":"recipe_difficulty","href":"https:\/\/www.emmentaler.ch\/de\/wp-json\/wp\/v2\/recipe_difficulty\/125"},{"embeddable":true,"taxonomy":"recipe_categories","href":"https:\/\/www.emmentaler.ch\/de\/wp-json\/wp\/v2\/recipe_categories\/86"},{"embeddable":true,"taxonomy":"recipe_preparation_time","href":"https:\/\/www.emmentaler.ch\/de\/wp-json\/wp\/v2\/recipe_preparation_time\/151"}],"acf:post":[{"embeddable":true,"href":"https:\/\/www.emmentaler.ch\/de\/wp-json\/wp\/v2\/pages\/5241"}],"wp:featuredmedia":[{"embeddable":true,"href":"https:\/\/www.emmentaler.ch\/de\/wp-json\/wp\/v2\/media\/19935"}],"wp:attachment":[{"href":"https:\/\/www.emmentaler.ch\/de\/wp-json\/wp\/v2\/media?parent=19919"}],"wp:term":[{"taxonomy":"post_tag","embeddable":true,"href":"https:\/\/www.emmentaler.ch\/de\/wp-json\/wp\/v2\/tags?post=19919"},{"taxonomy":"recipe_categories","embeddable":true,"href":"https:\/\/www.emmentaler.ch\/de\/wp-json\/wp\/v2\/recipe_categories?post=19919"},{"taxonomy":"et_countries","embeddable":true,"href":"https:\/\/www.emmentaler.ch\/de\/wp-json\/wp\/v2\/et_countries?post=19919"},{"taxonomy":"recipe_main_ingredient","embeddable":true,"href":"https:\/\/www.emmentaler.ch\/de\/wp-json\/wp\/v2\/recipe_main_ingredient?post=19919"},{"taxonomy":"recipe_difficulty","embeddable":true,"href":"https:\/\/www.emmentaler.ch\/de\/wp-json\/wp\/v2\/recipe_difficulty?post=19919"},{"taxonomy":"recipe_preparation_time","embeddable":true,"href":"https:\/\/www.emmentaler.ch\/de\/wp-json\/wp\/v2\/recipe_preparation_time?post=19919"},{"taxonomy":"recipe_diet_type","embeddable":true,"href":"https:\/\/www.emmentaler.ch\/de\/wp-json\/wp\/v2\/recipe_diet_type?post=19919"},{"taxonomy":"recipe_saison","embeddable":true,"href":"https:\/\/www.emmentaler.ch\/de\/wp-json\/wp\/v2\/recipe_saison?post=19919"}],"curies":[{"name":"wp","href":"https:\/\/api.w.org\/{rel}","templated":true}]}}

500 g Lauch
2-3 Knoblauchzehen
2 EL Olivenöl
1.5 l Bouillon
2 Lorbeerblätter
150 g Emmentaler AOP
50 g Hobelfleisch
1 Bund Schnittlauch
4-6 Scheiben altbackenes Brot

Lauch in ca. 5 mm dicke Ringe schneiden. Knoblauch fein hacken. Öl erhitzen, Lauch und Knoblauch 5 Minuten andünsten. Bouillon und Lorbeerblätter zufügen, aufkochen und 5 Minuten köcheln.

Emmentaler AOP an einer groben Raffel reiben. Hobelfleisch in Streifen schneiden. Schnittlauch in Röllchen schneiden. Brot in Stücke brechen, in die Suppe legen und vollsaugen lassen. Suppe anrichten, mit Hobelfleisch, Emmentaler AOP und Schnittlauch bestreuen.
