{"id":20012,"date":"2022-04-27T13:33:36","date_gmt":"2022-04-27T11:33:36","guid":{"rendered":"https:\/\/www.emmentaler.ch\/rezept\/bulgursalat-mit-emmentaler-aop"},"modified":"2024-07-24T13:17:37","modified_gmt":"2024-07-24T11:17:37","slug":"bulgursalat-mit-cherrytomaten","status":"publish","type":"recipes","link":"https:\/\/www.emmentaler.ch\/de\/rezept\/bulgursalat-mit-cherrytomaten","title":{"rendered":"Bulgursalat mit Cherrytomaten"},"author":2,"featured_media":20028,"menu_order":0,"template":"","meta":{"inline_featured_image":false},"tags":[788,769],"recipe_categories":[86],"et_countries":[],"recipe_main_ingredient":[123],"recipe_difficulty":[125],"recipe_preparation_time":[154],"recipe_diet_type":[133,132],"recipe_saison":[143],"acf":{"recipe_preparation_time":154,"recipe_categories":86,"recipe_time_txt":"25 Minuten, plus Abk\u00fchlzeit","recipe_type":5195,"recipe_difficulty":125,"recipe_diet_type":[133,132],"recipe_main_ingredient":[123],"recipe_saison":[143],"recipe_count_portions":4,"recipe_ingedients":[{"recipe_ingedients_amount":".25","recipe_ingedients_unit":"St\u00fcck","recipe_ingedients_product":"Zwiebel"},{"recipe_ingedients_amount":".5","recipe_ingedients_unit":"St\u00fcck","recipe_ingedients_product":"Knoblauchzehen"},{"recipe_ingedients_amount":".25","recipe_ingedients_unit":"St\u00fcck","recipe_ingedients_product":"Chilischote"},{"recipe_ingedients_amount":"1.25","recipe_ingedients_unit":"El","recipe_ingedients_product":"Oliven\u00f6l"},{"recipe_ingedients_amount":".25","recipe_ingedients_unit":"El","recipe_ingedients_product":"Tomatenp\u00fcree"},{"recipe_ingedients_amount":".125","recipe_ingedients_unit":"El","recipe_ingedients_product":"Paprikapulver"},{"recipe_ingedients_amount":"1.25","recipe_ingedients_unit":"ml","recipe_ingedients_product":"Gem\u00fcsebouillon"},{"recipe_ingedients_amount":"62.5","recipe_ingedients_unit":"g","recipe_ingedients_product":"Bulgur oder Reis"},{"recipe_ingedients_amount":"1","recipe_ingedients_unit":"El","recipe_ingedients_product":"Weissweinessig"},{"recipe_ingedients_amount":"125","recipe_ingedients_unit":"g","recipe_ingedients_product":"Cherrytomaten"},{"recipe_ingedients_amount":"62.5","recipe_ingedients_unit":"g","recipe_ingedients_product":"Emmentaler AOP"},{"recipe_ingedients_amount":".25","recipe_ingedients_unit":"Bd","recipe_ingedients_product":"flachbl\u00e4tterige Petersilie"},{"recipe_ingedients_amount":"37.5","recipe_ingedients_unit":"g","recipe_ingedients_product":"gr\u00fcne Oliven mit Mandeln"},{"recipe_ingedients_amount":"","recipe_ingedients_unit":"Bedarf","recipe_ingedients_product":"Nach Bedarf: Salz, Pfeffer"}],"temporare_zutaten":"1 Zwiebel\r\n2 Knoblauchzehen\r\n1 Chilischote\r\n5 EL Oliven\u00f6l\r\n1 EL Tomatenp\u00fcree\r\n\u00bd EL Paprikapulver\r\n5 dl Gem\u00fcsebouillon\r\n250 g Bulgur oder Reis\r\n4 EL Weissweinessig\r\n500 g Cherrytomaten\r\n250 g Emmentaler AOP\r\n1 grosser Bund flachbl\u00e4tterige Petersilie\r\n150 g gr\u00fcne Oliven mit Mandeln\r\nSalz, Pfeffer","recipe_preparation":"Zwiebel und Knoblauch fein hacken. Chilischote evtl. entkernen und in Ringe schneiden. 1 Essl\u00f6ffel \u00d6l leicht erhitzen, Zwiebel, Knoblauch und Chilischote darin and\u00fcnsten. Tomatenp\u00fcree und Paprikapulver zuf\u00fcgen, kurz mitd\u00fcnsten. Bouillon dazugiessen und aufkochen. Bulgur beigeben, zugedeckt bei schwacher Hitze ca. 15 Minuten garen, bis alle Fl\u00fcssigkeit aufgesogen ist. Etwas ausk\u00fchlen lassen.\r\n\r\nRestliches \u00d6l mit dem Essig verr\u00fchren, Bulgur daruntermischen. Cherrytomaten halbieren. Emmentaler AOP in St\u00e4ngeli schneiden. Petersilie hacken. Tomaten, K\u00e4se, Petersilie und Oliven unter den Bulgur mischen, mit Salz und Pfeffer abschmecken.","recipe_images":[20023,20028]},"_links":{"self":[{"href":"https:\/\/www.emmentaler.ch\/de\/wp-json\/wp\/v2\/recipes\/20012"}],"collection":[{"href":"https:\/\/www.emmentaler.ch\/de\/wp-json\/wp\/v2\/recipes"}],"about":[{"href":"https:\/\/www.emmentaler.ch\/de\/wp-json\/wp\/v2\/types\/recipes"}],"author":[{"embeddable":true,"href":"https:\/\/www.emmentaler.ch\/de\/wp-json\/wp\/v2\/users\/2"}],"version-history":[{"count":1,"href":"https:\/\/www.emmentaler.ch\/de\/wp-json\/wp\/v2\/recipes\/20012\/revisions"}],"predecessor-version":[{"id":137871,"href":"https:\/\/www.emmentaler.ch\/de\/wp-json\/wp\/v2\/recipes\/20012\/revisions\/137871"}],"acf:attachment":[{"embeddable":true,"href":"https:\/\/www.emmentaler.ch\/de\/wp-json\/wp\/v2\/media\/20028"},{"embeddable":true,"href":"https:\/\/www.emmentaler.ch\/de\/wp-json\/wp\/v2\/media\/20023"}],"acf:term":[{"embeddable":true,"taxonomy":"recipe_saison","href":"https:\/\/www.emmentaler.ch\/de\/wp-json\/wp\/v2\/recipe_saison\/143"},{"embeddable":true,"taxonomy":"recipe_main_ingredient","href":"https:\/\/www.emmentaler.ch\/de\/wp-json\/wp\/v2\/recipe_main_ingredient\/123"},{"embeddable":true,"taxonomy":"recipe_diet_type","href":"https:\/\/www.emmentaler.ch\/de\/wp-json\/wp\/v2\/recipe_diet_type\/132"},{"embeddable":true,"taxonomy":"recipe_diet_type","href":"https:\/\/www.emmentaler.ch\/de\/wp-json\/wp\/v2\/recipe_diet_type\/133"},{"embeddable":true,"taxonomy":"recipe_difficulty","href":"https:\/\/www.emmentaler.ch\/de\/wp-json\/wp\/v2\/recipe_difficulty\/125"},{"embeddable":true,"taxonomy":"recipe_categories","href":"https:\/\/www.emmentaler.ch\/de\/wp-json\/wp\/v2\/recipe_categories\/86"},{"embeddable":true,"taxonomy":"recipe_preparation_time","href":"https:\/\/www.emmentaler.ch\/de\/wp-json\/wp\/v2\/recipe_preparation_time\/154"}],"acf:post":[{"embeddable":true,"href":"https:\/\/www.emmentaler.ch\/de\/wp-json\/wp\/v2\/pages\/5195"}],"wp:featuredmedia":[{"embeddable":true,"href":"https:\/\/www.emmentaler.ch\/de\/wp-json\/wp\/v2\/media\/20028"}],"wp:attachment":[{"href":"https:\/\/www.emmentaler.ch\/de\/wp-json\/wp\/v2\/media?parent=20012"}],"wp:term":[{"taxonomy":"post_tag","embeddable":true,"href":"https:\/\/www.emmentaler.ch\/de\/wp-json\/wp\/v2\/tags?post=20012"},{"taxonomy":"recipe_categories","embeddable":true,"href":"https:\/\/www.emmentaler.ch\/de\/wp-json\/wp\/v2\/recipe_categories?post=20012"},{"taxonomy":"et_countries","embeddable":true,"href":"https:\/\/www.emmentaler.ch\/de\/wp-json\/wp\/v2\/et_countries?post=20012"},{"taxonomy":"recipe_main_ingredient","embeddable":true,"href":"https:\/\/www.emmentaler.ch\/de\/wp-json\/wp\/v2\/recipe_main_ingredient?post=20012"},{"taxonomy":"recipe_difficulty","embeddable":true,"href":"https:\/\/www.emmentaler.ch\/de\/wp-json\/wp\/v2\/recipe_difficulty?post=20012"},{"taxonomy":"recipe_preparation_time","embeddable":true,"href":"https:\/\/www.emmentaler.ch\/de\/wp-json\/wp\/v2\/recipe_preparation_time?post=20012"},{"taxonomy":"recipe_diet_type","embeddable":true,"href":"https:\/\/www.emmentaler.ch\/de\/wp-json\/wp\/v2\/recipe_diet_type?post=20012"},{"taxonomy":"recipe_saison","embeddable":true,"href":"https:\/\/www.emmentaler.ch\/de\/wp-json\/wp\/v2\/recipe_saison?post=20012"}],"curies":[{"name":"wp","href":"https:\/\/api.w.org\/{rel}","templated":true}]}}

25 Minuten, plus Abkühlzeit

Stück

Olivenöl

Tomatenpüree

Gemüsebouillon

flachblätterige Petersilie

grüne Oliven mit Mandeln

1 Zwiebel
2 Knoblauchzehen
1 Chilischote
5 EL Olivenöl
1 EL Tomatenpüree
½ EL Paprikapulver
5 dl Gemüsebouillon
250 g Bulgur oder Reis
4 EL Weissweinessig
500 g Cherrytomaten
250 g Emmentaler AOP
1 grosser Bund flachblätterige Petersilie
150 g grüne Oliven mit Mandeln
Salz, Pfeffer

Zwiebel und Knoblauch fein hacken. Chilischote evtl. entkernen und in Ringe schneiden. 1 Esslöffel Öl leicht erhitzen, Zwiebel, Knoblauch und Chilischote darin andünsten. Tomatenpüree und Paprikapulver zufügen, kurz mitdünsten. Bouillon dazugiessen und aufkochen. Bulgur beigeben, zugedeckt bei schwacher Hitze ca. 15 Minuten garen, bis alle Flüssigkeit aufgesogen ist. Etwas auskühlen lassen.

Restliches Öl mit dem Essig verrühren, Bulgur daruntermischen. Cherrytomaten halbieren. Emmentaler AOP in Stängeli schneiden. Petersilie hacken. Tomaten, Käse, Petersilie und Oliven unter den Bulgur mischen, mit Salz und Pfeffer abschmecken.
