{"id":20105,"date":"2022-04-27T13:33:36","date_gmt":"2022-04-27T11:33:36","guid":{"rendered":"https:\/\/www.emmentaler.ch\/rezept\/chicoree-im-gruenen-kartoffelbeet"},"modified":"2024-07-24T13:36:10","modified_gmt":"2024-07-24T11:36:10","slug":"chicoree-im-gruenen-kartoffelbeet","status":"publish","type":"recipes","link":"https:\/\/www.emmentaler.ch\/de\/rezept\/chicoree-im-gruenen-kartoffelbeet","title":{"rendered":"Chicor\u00e9e im gr\u00fcnen Kartoffelbeet"},"author":2,"featured_media":20121,"menu_order":0,"template":"","meta":{"inline_featured_image":false},"tags":[],"recipe_categories":[86],"et_countries":[],"recipe_main_ingredient":[120],"recipe_difficulty":[125],"recipe_preparation_time":[153],"recipe_diet_type":[],"recipe_saison":[137,136],"acf":{"recipe_preparation_time":153,"recipe_categories":86,"recipe_time_txt":"40 Minuten, plus 10 Minuten zum Backen","recipe_type":5236,"recipe_difficulty":125,"recipe_diet_type":false,"recipe_main_ingredient":[120],"recipe_saison":[137,136],"recipe_count_portions":4,"recipe_ingedients":[{"recipe_ingedients_amount":"250","recipe_ingedients_unit":"g","recipe_ingedients_product":"mehligkochende Kartoffeln"},{"recipe_ingedients_amount":"2","recipe_ingedients_unit":"St\u00fcck","recipe_ingedients_product":"Chicor\u00e9estangen"},{"recipe_ingedients_amount":"62.5","recipe_ingedients_unit":"g","recipe_ingedients_product":"rezenter Emmentaler AOP"},{"recipe_ingedients_amount":"4","recipe_ingedients_unit":"St\u00fcck","recipe_ingedients_product":"Tranchen Rohschinken"},{"recipe_ingedients_amount":".5","recipe_ingedients_unit":"Bd","recipe_ingedients_product":"flache Petersilie"},{"recipe_ingedients_amount":"25","recipe_ingedients_unit":"ml","recipe_ingedients_product":"Milch oder Rahm"},{"recipe_ingedients_amount":".25","recipe_ingedients_unit":"Tl","recipe_ingedients_product":"abgeriebene Zitronenschale"},{"recipe_ingedients_amount":"","recipe_ingedients_unit":"Bedarf","recipe_ingedients_product":"nach Bedarf: Salz, Pfeffer"}],"temporare_zutaten":"1 kg mehligkochende Kartoffeln\r\nSalz\r\n8 Chicor\u00e9estangen, ca. 1 kg\r\n250 g rezenter Emmentaler AOP\r\n16 Tranchen Rohschinken\r\n2 Bund flache Petersilie\r\n1-1,5 dl Milch oder Rahm\r\n1 TL abgeriebene Zitronenschale\r\nPfeffer","recipe_preparation":"Kartoffeln sch\u00e4len, in W\u00fcrfel schneiden und in kochendem Salzwasser weich garen.\r\n\r\nIn der Zwischenzeit Chicor\u00e9e l\u00e4ngs halbieren, in einer weiten Pfanne mit wenig Salzwasser 5-10 Minuten zugedeckt knapp weich kochen, gut abtropfen lassen. Emmentaler AOP in ca. 7 mm dicke Scheiben schneiden. 4 Chicor\u00e9eh\u00e4lften mit K\u00e4sescheiben belegen, restliche Chicor\u00e9eh\u00e4lften darauf legen und mit Rohschinken einwickeln.\r\n\r\nKartoffeln abgiessen und durch ein Passevit treiben. Petersilie fein hacken, mit Zitronenschale und Milch zu den Kartoffeln geben und alles gut mischen. Mit Salz und Pfeffer abschmecken. Kartoffelp\u00fcree in eine Gratinform geben, Chicor\u00e9ep\u00e4ckli darauf legen.\r\n\r\nIn der Mitte des 220 Grad heissen Ofen ca. 10 Minuten \u00fcberbacken.","recipe_images":[20121]},"_links":{"self":[{"href":"https:\/\/www.emmentaler.ch\/de\/wp-json\/wp\/v2\/recipes\/20105"}],"collection":[{"href":"https:\/\/www.emmentaler.ch\/de\/wp-json\/wp\/v2\/recipes"}],"about":[{"href":"https:\/\/www.emmentaler.ch\/de\/wp-json\/wp\/v2\/types\/recipes"}],"author":[{"embeddable":true,"href":"https:\/\/www.emmentaler.ch\/de\/wp-json\/wp\/v2\/users\/2"}],"version-history":[{"count":2,"href":"https:\/\/www.emmentaler.ch\/de\/wp-json\/wp\/v2\/recipes\/20105\/revisions"}],"predecessor-version":[{"id":137874,"href":"https:\/\/www.emmentaler.ch\/de\/wp-json\/wp\/v2\/recipes\/20105\/revisions\/137874"}],"acf:attachment":[{"embeddable":true,"href":"https:\/\/www.emmentaler.ch\/de\/wp-json\/wp\/v2\/media\/20121"}],"acf:term":[{"embeddable":true,"taxonomy":"recipe_saison","href":"https:\/\/www.emmentaler.ch\/de\/wp-json\/wp\/v2\/recipe_saison\/136"},{"embeddable":true,"taxonomy":"recipe_saison","href":"https:\/\/www.emmentaler.ch\/de\/wp-json\/wp\/v2\/recipe_saison\/137"},{"embeddable":true,"taxonomy":"recipe_main_ingredient","href":"https:\/\/www.emmentaler.ch\/de\/wp-json\/wp\/v2\/recipe_main_ingredient\/120"},{"embeddable":true,"taxonomy":"recipe_difficulty","href":"https:\/\/www.emmentaler.ch\/de\/wp-json\/wp\/v2\/recipe_difficulty\/125"},{"embeddable":true,"taxonomy":"recipe_categories","href":"https:\/\/www.emmentaler.ch\/de\/wp-json\/wp\/v2\/recipe_categories\/86"},{"embeddable":true,"taxonomy":"recipe_preparation_time","href":"https:\/\/www.emmentaler.ch\/de\/wp-json\/wp\/v2\/recipe_preparation_time\/153"}],"acf:post":[{"embeddable":true,"href":"https:\/\/www.emmentaler.ch\/de\/wp-json\/wp\/v2\/pages\/5236"}],"wp:featuredmedia":[{"embeddable":true,"href":"https:\/\/www.emmentaler.ch\/de\/wp-json\/wp\/v2\/media\/20121"}],"wp:attachment":[{"href":"https:\/\/www.emmentaler.ch\/de\/wp-json\/wp\/v2\/media?parent=20105"}],"wp:term":[{"taxonomy":"post_tag","embeddable":true,"href":"https:\/\/www.emmentaler.ch\/de\/wp-json\/wp\/v2\/tags?post=20105"},{"taxonomy":"recipe_categories","embeddable":true,"href":"https:\/\/www.emmentaler.ch\/de\/wp-json\/wp\/v2\/recipe_categories?post=20105"},{"taxonomy":"et_countries","embeddable":true,"href":"https:\/\/www.emmentaler.ch\/de\/wp-json\/wp\/v2\/et_countries?post=20105"},{"taxonomy":"recipe_main_ingredient","embeddable":true,"href":"https:\/\/www.emmentaler.ch\/de\/wp-json\/wp\/v2\/recipe_main_ingredient?post=20105"},{"taxonomy":"recipe_difficulty","embeddable":true,"href":"https:\/\/www.emmentaler.ch\/de\/wp-json\/wp\/v2\/recipe_difficulty?post=20105"},{"taxonomy":"recipe_preparation_time","embeddable":true,"href":"https:\/\/www.emmentaler.ch\/de\/wp-json\/wp\/v2\/recipe_preparation_time?post=20105"},{"taxonomy":"recipe_diet_type","embeddable":true,"href":"https:\/\/www.emmentaler.ch\/de\/wp-json\/wp\/v2\/recipe_diet_type?post=20105"},{"taxonomy":"recipe_saison","embeddable":true,"href":"https:\/\/www.emmentaler.ch\/de\/wp-json\/wp\/v2\/recipe_saison?post=20105"}],"curies":[{"name":"wp","href":"https:\/\/api.w.org\/{rel}","templated":true}]}}

Chicorée im grünen Kartoffelbeet

Stück

Chicoréestangen

1 kg mehligkochende Kartoffeln
Salz
8 Chicoréestangen, ca. 1 kg
250 g rezenter Emmentaler AOP
16 Tranchen Rohschinken
2 Bund flache Petersilie
1-1,5 dl Milch oder Rahm
1 TL abgeriebene Zitronenschale
Pfeffer

Kartoffeln schälen, in Würfel schneiden und in kochendem Salzwasser weich garen.

In der Zwischenzeit Chicorée längs halbieren, in einer weiten Pfanne mit wenig Salzwasser 5-10 Minuten zugedeckt knapp weich kochen, gut abtropfen lassen. Emmentaler AOP in ca. 7 mm dicke Scheiben schneiden. 4 Chicoréehälften mit Käsescheiben belegen, restliche Chicoréehälften darauf legen und mit Rohschinken einwickeln.

Kartoffeln abgiessen und durch ein Passevit treiben. Petersilie fein hacken, mit Zitronenschale und Milch zu den Kartoffeln geben und alles gut mischen. Mit Salz und Pfeffer abschmecken. Kartoffelpüree in eine Gratinform geben, Chicoréepäckli darauf legen.

In der Mitte des 220 Grad heissen Ofen ca. 10 Minuten überbacken.
