{"id":20136,"date":"2022-04-27T13:34:07","date_gmt":"2022-04-27T11:34:07","guid":{"rendered":"https:\/\/www.emmentaler.ch\/rezept\/chili-con-queso"},"modified":"2022-07-29T15:13:03","modified_gmt":"2022-07-29T13:13:03","slug":"chili-con-queso","status":"publish","type":"recipes","link":"https:\/\/www.emmentaler.ch\/de\/rezept\/chili-con-queso","title":{"rendered":"Chili con Queso"},"author":2,"featured_media":20162,"menu_order":0,"template":"","meta":{"inline_featured_image":false},"tags":[],"recipe_categories":[86],"et_countries":[],"recipe_main_ingredient":[123],"recipe_difficulty":[126],"recipe_preparation_time":[156],"recipe_diet_type":[134,133,132],"recipe_saison":[143],"acf":{"recipe_preparation_time":156,"recipe_categories":86,"recipe_time_txt":"40 Minuten, plus Einweichen","recipe_type":5221,"recipe_difficulty":126,"recipe_diet_type":[134,133,132],"recipe_main_ingredient":[123],"recipe_saison":[143],"recipe_count_portions":4,"recipe_ingedients":[{"recipe_ingedients_amount":"62.5","recipe_ingedients_unit":"g","recipe_ingedients_product":"gemischte H\u00fclsenfr\u00fcchte, z.B. Kidneybohnen, rote oder weisse Bohnen"},{"recipe_ingedients_amount":"0.0625","recipe_ingedients_unit":"Tl","recipe_ingedients_product":"Natron"},{"recipe_ingedients_amount":".25","recipe_ingedients_unit":"El","recipe_ingedients_product":"Bratbutter"},{"recipe_ingedients_amount":".25","recipe_ingedients_unit":"St\u00fcck","recipe_ingedients_product":"rote Zwiebel, fein geschnitten"},{"recipe_ingedients_amount":".25","recipe_ingedients_unit":"g","recipe_ingedients_product":"Knoblauchzehe, gehackt"},{"recipe_ingedients_amount":".25","recipe_ingedients_unit":"El","recipe_ingedients_product":"Kreuzk\u00fcmmel"},{"recipe_ingedients_amount":".25","recipe_ingedients_unit":"St\u00fcck","recipe_ingedients_product":"Chili, fein geschnitten (je nachdem, wie scharf man\u2019s mag)"},{"recipe_ingedients_amount":".125","recipe_ingedients_unit":"Tl","recipe_ingedients_product":"Smoked Paprika"},{"recipe_ingedients_amount":".125","recipe_ingedients_unit":"Tl","recipe_ingedients_product":"getrockneter Oregano"},{"recipe_ingedients_amount":".25","recipe_ingedients_unit":"St\u00fcck","recipe_ingedients_product":"rote Peperoni, in Streifen geschnitten"},{"recipe_ingedients_amount":".25","recipe_ingedients_unit":"St\u00fcck","recipe_ingedients_product":"St\u00e4ngel Stangensellerie, in Streifen geschnitten"},{"recipe_ingedients_amount":".25","recipe_ingedients_unit":"St\u00fcck","recipe_ingedients_product":"Karotte, in W\u00fcrfel geschnitten"},{"recipe_ingedients_amount":".25","recipe_ingedients_unit":"St\u00fcck","recipe_ingedients_product":"Pastinake, gesch\u00e4lt, in W\u00fcrfel geschnitten"},{"recipe_ingedients_amount":"12.5","recipe_ingedients_unit":"g","recipe_ingedients_product":"Baumn\u00fcsse, sehr fein gehackt"},{"recipe_ingedients_amount":".25","recipe_ingedients_unit":"Dose","recipe_ingedients_product":"Pelati (1 Dose = 400g)"},{"recipe_ingedients_amount":"75","recipe_ingedients_unit":"ml","recipe_ingedients_product":"Wasser"},{"recipe_ingedients_amount":".25","recipe_ingedients_unit":"Tl","recipe_ingedients_product":"Salz"},{"recipe_ingedients_amount":".75","recipe_ingedients_unit":"El","recipe_ingedients_product":"Aceto Balsamico"},{"recipe_ingedients_amount":".5","recipe_ingedients_unit":"El","recipe_ingedients_product":"Espresso (aufgebr\u00fcht)"},{"recipe_ingedients_amount":"5","recipe_ingedients_unit":"g","recipe_ingedients_product":"dunkle Schokolade, in St\u00fccke gehackt"},{"recipe_ingedients_amount":"25","recipe_ingedients_unit":"g","recipe_ingedients_product":"Emmentaler AOP, z.B. Surchoix, grob gerieben"},{"recipe_ingedients_amount":"","recipe_ingedients_unit":"Bedarf","recipe_ingedients_product":"Pfeffer"}],"temporare_zutaten":"250 g gemischte H\u00fclsenfr\u00fcchte, z.B. Kidneybohnen, rote oder weisse Bohnen\r\n\u00bc TL Natron\r\n1 EL Bratbutter\r\n1 rote Zwiebel, fein geschnitten\r\n1 Knoblauchzehe, gehackt\r\n1 EL Kreuzk\u00fcmmel\r\n\u00bd\u20131 Chili, fein geschnitten (je nachdem, wie scharf man\u2019s mag)\r\n\u00bd TL Smoked Paprika\r\n\u00bd TL getrockneter Oregano\r\n1 rote Peperoni, in Streifen geschnitten\r\n1 St\u00e4ngel Stangensellerie, in Streifen geschnitten\r\n1 Karotte, in W\u00fcrfel geschnitten\r\n1 Pastinake, gesch\u00e4lt, in W\u00fcrfel geschnitten\r\n50 g Baumn\u00fcsse, sehr fein gehackt\r\n1 Dose Pelati, 400 g\r\n3 dl Wasser\r\n1 TL Salz\r\n2\u20133 EL Aceto Balsamico\r\n2 EL Espresso (aufgebr\u00fcht)\r\n20 g dunkle Schokolade, in St\u00fccke gehackt\r\n100 g Emmentaler AOP, z.B. Surchoix, grob gerieben\r\nPfeffer","recipe_preparation":"Bohnen \u00fcber Nacht in kaltem Wasser quellen lassen. (Das lohnt sich, da die Bohnen danach schneller und gleichm\u00e4ssiger kochen.) Gequellte Bohnen abgiessen und mit frischem Wasser aufsetzen. Natron beif\u00fcgen, weich kochen, abgiessen und zur Seite stellen.\r\n\r\nF\u00fcr feine R\u00f6staromen: Bratbutter in einem Schmortopf heiss werden lassen. Zwiebel, Knoblauch und Gew\u00fcrze beif\u00fcgen, einige Minuten unter R\u00fchren and\u00fcnsten, bis es gut riecht. Gem\u00fcse beif\u00fcgen, einige Minuten mitd\u00fcnsten. Bohnen, N\u00fcsse, Tomaten samt Saft, Wasser und Salz dazugeben. 20 Minuten zugedeckt k\u00f6cheln lassen. Aceto, Espresso und Schokolade dazugeben. 5 Minuten offen weiterk\u00f6cheln. Mit Emmentaler AOP, Salz und Pfeffer abschmecken.\r\n\r\nChili anrichten, mit Koriander, Joghurt, Limettenschnitzen, Maistortillas, Guacamole und grob geriebenem Emmentaler AOP servieren.\r\n\r\nTipp: Das Chili l\u00e4sst sich saisonal variieren: im Fr\u00fchling mit Bundkarotten, frischen Erbsen, Zuckererbsen, Kohlrabi oder Mair\u00fcbchen bei angepassten Kochzeiten zubereiten.","recipe_images":[20157,20162]},"_links":{"self":[{"href":"https:\/\/www.emmentaler.ch\/de\/wp-json\/wp\/v2\/recipes\/20136"}],"collection":[{"href":"https:\/\/www.emmentaler.ch\/de\/wp-json\/wp\/v2\/recipes"}],"about":[{"href":"https:\/\/www.emmentaler.ch\/de\/wp-json\/wp\/v2\/types\/recipes"}],"author":[{"embeddable":true,"href":"https:\/\/www.emmentaler.ch\/de\/wp-json\/wp\/v2\/users\/2"}],"version-history":[{"count":0,"href":"https:\/\/www.emmentaler.ch\/de\/wp-json\/wp\/v2\/recipes\/20136\/revisions"}],"acf:attachment":[{"embeddable":true,"href":"https:\/\/www.emmentaler.ch\/de\/wp-json\/wp\/v2\/media\/20162"},{"embeddable":true,"href":"https:\/\/www.emmentaler.ch\/de\/wp-json\/wp\/v2\/media\/20157"}],"acf:term":[{"embeddable":true,"taxonomy":"recipe_saison","href":"https:\/\/www.emmentaler.ch\/de\/wp-json\/wp\/v2\/recipe_saison\/143"},{"embeddable":true,"taxonomy":"recipe_main_ingredient","href":"https:\/\/www.emmentaler.ch\/de\/wp-json\/wp\/v2\/recipe_main_ingredient\/123"},{"embeddable":true,"taxonomy":"recipe_diet_type","href":"https:\/\/www.emmentaler.ch\/de\/wp-json\/wp\/v2\/recipe_diet_type\/132"},{"embeddable":true,"taxonomy":"recipe_diet_type","href":"https:\/\/www.emmentaler.ch\/de\/wp-json\/wp\/v2\/recipe_diet_type\/133"},{"embeddable":true,"taxonomy":"recipe_diet_type","href":"https:\/\/www.emmentaler.ch\/de\/wp-json\/wp\/v2\/recipe_diet_type\/134"},{"embeddable":true,"taxonomy":"recipe_difficulty","href":"https:\/\/www.emmentaler.ch\/de\/wp-json\/wp\/v2\/recipe_difficulty\/126"},{"embeddable":true,"taxonomy":"recipe_categories","href":"https:\/\/www.emmentaler.ch\/de\/wp-json\/wp\/v2\/recipe_categories\/86"},{"embeddable":true,"taxonomy":"recipe_preparation_time","href":"https:\/\/www.emmentaler.ch\/de\/wp-json\/wp\/v2\/recipe_preparation_time\/156"}],"acf:post":[{"embeddable":true,"href":"https:\/\/www.emmentaler.ch\/de\/wp-json\/wp\/v2\/pages\/5221"}],"wp:featuredmedia":[{"embeddable":true,"href":"https:\/\/www.emmentaler.ch\/de\/wp-json\/wp\/v2\/media\/20162"}],"wp:attachment":[{"href":"https:\/\/www.emmentaler.ch\/de\/wp-json\/wp\/v2\/media?parent=20136"}],"wp:term":[{"taxonomy":"post_tag","embeddable":true,"href":"https:\/\/www.emmentaler.ch\/de\/wp-json\/wp\/v2\/tags?post=20136"},{"taxonomy":"recipe_categories","embeddable":true,"href":"https:\/\/www.emmentaler.ch\/de\/wp-json\/wp\/v2\/recipe_categories?post=20136"},{"taxonomy":"et_countries","embeddable":true,"href":"https:\/\/www.emmentaler.ch\/de\/wp-json\/wp\/v2\/et_countries?post=20136"},{"taxonomy":"recipe_main_ingredient","embeddable":true,"href":"https:\/\/www.emmentaler.ch\/de\/wp-json\/wp\/v2\/recipe_main_ingredient?post=20136"},{"taxonomy":"recipe_difficulty","embeddable":true,"href":"https:\/\/www.emmentaler.ch\/de\/wp-json\/wp\/v2\/recipe_difficulty?post=20136"},{"taxonomy":"recipe_preparation_time","embeddable":true,"href":"https:\/\/www.emmentaler.ch\/de\/wp-json\/wp\/v2\/recipe_preparation_time?post=20136"},{"taxonomy":"recipe_diet_type","embeddable":true,"href":"https:\/\/www.emmentaler.ch\/de\/wp-json\/wp\/v2\/recipe_diet_type?post=20136"},{"taxonomy":"recipe_saison","embeddable":true,"href":"https:\/\/www.emmentaler.ch\/de\/wp-json\/wp\/v2\/recipe_saison?post=20136"}],"curies":[{"name":"wp","href":"https:\/\/api.w.org\/{rel}","templated":true}]}}

gemischte Hülsenfrüchte, z.B. Kidneybohnen, rote oder weisse Bohnen

Stück

Kreuzkümmel

Stängel Stangensellerie, in Streifen geschnitten

Karotte, in Würfel geschnitten

Pastinake, geschält, in Würfel geschnitten

Baumnüsse, sehr fein gehackt

Espresso (aufgebrüht)

dunkle Schokolade, in Stücke gehackt

250 g gemischte Hülsenfrüchte, z.B. Kidneybohnen, rote oder weisse Bohnen
¼ TL Natron
1 EL Bratbutter
1 rote Zwiebel, fein geschnitten
1 Knoblauchzehe, gehackt
1 EL Kreuzkümmel
½–1 Chili, fein geschnitten (je nachdem, wie scharf man’s mag)
½ TL Smoked Paprika
½ TL getrockneter Oregano
1 rote Peperoni, in Streifen geschnitten
1 Stängel Stangensellerie, in Streifen geschnitten
1 Karotte, in Würfel geschnitten
1 Pastinake, geschält, in Würfel geschnitten
50 g Baumnüsse, sehr fein gehackt
1 Dose Pelati, 400 g
3 dl Wasser
1 TL Salz
2–3 EL Aceto Balsamico
2 EL Espresso (aufgebrüht)
20 g dunkle Schokolade, in Stücke gehackt
100 g Emmentaler AOP, z.B. Surchoix, grob gerieben
Pfeffer

Bohnen über Nacht in kaltem Wasser quellen lassen. (Das lohnt sich, da die Bohnen danach schneller und gleichmässiger kochen.) Gequellte Bohnen abgiessen und mit frischem Wasser aufsetzen. Natron beifügen, weich kochen, abgiessen und zur Seite stellen.

Für feine Röstaromen: Bratbutter in einem Schmortopf heiss werden lassen. Zwiebel, Knoblauch und Gewürze beifügen, einige Minuten unter Rühren andünsten, bis es gut riecht. Gemüse beifügen, einige Minuten mitdünsten. Bohnen, Nüsse, Tomaten samt Saft, Wasser und Salz dazugeben. 20 Minuten zugedeckt köcheln lassen. Aceto, Espresso und Schokolade dazugeben. 5 Minuten offen weiterköcheln. Mit Emmentaler AOP, Salz und Pfeffer abschmecken.

Chili anrichten, mit Koriander, Joghurt, Limettenschnitzen, Maistortillas, Guacamole und grob geriebenem Emmentaler AOP servieren.

Tipp: Das Chili lässt sich saisonal variieren: im Frühling mit Bundkarotten, frischen Erbsen, Zuckererbsen, Kohlrabi oder Mairübchen bei angepassten Kochzeiten zubereiten.
