{"id":20258,"date":"2022-04-27T13:34:07","date_gmt":"2022-04-27T11:34:07","guid":{"rendered":"https:\/\/www.emmentaler.ch\/rezept\/dinkelbroetli-mit-emmentaler-aop-kuerbiskernkruste"},"modified":"2022-08-02T17:04:17","modified_gmt":"2022-08-02T15:04:17","slug":"dinkelbroetli-mit-emmentaler-aop-kuerbiskernkruste","status":"publish","type":"recipes","link":"https:\/\/www.emmentaler.ch\/de\/rezept\/dinkelbroetli-mit-emmentaler-aop-kuerbiskernkruste","title":{"rendered":"Dinkelbr\u00f6tli mit Emmentaler-AOP-K\u00fcrbiskernkruste"},"author":2,"featured_media":45355,"menu_order":0,"template":"","meta":{"inline_featured_image":false},"tags":[],"recipe_categories":[152],"et_countries":[],"recipe_main_ingredient":[123],"recipe_difficulty":[126],"recipe_preparation_time":[153],"recipe_diet_type":[133,132],"recipe_saison":[143],"acf":{"recipe_preparation_time":153,"recipe_categories":152,"recipe_time_txt":"Vorbereitung: 30 Minuten, Zubereitung: 20 Minuten backen","recipe_type":5203,"recipe_difficulty":126,"recipe_diet_type":[133,132],"recipe_main_ingredient":[123],"recipe_saison":[143],"recipe_count_portions":4,"recipe_ingedients":[{"recipe_ingedients_amount":"125","recipe_ingedients_unit":"g","recipe_ingedients_product":"Dinkelmehl, weiss oder Ruch"},{"recipe_ingedients_amount":".5","recipe_ingedients_unit":"Tl","recipe_ingedients_product":"Trockenhefe"},{"recipe_ingedients_amount":".5","recipe_ingedients_unit":"Tl","recipe_ingedients_product":"Honig"},{"recipe_ingedients_amount":"100","recipe_ingedients_unit":"ml","recipe_ingedients_product":"Mineralwasser (temperiert)"},{"recipe_ingedients_amount":".25","recipe_ingedients_unit":"Tl","recipe_ingedients_product":"Meersalz"},{"recipe_ingedients_amount":"12.5","recipe_ingedients_unit":"g","recipe_ingedients_product":"K\u00fcrbiskerne, gehackt"},{"recipe_ingedients_amount":"12.5","recipe_ingedients_unit":"g","recipe_ingedients_product":"geriebener Emmentaler AOP (R\u00e9serve)"}],"temporare_zutaten":"500 g Dinkelmehl, weiss oder Ruch\r\n2 TL Trockenhefe\r\n2 TL Honig\r\n300\u2013400 ml Mineralwasser (temperiert)\r\n1 TL Meersalz\r\n50 g K\u00fcrbiskerne, gehackt\r\n50 g geriebener Emmentaler AOP (R\u00e9serve)","recipe_preparation":"F\u00fcr den Vorteig 50 g Mehl, Hefe, Honig und 100 ml Mineralwasser in einer Sch\u00fcssel glatt r\u00fchren. Zugedeckt 30 Minuten bei Raumtemperatur stehen lassen, bis der Vorteig Blasen wirft.\r\n\r\nRestliches Mehl mit Salz mischen. Vorteig und restliches Wasser beif\u00fcgen, zu einem Teig zusammenf\u00fcgen, kr\u00e4ftig kneten. Mit einem feuchten Tuch bedeckt 2 Stunden auf das Doppelte gehen lassen. Oder in einen Tiefk\u00fchlbeutel geben und \u00fcber Nacht in den K\u00fchlschrank stellen.\r\n\r\nVor dem Formen Teig nochmals kurz durchkneten. In Portionen von 70\u201380 g teilen. Auf leicht bemehlter Arbeitsfl\u00e4che zu Kugeln formen. Mit etwas Abstand auf ein mit Backpapier belegtes Blech setzen. Mit einer scharfen Klinge kreuzweise einritzen.\r\n\r\nTeiglinge mit Wasser bespr\u00fchen, mit K\u00fcrbiskernen und Emmentaler AOP dicht bestreuen. Bei Raumtemperatur 60 Minuten aufgehen lassen. Backofen auf 220 Grad vorheizen.\r\n\r\nBr\u00f6tchen in der Mitte des Ofens ca. 20 Minuten backen. Herausnehmen, auf einem Kuchengitter ausk\u00fchlen lassen.\r\n\r\nMit Honig und Butter servieren. \r\n\r\n<strong>Tipp: Hefeteige aus Dinkelmehl sind sehr elastisch, deshalb werden die Br\u00f6tchen eher flach.<\/strong>","recipe_images":[20284,20294,20289]},"_links":{"self":[{"href":"https:\/\/www.emmentaler.ch\/de\/wp-json\/wp\/v2\/recipes\/20258"}],"collection":[{"href":"https:\/\/www.emmentaler.ch\/de\/wp-json\/wp\/v2\/recipes"}],"about":[{"href":"https:\/\/www.emmentaler.ch\/de\/wp-json\/wp\/v2\/types\/recipes"}],"author":[{"embeddable":true,"href":"https:\/\/www.emmentaler.ch\/de\/wp-json\/wp\/v2\/users\/2"}],"version-history":[{"count":0,"href":"https:\/\/www.emmentaler.ch\/de\/wp-json\/wp\/v2\/recipes\/20258\/revisions"}],"acf:attachment":[{"embeddable":true,"href":"https:\/\/www.emmentaler.ch\/de\/wp-json\/wp\/v2\/media\/20289"},{"embeddable":true,"href":"https:\/\/www.emmentaler.ch\/de\/wp-json\/wp\/v2\/media\/20294"},{"embeddable":true,"href":"https:\/\/www.emmentaler.ch\/de\/wp-json\/wp\/v2\/media\/20284"}],"acf:term":[{"embeddable":true,"taxonomy":"recipe_saison","href":"https:\/\/www.emmentaler.ch\/de\/wp-json\/wp\/v2\/recipe_saison\/143"},{"embeddable":true,"taxonomy":"recipe_main_ingredient","href":"https:\/\/www.emmentaler.ch\/de\/wp-json\/wp\/v2\/recipe_main_ingredient\/123"},{"embeddable":true,"taxonomy":"recipe_diet_type","href":"https:\/\/www.emmentaler.ch\/de\/wp-json\/wp\/v2\/recipe_diet_type\/132"},{"embeddable":true,"taxonomy":"recipe_diet_type","href":"https:\/\/www.emmentaler.ch\/de\/wp-json\/wp\/v2\/recipe_diet_type\/133"},{"embeddable":true,"taxonomy":"recipe_difficulty","href":"https:\/\/www.emmentaler.ch\/de\/wp-json\/wp\/v2\/recipe_difficulty\/126"},{"embeddable":true,"taxonomy":"recipe_categories","href":"https:\/\/www.emmentaler.ch\/de\/wp-json\/wp\/v2\/recipe_categories\/152"},{"embeddable":true,"taxonomy":"recipe_preparation_time","href":"https:\/\/www.emmentaler.ch\/de\/wp-json\/wp\/v2\/recipe_preparation_time\/153"}],"acf:post":[{"embeddable":true,"href":"https:\/\/www.emmentaler.ch\/de\/wp-json\/wp\/v2\/pages\/5203"}],"wp:featuredmedia":[{"embeddable":true,"href":"https:\/\/www.emmentaler.ch\/de\/wp-json\/wp\/v2\/media\/45355"}],"wp:attachment":[{"href":"https:\/\/www.emmentaler.ch\/de\/wp-json\/wp\/v2\/media?parent=20258"}],"wp:term":[{"taxonomy":"post_tag","embeddable":true,"href":"https:\/\/www.emmentaler.ch\/de\/wp-json\/wp\/v2\/tags?post=20258"},{"taxonomy":"recipe_categories","embeddable":true,"href":"https:\/\/www.emmentaler.ch\/de\/wp-json\/wp\/v2\/recipe_categories?post=20258"},{"taxonomy":"et_countries","embeddable":true,"href":"https:\/\/www.emmentaler.ch\/de\/wp-json\/wp\/v2\/et_countries?post=20258"},{"taxonomy":"recipe_main_ingredient","embeddable":true,"href":"https:\/\/www.emmentaler.ch\/de\/wp-json\/wp\/v2\/recipe_main_ingredient?post=20258"},{"taxonomy":"recipe_difficulty","embeddable":true,"href":"https:\/\/www.emmentaler.ch\/de\/wp-json\/wp\/v2\/recipe_difficulty?post=20258"},{"taxonomy":"recipe_preparation_time","embeddable":true,"href":"https:\/\/www.emmentaler.ch\/de\/wp-json\/wp\/v2\/recipe_preparation_time?post=20258"},{"taxonomy":"recipe_diet_type","embeddable":true,"href":"https:\/\/www.emmentaler.ch\/de\/wp-json\/wp\/v2\/recipe_diet_type?post=20258"},{"taxonomy":"recipe_saison","embeddable":true,"href":"https:\/\/www.emmentaler.ch\/de\/wp-json\/wp\/v2\/recipe_saison?post=20258"}],"curies":[{"name":"wp","href":"https:\/\/api.w.org\/{rel}","templated":true}]}}

Dinkelbrötli mit Emmentaler-AOP-Kürbiskernkruste

Kürbiskerne, gehackt

geriebener Emmentaler AOP (Réserve)

500 g Dinkelmehl, weiss oder Ruch
2 TL Trockenhefe
2 TL Honig
300–400 ml Mineralwasser (temperiert)
1 TL Meersalz
50 g Kürbiskerne, gehackt
50 g geriebener Emmentaler AOP (Réserve)

Für den Vorteig 50 g Mehl, Hefe, Honig und 100 ml Mineralwasser in einer Schüssel glatt rühren. Zugedeckt 30 Minuten bei Raumtemperatur stehen lassen, bis der Vorteig Blasen wirft.

Restliches Mehl mit Salz mischen. Vorteig und restliches Wasser beifügen, zu einem Teig zusammenfügen, kräftig kneten. Mit einem feuchten Tuch bedeckt 2 Stunden auf das Doppelte gehen lassen. Oder in einen Tiefkühlbeutel geben und über Nacht in den Kühlschrank stellen.

Vor dem Formen Teig nochmals kurz durchkneten. In Portionen von 70–80 g teilen. Auf leicht bemehlter Arbeitsfläche zu Kugeln formen. Mit etwas Abstand auf ein mit Backpapier belegtes Blech setzen. Mit einer scharfen Klinge kreuzweise einritzen.

Teiglinge mit Wasser besprühen, mit Kürbiskernen und Emmentaler AOP dicht bestreuen. Bei Raumtemperatur 60 Minuten aufgehen lassen. Backofen auf 220 Grad vorheizen.

Brötchen in der Mitte des Ofens ca. 20 Minuten backen. Herausnehmen, auf einem Kuchengitter auskühlen lassen.

Mit Honig und Butter servieren. 

<strong>Tipp: Hefeteige aus Dinkelmehl sind sehr elastisch, deshalb werden die Brötchen eher flach.</strong>
