{"id":20502,"date":"2022-04-27T13:34:07","date_gmt":"2022-04-27T11:34:07","guid":{"rendered":"https:\/\/www.emmentaler.ch\/rezept\/eier-wrap"},"modified":"2024-07-24T13:17:09","modified_gmt":"2024-07-24T11:17:09","slug":"eier-wrap","status":"publish","type":"recipes","link":"https:\/\/www.emmentaler.ch\/de\/rezept\/eier-wrap","title":{"rendered":"Eier-Wrap"},"author":2,"featured_media":20518,"menu_order":0,"template":"","meta":{"inline_featured_image":false},"tags":[734,788],"recipe_categories":[86],"et_countries":[],"recipe_main_ingredient":[123],"recipe_difficulty":[125],"recipe_preparation_time":[151],"recipe_diet_type":[132],"recipe_saison":[142,143],"acf":{"recipe_preparation_time":151,"recipe_categories":86,"recipe_time_txt":"","recipe_type":5236,"recipe_difficulty":125,"recipe_diet_type":[132],"recipe_main_ingredient":[123],"recipe_saison":[142,143],"recipe_count_portions":4,"recipe_ingedients":[{"recipe_ingedients_amount":"","recipe_ingedients_unit":"g","recipe_ingedients_product":""}],"temporare_zutaten":"2 hart gekochte Eier\r\n2 Bund Schnittlauch\r\n125 g Magerquark\r\n2 EL Mayonnaise\r\n120 g Emmentaler AOP\r\n1 Tomate\r\n3 EL Kapern\r\nSalz, Pfeffer\r\n2-3 Bl\u00e4tter Eisbergsalat\r\n4 Soft Wrap Tortillas","recipe_preparation":"Eier sch\u00e4len und hacken, Schnittlauch fein schneiden. Quark und Mayonnaise verr\u00fchren, Eier und Schnittlauch untermischen.\r\n\r\nEmmentaler AOP auf der R\u00f6stiraffel reiben, Tomate halbieren, entkernen und klein w\u00fcrfeln. Kapern, K\u00e4se und Tomate mit der Eier-Creme vermengen, w\u00fcrzen. Salat in Streifen schneiden.\r\n\r\nCreme auf den Tortillas verteilen, unten einen Rand von ca. 3 cm frei lassen. Salat dar\u00fcber streuen. Unteren Rand \u00fcber die F\u00fcllung klappen, Tortillas satt einrollen.","recipe_images":[20518]},"_links":{"self":[{"href":"https:\/\/www.emmentaler.ch\/de\/wp-json\/wp\/v2\/recipes\/20502"}],"collection":[{"href":"https:\/\/www.emmentaler.ch\/de\/wp-json\/wp\/v2\/recipes"}],"about":[{"href":"https:\/\/www.emmentaler.ch\/de\/wp-json\/wp\/v2\/types\/recipes"}],"author":[{"embeddable":true,"href":"https:\/\/www.emmentaler.ch\/de\/wp-json\/wp\/v2\/users\/2"}],"version-history":[{"count":1,"href":"https:\/\/www.emmentaler.ch\/de\/wp-json\/wp\/v2\/recipes\/20502\/revisions"}],"predecessor-version":[{"id":137864,"href":"https:\/\/www.emmentaler.ch\/de\/wp-json\/wp\/v2\/recipes\/20502\/revisions\/137864"}],"acf:attachment":[{"embeddable":true,"href":"https:\/\/www.emmentaler.ch\/de\/wp-json\/wp\/v2\/media\/20518"}],"acf:term":[{"embeddable":true,"taxonomy":"recipe_saison","href":"https:\/\/www.emmentaler.ch\/de\/wp-json\/wp\/v2\/recipe_saison\/143"},{"embeddable":true,"taxonomy":"recipe_saison","href":"https:\/\/www.emmentaler.ch\/de\/wp-json\/wp\/v2\/recipe_saison\/142"},{"embeddable":true,"taxonomy":"recipe_main_ingredient","href":"https:\/\/www.emmentaler.ch\/de\/wp-json\/wp\/v2\/recipe_main_ingredient\/123"},{"embeddable":true,"taxonomy":"recipe_diet_type","href":"https:\/\/www.emmentaler.ch\/de\/wp-json\/wp\/v2\/recipe_diet_type\/132"},{"embeddable":true,"taxonomy":"recipe_difficulty","href":"https:\/\/www.emmentaler.ch\/de\/wp-json\/wp\/v2\/recipe_difficulty\/125"},{"embeddable":true,"taxonomy":"recipe_categories","href":"https:\/\/www.emmentaler.ch\/de\/wp-json\/wp\/v2\/recipe_categories\/86"},{"embeddable":true,"taxonomy":"recipe_preparation_time","href":"https:\/\/www.emmentaler.ch\/de\/wp-json\/wp\/v2\/recipe_preparation_time\/151"}],"acf:post":[{"embeddable":true,"href":"https:\/\/www.emmentaler.ch\/de\/wp-json\/wp\/v2\/pages\/5236"}],"wp:featuredmedia":[{"embeddable":true,"href":"https:\/\/www.emmentaler.ch\/de\/wp-json\/wp\/v2\/media\/20518"}],"wp:attachment":[{"href":"https:\/\/www.emmentaler.ch\/de\/wp-json\/wp\/v2\/media?parent=20502"}],"wp:term":[{"taxonomy":"post_tag","embeddable":true,"href":"https:\/\/www.emmentaler.ch\/de\/wp-json\/wp\/v2\/tags?post=20502"},{"taxonomy":"recipe_categories","embeddable":true,"href":"https:\/\/www.emmentaler.ch\/de\/wp-json\/wp\/v2\/recipe_categories?post=20502"},{"taxonomy":"et_countries","embeddable":true,"href":"https:\/\/www.emmentaler.ch\/de\/wp-json\/wp\/v2\/et_countries?post=20502"},{"taxonomy":"recipe_main_ingredient","embeddable":true,"href":"https:\/\/www.emmentaler.ch\/de\/wp-json\/wp\/v2\/recipe_main_ingredient?post=20502"},{"taxonomy":"recipe_difficulty","embeddable":true,"href":"https:\/\/www.emmentaler.ch\/de\/wp-json\/wp\/v2\/recipe_difficulty?post=20502"},{"taxonomy":"recipe_preparation_time","embeddable":true,"href":"https:\/\/www.emmentaler.ch\/de\/wp-json\/wp\/v2\/recipe_preparation_time?post=20502"},{"taxonomy":"recipe_diet_type","embeddable":true,"href":"https:\/\/www.emmentaler.ch\/de\/wp-json\/wp\/v2\/recipe_diet_type?post=20502"},{"taxonomy":"recipe_saison","embeddable":true,"href":"https:\/\/www.emmentaler.ch\/de\/wp-json\/wp\/v2\/recipe_saison?post=20502"}],"curies":[{"name":"wp","href":"https:\/\/api.w.org\/{rel}","templated":true}]}}

2 hart gekochte Eier
2 Bund Schnittlauch
125 g Magerquark
2 EL Mayonnaise
120 g Emmentaler AOP
1 Tomate
3 EL Kapern
Salz, Pfeffer
2-3 Blätter Eisbergsalat
4 Soft Wrap Tortillas

Eier schälen und hacken, Schnittlauch fein schneiden. Quark und Mayonnaise verrühren, Eier und Schnittlauch untermischen.

Emmentaler AOP auf der Röstiraffel reiben, Tomate halbieren, entkernen und klein würfeln. Kapern, Käse und Tomate mit der Eier-Creme vermengen, würzen. Salat in Streifen schneiden.

Creme auf den Tortillas verteilen, unten einen Rand von ca. 3 cm frei lassen. Salat darüber streuen. Unteren Rand über die Füllung klappen, Tortillas satt einrollen.
