{"id":20625,"date":"2022-04-27T13:34:07","date_gmt":"2022-04-27T11:34:07","guid":{"rendered":"https:\/\/www.emmentaler.ch\/rezept\/emmentaler-aop-dreikoenigskuchen"},"modified":"2022-07-15T13:40:27","modified_gmt":"2022-07-15T11:40:27","slug":"emmentaler-aop-dreikoenigskuchen","status":"publish","type":"recipes","link":"https:\/\/www.emmentaler.ch\/de\/rezept\/emmentaler-aop-dreikoenigskuchen","title":{"rendered":"Dreik\u00f6nigskuchen"},"author":2,"featured_media":20651,"menu_order":0,"template":"","meta":{"inline_featured_image":false},"tags":[],"recipe_categories":[152],"et_countries":[],"recipe_main_ingredient":[],"recipe_difficulty":[126],"recipe_preparation_time":[130],"recipe_diet_type":[132],"recipe_saison":[136],"acf":{"recipe_preparation_time":130,"recipe_categories":152,"recipe_time_txt":"","recipe_type":5193,"recipe_difficulty":126,"recipe_diet_type":[132],"recipe_main_ingredient":false,"recipe_saison":[136],"recipe_count_portions":5,"recipe_ingedients":[{"recipe_ingedients_amount":"4","recipe_ingedients_unit":"g","recipe_ingedients_product":"Hefe"},{"recipe_ingedients_amount":"50","recipe_ingedients_unit":"ml","recipe_ingedients_product":"Milch"},{"recipe_ingedients_amount":"15","recipe_ingedients_unit":"g","recipe_ingedients_product":"Butter"},{"recipe_ingedients_amount":"100","recipe_ingedients_unit":"g","recipe_ingedients_product":"Mehl"},{"recipe_ingedients_amount":".2","recipe_ingedients_unit":"Tl","recipe_ingedients_product":"Salz"},{"recipe_ingedients_amount":"15","recipe_ingedients_unit":"g","recipe_ingedients_product":"getrocknete, in \u00d6l eingelegte Tomaten"},{"recipe_ingedients_amount":".2","recipe_ingedients_unit":"Bd","recipe_ingedients_product":"flache Petersilie"},{"recipe_ingedients_amount":"30","recipe_ingedients_unit":"g","recipe_ingedients_product":"geriebener Emmentaler AOP"},{"recipe_ingedients_amount":".2","recipe_ingedients_unit":"St\u00fcck","recipe_ingedients_product":"Ei"},{"recipe_ingedients_amount":"","recipe_ingedients_unit":"g","recipe_ingedients_product":"1 Mandel oder Olive ohne Stein"},{"recipe_ingedients_amount":"","recipe_ingedients_unit":"g","recipe_ingedients_product":"1 K\u00f6nigskrone"},{"recipe_ingedients_amount":"","recipe_ingedients_unit":"g","recipe_ingedients_product":"nach Bedarf: Sesam zum Bestreuen"}],"temporare_zutaten":"\u00bd W\u00fcrfel Hefe, ca. 20 g\r\n2,5 dl Milch\r\n75 g Butter\r\n500 g Mehl\r\n1 TL Salz\r\n75 g getrocknete, in \u00d6l eingelegte Tomaten\r\n1 Bund flache Petersilie\r\n150 g geriebener Emmentaler AOP\r\n1 Ei\r\n1 Mandel oder Olive ohne Stein\r\nSesam zum Bestreuen\r\n1 K\u00f6nigskrone","recipe_preparation":"Hefe zerbr\u00f6ckeln und mit etwas Milch fl\u00fcssig r\u00fchren. Butter in einer Pfanne schmelzen. Pfanne vom Herd ziehen und restliche Milch dazugiessen. Mehl und Salz in einer Sch\u00fcssel mischen. Tomaten klein schneiden. Petersilie fein hacken. 2 Essl\u00f6ffel Emmentaler AOP zum Bestreuen beiseitelegen. Ei verquirlen. Die H\u00e4lfte vom Ei, K\u00e4se, Tomaten, Petersilie und die Butter-Milchmischung zum Mehl geben und alles w\u00e4hrend etwa 10 Minuten zu einem geschmeidigen Teig verkneten. Teig zugedeckt an einem warmen Ort auf das doppelte Volumen aufgehen lassen.\r\n\r\nAus einem Viertel des Teiges eine Kugel formen. Auf ein mit Backpapier belegtes Blech legen. Aus dem restlichen Teig kleinere Kugeln formen. In eine dieser Kugeln die Mandel einarbeiten. Kugeln rings um die grosse Teigkugel anordnen. 20 Minuten gehen lassen. Teig mit restlichem Ei bestreichen, mit K\u00e4se und Sesam bestreuen. Im 200 Grad heissen Ofen auf der zweituntersten Rille etwa 30 Minuten backen.\r\n\r\nAusgek\u00fchlt mit der K\u00f6nigskrone servieren.","recipe_images":[20656,20661,20651]},"_links":{"self":[{"href":"https:\/\/www.emmentaler.ch\/de\/wp-json\/wp\/v2\/recipes\/20625"}],"collection":[{"href":"https:\/\/www.emmentaler.ch\/de\/wp-json\/wp\/v2\/recipes"}],"about":[{"href":"https:\/\/www.emmentaler.ch\/de\/wp-json\/wp\/v2\/types\/recipes"}],"author":[{"embeddable":true,"href":"https:\/\/www.emmentaler.ch\/de\/wp-json\/wp\/v2\/users\/2"}],"version-history":[{"count":0,"href":"https:\/\/www.emmentaler.ch\/de\/wp-json\/wp\/v2\/recipes\/20625\/revisions"}],"acf:attachment":[{"embeddable":true,"href":"https:\/\/www.emmentaler.ch\/de\/wp-json\/wp\/v2\/media\/20651"},{"embeddable":true,"href":"https:\/\/www.emmentaler.ch\/de\/wp-json\/wp\/v2\/media\/20661"},{"embeddable":true,"href":"https:\/\/www.emmentaler.ch\/de\/wp-json\/wp\/v2\/media\/20656"}],"acf:term":[{"embeddable":true,"taxonomy":"recipe_saison","href":"https:\/\/www.emmentaler.ch\/de\/wp-json\/wp\/v2\/recipe_saison\/136"},{"embeddable":true,"taxonomy":"recipe_diet_type","href":"https:\/\/www.emmentaler.ch\/de\/wp-json\/wp\/v2\/recipe_diet_type\/132"},{"embeddable":true,"taxonomy":"recipe_difficulty","href":"https:\/\/www.emmentaler.ch\/de\/wp-json\/wp\/v2\/recipe_difficulty\/126"},{"embeddable":true,"taxonomy":"recipe_categories","href":"https:\/\/www.emmentaler.ch\/de\/wp-json\/wp\/v2\/recipe_categories\/152"},{"embeddable":true,"taxonomy":"recipe_preparation_time","href":"https:\/\/www.emmentaler.ch\/de\/wp-json\/wp\/v2\/recipe_preparation_time\/130"}],"acf:post":[{"embeddable":true,"href":"https:\/\/www.emmentaler.ch\/de\/wp-json\/wp\/v2\/pages\/5193"}],"wp:featuredmedia":[{"embeddable":true,"href":"https:\/\/www.emmentaler.ch\/de\/wp-json\/wp\/v2\/media\/20651"}],"wp:attachment":[{"href":"https:\/\/www.emmentaler.ch\/de\/wp-json\/wp\/v2\/media?parent=20625"}],"wp:term":[{"taxonomy":"post_tag","embeddable":true,"href":"https:\/\/www.emmentaler.ch\/de\/wp-json\/wp\/v2\/tags?post=20625"},{"taxonomy":"recipe_categories","embeddable":true,"href":"https:\/\/www.emmentaler.ch\/de\/wp-json\/wp\/v2\/recipe_categories?post=20625"},{"taxonomy":"et_countries","embeddable":true,"href":"https:\/\/www.emmentaler.ch\/de\/wp-json\/wp\/v2\/et_countries?post=20625"},{"taxonomy":"recipe_main_ingredient","embeddable":true,"href":"https:\/\/www.emmentaler.ch\/de\/wp-json\/wp\/v2\/recipe_main_ingredient?post=20625"},{"taxonomy":"recipe_difficulty","embeddable":true,"href":"https:\/\/www.emmentaler.ch\/de\/wp-json\/wp\/v2\/recipe_difficulty?post=20625"},{"taxonomy":"recipe_preparation_time","embeddable":true,"href":"https:\/\/www.emmentaler.ch\/de\/wp-json\/wp\/v2\/recipe_preparation_time?post=20625"},{"taxonomy":"recipe_diet_type","embeddable":true,"href":"https:\/\/www.emmentaler.ch\/de\/wp-json\/wp\/v2\/recipe_diet_type?post=20625"},{"taxonomy":"recipe_saison","embeddable":true,"href":"https:\/\/www.emmentaler.ch\/de\/wp-json\/wp\/v2\/recipe_saison?post=20625"}],"curies":[{"name":"wp","href":"https:\/\/api.w.org\/{rel}","templated":true}]}}

Dreikönigskuchen

getrocknete, in Öl eingelegte Tomaten

Stück

1 Königskrone

½ Würfel Hefe, ca. 20 g
2,5 dl Milch
75 g Butter
500 g Mehl
1 TL Salz
75 g getrocknete, in Öl eingelegte Tomaten
1 Bund flache Petersilie
150 g geriebener Emmentaler AOP
1 Ei
1 Mandel oder Olive ohne Stein
Sesam zum Bestreuen
1 Königskrone

Hefe zerbröckeln und mit etwas Milch flüssig rühren. Butter in einer Pfanne schmelzen. Pfanne vom Herd ziehen und restliche Milch dazugiessen. Mehl und Salz in einer Schüssel mischen. Tomaten klein schneiden. Petersilie fein hacken. 2 Esslöffel Emmentaler AOP zum Bestreuen beiseitelegen. Ei verquirlen. Die Hälfte vom Ei, Käse, Tomaten, Petersilie und die Butter-Milchmischung zum Mehl geben und alles während etwa 10 Minuten zu einem geschmeidigen Teig verkneten. Teig zugedeckt an einem warmen Ort auf das doppelte Volumen aufgehen lassen.

Aus einem Viertel des Teiges eine Kugel formen. Auf ein mit Backpapier belegtes Blech legen. Aus dem restlichen Teig kleinere Kugeln formen. In eine dieser Kugeln die Mandel einarbeiten. Kugeln rings um die grosse Teigkugel anordnen. 20 Minuten gehen lassen. Teig mit restlichem Ei bestreichen, mit Käse und Sesam bestreuen. Im 200 Grad heissen Ofen auf der zweituntersten Rille etwa 30 Minuten backen.

Ausgekühlt mit der Königskrone servieren.
