{"id":20778,"date":"2022-04-27T13:35:02","date_gmt":"2022-04-27T11:35:02","guid":{"rendered":"https:\/\/www.emmentaler.ch\/rezept\/emmentaler-aop-peperonisalat"},"modified":"2024-07-24T13:16:53","modified_gmt":"2024-07-24T11:16:53","slug":"emmentaler-aop-peperonisalat","status":"publish","type":"recipes","link":"https:\/\/www.emmentaler.ch\/de\/rezept\/emmentaler-aop-peperonisalat","title":{"rendered":"Emmentaler AOP Peperonisalat"},"author":2,"featured_media":20794,"menu_order":0,"template":"","meta":{"inline_featured_image":false},"tags":[788,769],"recipe_categories":[86],"et_countries":[],"recipe_main_ingredient":[123],"recipe_difficulty":[125],"recipe_preparation_time":[231],"recipe_diet_type":[134,133,132],"recipe_saison":[143],"acf":{"recipe_preparation_time":231,"recipe_categories":86,"recipe_time_txt":"","recipe_type":5193,"recipe_difficulty":125,"recipe_diet_type":[134,133,132],"recipe_main_ingredient":[123],"recipe_saison":[143],"recipe_count_portions":4,"recipe_ingedients":[{"recipe_ingedients_amount":"","recipe_ingedients_unit":"g","recipe_ingedients_product":""}],"temporare_zutaten":"2 rote Peperoni\r\n1 gelbe Peperoni\r\n2 rote Zwiebeln\r\n1-2 EL \u00d6l von den eingelegten Tomaten\r\nSalz, Pfeffer\r\n3 EL Rotweinessig\r\n5 EL Oliven\u00f6l\r\n50 g getrocknete, in \u00d6l eingelegte Tomaten\r\n250 g Emmentaler AOP\r\n2 Bund Basilikum\r\n30 g schwarze Oliven","recipe_preparation":"Peperoni halbieren, entkernen und in 5mm d\u00fcnne Streifen schneiden. Zwiebeln in Schnitze schneiden. \u00d6l von den Tomaten in einer Bratpfanne erhitzen. Peperoni und Zwiebeln darin 5 Minuten braten, mit Salz und Pfeffer w\u00fcrzen.\r\n\r\nEssig und Oliven\u00f6l mit Salz und Pfeffer verr\u00fchren, Peperoni und Zwiebeln zuf\u00fcgen und ausk\u00fchlen lassen.\r\n\r\nGetrocknete Tomaten in Streifen schneiden. Emmentaler AOP in W\u00fcrfel schneiden. Basilikumbl\u00e4tter von den Stielen zupfen. Alle Zutaten zu den Peperoni geben und gut vermischen.","recipe_images":[20794]},"_links":{"self":[{"href":"https:\/\/www.emmentaler.ch\/de\/wp-json\/wp\/v2\/recipes\/20778"}],"collection":[{"href":"https:\/\/www.emmentaler.ch\/de\/wp-json\/wp\/v2\/recipes"}],"about":[{"href":"https:\/\/www.emmentaler.ch\/de\/wp-json\/wp\/v2\/types\/recipes"}],"author":[{"embeddable":true,"href":"https:\/\/www.emmentaler.ch\/de\/wp-json\/wp\/v2\/users\/2"}],"version-history":[{"count":1,"href":"https:\/\/www.emmentaler.ch\/de\/wp-json\/wp\/v2\/recipes\/20778\/revisions"}],"predecessor-version":[{"id":137859,"href":"https:\/\/www.emmentaler.ch\/de\/wp-json\/wp\/v2\/recipes\/20778\/revisions\/137859"}],"acf:attachment":[{"embeddable":true,"href":"https:\/\/www.emmentaler.ch\/de\/wp-json\/wp\/v2\/media\/20794"}],"acf:term":[{"embeddable":true,"taxonomy":"recipe_saison","href":"https:\/\/www.emmentaler.ch\/de\/wp-json\/wp\/v2\/recipe_saison\/143"},{"embeddable":true,"taxonomy":"recipe_main_ingredient","href":"https:\/\/www.emmentaler.ch\/de\/wp-json\/wp\/v2\/recipe_main_ingredient\/123"},{"embeddable":true,"taxonomy":"recipe_diet_type","href":"https:\/\/www.emmentaler.ch\/de\/wp-json\/wp\/v2\/recipe_diet_type\/132"},{"embeddable":true,"taxonomy":"recipe_diet_type","href":"https:\/\/www.emmentaler.ch\/de\/wp-json\/wp\/v2\/recipe_diet_type\/133"},{"embeddable":true,"taxonomy":"recipe_diet_type","href":"https:\/\/www.emmentaler.ch\/de\/wp-json\/wp\/v2\/recipe_diet_type\/134"},{"embeddable":true,"taxonomy":"recipe_difficulty","href":"https:\/\/www.emmentaler.ch\/de\/wp-json\/wp\/v2\/recipe_difficulty\/125"},{"embeddable":true,"taxonomy":"recipe_categories","href":"https:\/\/www.emmentaler.ch\/de\/wp-json\/wp\/v2\/recipe_categories\/86"},{"embeddable":true,"taxonomy":"recipe_preparation_time","href":"https:\/\/www.emmentaler.ch\/de\/wp-json\/wp\/v2\/recipe_preparation_time\/231"}],"acf:post":[{"embeddable":true,"href":"https:\/\/www.emmentaler.ch\/de\/wp-json\/wp\/v2\/pages\/5193"}],"wp:featuredmedia":[{"embeddable":true,"href":"https:\/\/www.emmentaler.ch\/de\/wp-json\/wp\/v2\/media\/20794"}],"wp:attachment":[{"href":"https:\/\/www.emmentaler.ch\/de\/wp-json\/wp\/v2\/media?parent=20778"}],"wp:term":[{"taxonomy":"post_tag","embeddable":true,"href":"https:\/\/www.emmentaler.ch\/de\/wp-json\/wp\/v2\/tags?post=20778"},{"taxonomy":"recipe_categories","embeddable":true,"href":"https:\/\/www.emmentaler.ch\/de\/wp-json\/wp\/v2\/recipe_categories?post=20778"},{"taxonomy":"et_countries","embeddable":true,"href":"https:\/\/www.emmentaler.ch\/de\/wp-json\/wp\/v2\/et_countries?post=20778"},{"taxonomy":"recipe_main_ingredient","embeddable":true,"href":"https:\/\/www.emmentaler.ch\/de\/wp-json\/wp\/v2\/recipe_main_ingredient?post=20778"},{"taxonomy":"recipe_difficulty","embeddable":true,"href":"https:\/\/www.emmentaler.ch\/de\/wp-json\/wp\/v2\/recipe_difficulty?post=20778"},{"taxonomy":"recipe_preparation_time","embeddable":true,"href":"https:\/\/www.emmentaler.ch\/de\/wp-json\/wp\/v2\/recipe_preparation_time?post=20778"},{"taxonomy":"recipe_diet_type","embeddable":true,"href":"https:\/\/www.emmentaler.ch\/de\/wp-json\/wp\/v2\/recipe_diet_type?post=20778"},{"taxonomy":"recipe_saison","embeddable":true,"href":"https:\/\/www.emmentaler.ch\/de\/wp-json\/wp\/v2\/recipe_saison?post=20778"}],"curies":[{"name":"wp","href":"https:\/\/api.w.org\/{rel}","templated":true}]}}

2 rote Peperoni
1 gelbe Peperoni
2 rote Zwiebeln
1-2 EL Öl von den eingelegten Tomaten
Salz, Pfeffer
3 EL Rotweinessig
5 EL Olivenöl
50 g getrocknete, in Öl eingelegte Tomaten
250 g Emmentaler AOP
2 Bund Basilikum
30 g schwarze Oliven

Peperoni halbieren, entkernen und in 5mm dünne Streifen schneiden. Zwiebeln in Schnitze schneiden. Öl von den Tomaten in einer Bratpfanne erhitzen. Peperoni und Zwiebeln darin 5 Minuten braten, mit Salz und Pfeffer würzen.

Essig und Olivenöl mit Salz und Pfeffer verrühren, Peperoni und Zwiebeln zufügen und auskühlen lassen.

Getrocknete Tomaten in Streifen schneiden. Emmentaler AOP in Würfel schneiden. Basilikumblätter von den Stielen zupfen. Alle Zutaten zu den Peperoni geben und gut vermischen.
