{"id":20901,"date":"2022-04-27T13:35:02","date_gmt":"2022-04-27T11:35:02","guid":{"rendered":"https:\/\/www.emmentaler.ch\/rezept\/emmentaler-rindssteak-mit-trauben"},"modified":"2023-01-13T15:43:56","modified_gmt":"2023-01-13T14:43:56","slug":"emmentaler-rindssteak-mit-trauben","status":"publish","type":"recipes","link":"https:\/\/www.emmentaler.ch\/de\/rezept\/emmentaler-rindssteak-mit-trauben","title":{"rendered":"Emmentaler Rindssteak mit Trauben"},"author":2,"featured_media":20917,"menu_order":0,"template":"","meta":{"inline_featured_image":false},"tags":[710],"recipe_categories":[726],"et_countries":[],"recipe_main_ingredient":[120],"recipe_difficulty":[126],"recipe_preparation_time":[151],"recipe_diet_type":[134],"recipe_saison":[143,137,135],"acf":{"recipe_preparation_time":151,"recipe_categories":726,"recipe_time_txt":"","recipe_type":5231,"recipe_difficulty":126,"recipe_diet_type":[134],"recipe_main_ingredient":[120],"recipe_saison":[143,137,135],"recipe_count_portions":4,"recipe_ingedients":[{"recipe_ingedients_amount":"","recipe_ingedients_unit":"g","recipe_ingedients_product":""}],"temporare_zutaten":"150 g rezenter Emmentaler AOP\r\n200 g weisse und blaue Trauben\r\n1 TL Wacholderbeeren\r\n1 EL Butter\r\n0,5 dl trockener Sherry\r\n1 TL Maisst\u00e4rke\r\n1 dl Rindsfond oder \u2013bouillon\r\n2 Zweige Thymian\r\nSalz, Pfeffer\r\n2 EL Bratbutter\r\n4 Rindssteak \u00e0 ca. 150 g (von der kleinen Huft)","recipe_preparation":"Emmentaler AOP in ca. 1 cm dicke Scheiben schneiden. Trauben halbieren, Wacholderbeeren grob hacken.\r\n\r\nF\u00fcr die Sauce Butter in einer kleinen Pfanne schmelzen, Trauben und Wacholderbeeren darin kurz d\u00fcnsten. Mit Sherry abl\u00f6schen und etwas einkochen. Maisst\u00e4rke im Rindsfond anr\u00fchren, zur Sauce geben, unter R\u00fchren 1-2 Minuten kochen. Thymian vom Stiel streifen, zuf\u00fcgen und Sauce mit Salz und Pfeffer w\u00fcrzen.\r\n\r\nBratbutter erhitzen. Rindssteak mit Salz und Pfeffer w\u00fcrzen, bei guter Hitze anbraten. Die erste Seite ca. 30 Sekunden, die zweite ca. 1 Minute. Pfanne von der Herdplatte wegziehen, Hitze stark reduzieren. Steaks mit K\u00e4sescheiben belegen, dabei darauf achten, dass die k\u00fcrzer gebratene Seite unten liegt. Pfanne zudecken und Steaks in 3-5 Minuten fertig garen. Mit der Sauce servieren.","recipe_images":[20917]},"_links":{"self":[{"href":"https:\/\/www.emmentaler.ch\/de\/wp-json\/wp\/v2\/recipes\/20901"}],"collection":[{"href":"https:\/\/www.emmentaler.ch\/de\/wp-json\/wp\/v2\/recipes"}],"about":[{"href":"https:\/\/www.emmentaler.ch\/de\/wp-json\/wp\/v2\/types\/recipes"}],"author":[{"embeddable":true,"href":"https:\/\/www.emmentaler.ch\/de\/wp-json\/wp\/v2\/users\/2"}],"version-history":[{"count":0,"href":"https:\/\/www.emmentaler.ch\/de\/wp-json\/wp\/v2\/recipes\/20901\/revisions"}],"acf:attachment":[{"embeddable":true,"href":"https:\/\/www.emmentaler.ch\/de\/wp-json\/wp\/v2\/media\/20917"}],"acf:term":[{"embeddable":true,"taxonomy":"recipe_saison","href":"https:\/\/www.emmentaler.ch\/de\/wp-json\/wp\/v2\/recipe_saison\/135"},{"embeddable":true,"taxonomy":"recipe_saison","href":"https:\/\/www.emmentaler.ch\/de\/wp-json\/wp\/v2\/recipe_saison\/137"},{"embeddable":true,"taxonomy":"recipe_saison","href":"https:\/\/www.emmentaler.ch\/de\/wp-json\/wp\/v2\/recipe_saison\/143"},{"embeddable":true,"taxonomy":"recipe_main_ingredient","href":"https:\/\/www.emmentaler.ch\/de\/wp-json\/wp\/v2\/recipe_main_ingredient\/120"},{"embeddable":true,"taxonomy":"recipe_diet_type","href":"https:\/\/www.emmentaler.ch\/de\/wp-json\/wp\/v2\/recipe_diet_type\/134"},{"embeddable":true,"taxonomy":"recipe_difficulty","href":"https:\/\/www.emmentaler.ch\/de\/wp-json\/wp\/v2\/recipe_difficulty\/126"},{"embeddable":true,"taxonomy":"recipe_categories","href":"https:\/\/www.emmentaler.ch\/de\/wp-json\/wp\/v2\/recipe_categories\/726"},{"embeddable":true,"taxonomy":"recipe_preparation_time","href":"https:\/\/www.emmentaler.ch\/de\/wp-json\/wp\/v2\/recipe_preparation_time\/151"}],"acf:post":[{"embeddable":true,"href":"https:\/\/www.emmentaler.ch\/de\/wp-json\/wp\/v2\/pages\/5231"}],"wp:featuredmedia":[{"embeddable":true,"href":"https:\/\/www.emmentaler.ch\/de\/wp-json\/wp\/v2\/media\/20917"}],"wp:attachment":[{"href":"https:\/\/www.emmentaler.ch\/de\/wp-json\/wp\/v2\/media?parent=20901"}],"wp:term":[{"taxonomy":"post_tag","embeddable":true,"href":"https:\/\/www.emmentaler.ch\/de\/wp-json\/wp\/v2\/tags?post=20901"},{"taxonomy":"recipe_categories","embeddable":true,"href":"https:\/\/www.emmentaler.ch\/de\/wp-json\/wp\/v2\/recipe_categories?post=20901"},{"taxonomy":"et_countries","embeddable":true,"href":"https:\/\/www.emmentaler.ch\/de\/wp-json\/wp\/v2\/et_countries?post=20901"},{"taxonomy":"recipe_main_ingredient","embeddable":true,"href":"https:\/\/www.emmentaler.ch\/de\/wp-json\/wp\/v2\/recipe_main_ingredient?post=20901"},{"taxonomy":"recipe_difficulty","embeddable":true,"href":"https:\/\/www.emmentaler.ch\/de\/wp-json\/wp\/v2\/recipe_difficulty?post=20901"},{"taxonomy":"recipe_preparation_time","embeddable":true,"href":"https:\/\/www.emmentaler.ch\/de\/wp-json\/wp\/v2\/recipe_preparation_time?post=20901"},{"taxonomy":"recipe_diet_type","embeddable":true,"href":"https:\/\/www.emmentaler.ch\/de\/wp-json\/wp\/v2\/recipe_diet_type?post=20901"},{"taxonomy":"recipe_saison","embeddable":true,"href":"https:\/\/www.emmentaler.ch\/de\/wp-json\/wp\/v2\/recipe_saison?post=20901"}],"curies":[{"name":"wp","href":"https:\/\/api.w.org\/{rel}","templated":true}]}}

150 g rezenter Emmentaler AOP
200 g weisse und blaue Trauben
1 TL Wacholderbeeren
1 EL Butter
0,5 dl trockener Sherry
1 TL Maisstärke
1 dl Rindsfond oder –bouillon
2 Zweige Thymian
Salz, Pfeffer
2 EL Bratbutter
4 Rindssteak à ca. 150 g (von der kleinen Huft)

Emmentaler AOP in ca. 1 cm dicke Scheiben schneiden. Trauben halbieren, Wacholderbeeren grob hacken.

Für die Sauce Butter in einer kleinen Pfanne schmelzen, Trauben und Wacholderbeeren darin kurz dünsten. Mit Sherry ablöschen und etwas einkochen. Maisstärke im Rindsfond anrühren, zur Sauce geben, unter Rühren 1-2 Minuten kochen. Thymian vom Stiel streifen, zufügen und Sauce mit Salz und Pfeffer würzen.

Bratbutter erhitzen. Rindssteak mit Salz und Pfeffer würzen, bei guter Hitze anbraten. Die erste Seite ca. 30 Sekunden, die zweite ca. 1 Minute. Pfanne von der Herdplatte wegziehen, Hitze stark reduzieren. Steaks mit Käsescheiben belegen, dabei darauf achten, dass die kürzer gebratene Seite unten liegt. Pfanne zudecken und Steaks in 3-5 Minuten fertig garen. Mit der Sauce servieren.
