{"id":20978,"date":"2022-04-27T13:35:02","date_gmt":"2022-04-27T11:35:02","guid":{"rendered":"https:\/\/www.emmentaler.ch\/rezept\/emmentaler-brotauflauf-mit-pilzen"},"modified":"2024-07-24T13:36:21","modified_gmt":"2024-07-24T11:36:21","slug":"emmentaler-brotauflauf-mit-pilzen","status":"publish","type":"recipes","link":"https:\/\/www.emmentaler.ch\/de\/rezept\/emmentaler-brotauflauf-mit-pilzen","title":{"rendered":"Emmentaler-Brotauflauf mit Pilzen"},"author":2,"featured_media":20994,"menu_order":0,"template":"","meta":{"inline_featured_image":false},"tags":[],"recipe_categories":[86],"et_countries":[],"recipe_main_ingredient":[123],"recipe_difficulty":[125],"recipe_preparation_time":[153],"recipe_diet_type":[132],"recipe_saison":[138,143,135],"acf":{"recipe_preparation_time":153,"recipe_categories":86,"recipe_time_txt":"20 Minuten, plus 30 Minuten zum Backen","recipe_type":5236,"recipe_difficulty":125,"recipe_diet_type":[132],"recipe_main_ingredient":[123],"recipe_saison":[138,143,135],"recipe_count_portions":4,"recipe_ingedients":[{"recipe_ingedients_amount":"","recipe_ingedients_unit":"g","recipe_ingedients_product":""}],"temporare_zutaten":"ca. 250 g Ruchbrot vom Vortag\r\n1 dl Weisswein\r\n500 g gemischte Pilze oder nur Champignons\r\n1 Zwiebel\r\n1 Knoblauchzehe\r\n1 grosser Bund Petersilie\r\n1 EL \u00d6l\r\nSalz, Pfeffer\r\n200 g rezenter Emmentaler AOP\r\n4 dl Milch\r\n4 Eier\r\n1 EL Senf","recipe_preparation":"Brot in W\u00fcrfel schneiden, mit Wein betr\u00e4ufeln. Pilze falls n\u00f6tig kleiner schneiden. Zwiebel, Knoblauch und Petersilie fein hacken. Pilze im heissen \u00d6l anbraten, Zwiebel, Knoblauch und Petersilie zuf\u00fcgen, ca. 3 Minuten braten, mit Salz und Pfeffer w\u00fcrzen.\r\n\r\nEmmentaler AOP fein reiben. Brot, Pilze und K\u00e4se in einer Gratinform verteilen. Milch, Eier und Senf verquirlen, w\u00fcrzen. Guss in die Form giessen. Im 200 Grad heissen Ofen ca. 30 Minuten backen.","recipe_images":[20994]},"_links":{"self":[{"href":"https:\/\/www.emmentaler.ch\/de\/wp-json\/wp\/v2\/recipes\/20978"}],"collection":[{"href":"https:\/\/www.emmentaler.ch\/de\/wp-json\/wp\/v2\/recipes"}],"about":[{"href":"https:\/\/www.emmentaler.ch\/de\/wp-json\/wp\/v2\/types\/recipes"}],"author":[{"embeddable":true,"href":"https:\/\/www.emmentaler.ch\/de\/wp-json\/wp\/v2\/users\/2"}],"version-history":[{"count":1,"href":"https:\/\/www.emmentaler.ch\/de\/wp-json\/wp\/v2\/recipes\/20978\/revisions"}],"predecessor-version":[{"id":137860,"href":"https:\/\/www.emmentaler.ch\/de\/wp-json\/wp\/v2\/recipes\/20978\/revisions\/137860"}],"acf:attachment":[{"embeddable":true,"href":"https:\/\/www.emmentaler.ch\/de\/wp-json\/wp\/v2\/media\/20994"}],"acf:term":[{"embeddable":true,"taxonomy":"recipe_saison","href":"https:\/\/www.emmentaler.ch\/de\/wp-json\/wp\/v2\/recipe_saison\/135"},{"embeddable":true,"taxonomy":"recipe_saison","href":"https:\/\/www.emmentaler.ch\/de\/wp-json\/wp\/v2\/recipe_saison\/143"},{"embeddable":true,"taxonomy":"recipe_saison","href":"https:\/\/www.emmentaler.ch\/de\/wp-json\/wp\/v2\/recipe_saison\/138"},{"embeddable":true,"taxonomy":"recipe_main_ingredient","href":"https:\/\/www.emmentaler.ch\/de\/wp-json\/wp\/v2\/recipe_main_ingredient\/123"},{"embeddable":true,"taxonomy":"recipe_diet_type","href":"https:\/\/www.emmentaler.ch\/de\/wp-json\/wp\/v2\/recipe_diet_type\/132"},{"embeddable":true,"taxonomy":"recipe_difficulty","href":"https:\/\/www.emmentaler.ch\/de\/wp-json\/wp\/v2\/recipe_difficulty\/125"},{"embeddable":true,"taxonomy":"recipe_categories","href":"https:\/\/www.emmentaler.ch\/de\/wp-json\/wp\/v2\/recipe_categories\/86"},{"embeddable":true,"taxonomy":"recipe_preparation_time","href":"https:\/\/www.emmentaler.ch\/de\/wp-json\/wp\/v2\/recipe_preparation_time\/153"}],"acf:post":[{"embeddable":true,"href":"https:\/\/www.emmentaler.ch\/de\/wp-json\/wp\/v2\/pages\/5236"}],"wp:featuredmedia":[{"embeddable":true,"href":"https:\/\/www.emmentaler.ch\/de\/wp-json\/wp\/v2\/media\/20994"}],"wp:attachment":[{"href":"https:\/\/www.emmentaler.ch\/de\/wp-json\/wp\/v2\/media?parent=20978"}],"wp:term":[{"taxonomy":"post_tag","embeddable":true,"href":"https:\/\/www.emmentaler.ch\/de\/wp-json\/wp\/v2\/tags?post=20978"},{"taxonomy":"recipe_categories","embeddable":true,"href":"https:\/\/www.emmentaler.ch\/de\/wp-json\/wp\/v2\/recipe_categories?post=20978"},{"taxonomy":"et_countries","embeddable":true,"href":"https:\/\/www.emmentaler.ch\/de\/wp-json\/wp\/v2\/et_countries?post=20978"},{"taxonomy":"recipe_main_ingredient","embeddable":true,"href":"https:\/\/www.emmentaler.ch\/de\/wp-json\/wp\/v2\/recipe_main_ingredient?post=20978"},{"taxonomy":"recipe_difficulty","embeddable":true,"href":"https:\/\/www.emmentaler.ch\/de\/wp-json\/wp\/v2\/recipe_difficulty?post=20978"},{"taxonomy":"recipe_preparation_time","embeddable":true,"href":"https:\/\/www.emmentaler.ch\/de\/wp-json\/wp\/v2\/recipe_preparation_time?post=20978"},{"taxonomy":"recipe_diet_type","embeddable":true,"href":"https:\/\/www.emmentaler.ch\/de\/wp-json\/wp\/v2\/recipe_diet_type?post=20978"},{"taxonomy":"recipe_saison","embeddable":true,"href":"https:\/\/www.emmentaler.ch\/de\/wp-json\/wp\/v2\/recipe_saison?post=20978"}],"curies":[{"name":"wp","href":"https:\/\/api.w.org\/{rel}","templated":true}]}}

ca. 250 g Ruchbrot vom Vortag
1 dl Weisswein
500 g gemischte Pilze oder nur Champignons
1 Zwiebel
1 Knoblauchzehe
1 grosser Bund Petersilie
1 EL Öl
Salz, Pfeffer
200 g rezenter Emmentaler AOP
4 dl Milch
4 Eier
1 EL Senf

Brot in Würfel schneiden, mit Wein beträufeln. Pilze falls nötig kleiner schneiden. Zwiebel, Knoblauch und Petersilie fein hacken. Pilze im heissen Öl anbraten, Zwiebel, Knoblauch und Petersilie zufügen, ca. 3 Minuten braten, mit Salz und Pfeffer würzen.

Emmentaler AOP fein reiben. Brot, Pilze und Käse in einer Gratinform verteilen. Milch, Eier und Senf verquirlen, würzen. Guss in die Form giessen. Im 200 Grad heissen Ofen ca. 30 Minuten backen.
