{"id":21009,"date":"2022-04-27T13:35:02","date_gmt":"2022-04-27T11:35:02","guid":{"rendered":"https:\/\/www.emmentaler.ch\/rezept\/emmentaler-brotsalat-mit-fruchtiger-sauce"},"modified":"2024-07-24T13:16:59","modified_gmt":"2024-07-24T11:16:59","slug":"emmentaler-brotsalat-mit-fruchtiger-sauce","status":"publish","type":"recipes","link":"https:\/\/www.emmentaler.ch\/de\/rezept\/emmentaler-brotsalat-mit-fruchtiger-sauce","title":{"rendered":"Emmentaler-Brotsalat mit fruchtiger Sauce"},"author":2,"featured_media":21025,"menu_order":0,"template":"","meta":{"inline_featured_image":false},"tags":[788],"recipe_categories":[86],"et_countries":[],"recipe_main_ingredient":[123],"recipe_difficulty":[125],"recipe_preparation_time":[151],"recipe_diet_type":[133,132],"recipe_saison":[138,143,137,135,136],"acf":{"recipe_preparation_time":151,"recipe_categories":86,"recipe_time_txt":"","recipe_type":5195,"recipe_difficulty":125,"recipe_diet_type":[133,132],"recipe_main_ingredient":[123],"recipe_saison":[138,143,137,135,136],"recipe_count_portions":4,"recipe_ingedients":[{"recipe_ingedients_amount":"","recipe_ingedients_unit":"g","recipe_ingedients_product":""}],"temporare_zutaten":"6-8 Scheiben altbackenes Brot\r\n2 Passionsfr\u00fcchte\r\n3 EL Essig\r\n3 EL Raps\u00f6l\r\n2 EL Bouillon oder Wasser\r\n1 TL Senf\r\nSalz, Pfeffer\r\n175 g Emmentaler AOP\r\n1 Peperoncino\r\n500 g rote und gelbe Cherrytomaten\r\n3-4 Fr\u00fchlingszwiebeln\r\n1 Bund Basilikum","recipe_preparation":"Brot in ca. 1,5 cm grosse W\u00fcrfel schneiden. In einer grossen Bratpfanne ohne Fett knusprig braten.\r\n\r\nPassionsfr\u00fcchte halbieren, Fruchtfleisch mit einem L\u00f6ffel herausl\u00f6sen und in eine grosse Salatsch\u00fcssel geben. Essig, \u00d6l, Bouillon, Senf, Salz und Pfeffer zuf\u00fcgen und alles zu einer Sauce verr\u00fchren.\r\n\r\nEmmentaler AOP in d\u00fcnne St\u00e4ngeli schneiden. Peperoncino evtl. entkernen und in d\u00fcnne Ringe schneiden. Cherrytomaten halbieren. Fr\u00fchlingszwiebeln in R\u00e4dchen schneiden. Basilikumbl\u00e4tter von den Stielen streifen. Alle Zutaten mit der Sauce vermischen und sofort servieren.","recipe_images":[21025]},"_links":{"self":[{"href":"https:\/\/www.emmentaler.ch\/de\/wp-json\/wp\/v2\/recipes\/21009"}],"collection":[{"href":"https:\/\/www.emmentaler.ch\/de\/wp-json\/wp\/v2\/recipes"}],"about":[{"href":"https:\/\/www.emmentaler.ch\/de\/wp-json\/wp\/v2\/types\/recipes"}],"author":[{"embeddable":true,"href":"https:\/\/www.emmentaler.ch\/de\/wp-json\/wp\/v2\/users\/2"}],"version-history":[{"count":1,"href":"https:\/\/www.emmentaler.ch\/de\/wp-json\/wp\/v2\/recipes\/21009\/revisions"}],"predecessor-version":[{"id":137861,"href":"https:\/\/www.emmentaler.ch\/de\/wp-json\/wp\/v2\/recipes\/21009\/revisions\/137861"}],"acf:attachment":[{"embeddable":true,"href":"https:\/\/www.emmentaler.ch\/de\/wp-json\/wp\/v2\/media\/21025"}],"acf:term":[{"embeddable":true,"taxonomy":"recipe_saison","href":"https:\/\/www.emmentaler.ch\/de\/wp-json\/wp\/v2\/recipe_saison\/136"},{"embeddable":true,"taxonomy":"recipe_saison","href":"https:\/\/www.emmentaler.ch\/de\/wp-json\/wp\/v2\/recipe_saison\/135"},{"embeddable":true,"taxonomy":"recipe_saison","href":"https:\/\/www.emmentaler.ch\/de\/wp-json\/wp\/v2\/recipe_saison\/137"},{"embeddable":true,"taxonomy":"recipe_saison","href":"https:\/\/www.emmentaler.ch\/de\/wp-json\/wp\/v2\/recipe_saison\/143"},{"embeddable":true,"taxonomy":"recipe_saison","href":"https:\/\/www.emmentaler.ch\/de\/wp-json\/wp\/v2\/recipe_saison\/138"},{"embeddable":true,"taxonomy":"recipe_main_ingredient","href":"https:\/\/www.emmentaler.ch\/de\/wp-json\/wp\/v2\/recipe_main_ingredient\/123"},{"embeddable":true,"taxonomy":"recipe_diet_type","href":"https:\/\/www.emmentaler.ch\/de\/wp-json\/wp\/v2\/recipe_diet_type\/132"},{"embeddable":true,"taxonomy":"recipe_diet_type","href":"https:\/\/www.emmentaler.ch\/de\/wp-json\/wp\/v2\/recipe_diet_type\/133"},{"embeddable":true,"taxonomy":"recipe_difficulty","href":"https:\/\/www.emmentaler.ch\/de\/wp-json\/wp\/v2\/recipe_difficulty\/125"},{"embeddable":true,"taxonomy":"recipe_categories","href":"https:\/\/www.emmentaler.ch\/de\/wp-json\/wp\/v2\/recipe_categories\/86"},{"embeddable":true,"taxonomy":"recipe_preparation_time","href":"https:\/\/www.emmentaler.ch\/de\/wp-json\/wp\/v2\/recipe_preparation_time\/151"}],"acf:post":[{"embeddable":true,"href":"https:\/\/www.emmentaler.ch\/de\/wp-json\/wp\/v2\/pages\/5195"}],"wp:featuredmedia":[{"embeddable":true,"href":"https:\/\/www.emmentaler.ch\/de\/wp-json\/wp\/v2\/media\/21025"}],"wp:attachment":[{"href":"https:\/\/www.emmentaler.ch\/de\/wp-json\/wp\/v2\/media?parent=21009"}],"wp:term":[{"taxonomy":"post_tag","embeddable":true,"href":"https:\/\/www.emmentaler.ch\/de\/wp-json\/wp\/v2\/tags?post=21009"},{"taxonomy":"recipe_categories","embeddable":true,"href":"https:\/\/www.emmentaler.ch\/de\/wp-json\/wp\/v2\/recipe_categories?post=21009"},{"taxonomy":"et_countries","embeddable":true,"href":"https:\/\/www.emmentaler.ch\/de\/wp-json\/wp\/v2\/et_countries?post=21009"},{"taxonomy":"recipe_main_ingredient","embeddable":true,"href":"https:\/\/www.emmentaler.ch\/de\/wp-json\/wp\/v2\/recipe_main_ingredient?post=21009"},{"taxonomy":"recipe_difficulty","embeddable":true,"href":"https:\/\/www.emmentaler.ch\/de\/wp-json\/wp\/v2\/recipe_difficulty?post=21009"},{"taxonomy":"recipe_preparation_time","embeddable":true,"href":"https:\/\/www.emmentaler.ch\/de\/wp-json\/wp\/v2\/recipe_preparation_time?post=21009"},{"taxonomy":"recipe_diet_type","embeddable":true,"href":"https:\/\/www.emmentaler.ch\/de\/wp-json\/wp\/v2\/recipe_diet_type?post=21009"},{"taxonomy":"recipe_saison","embeddable":true,"href":"https:\/\/www.emmentaler.ch\/de\/wp-json\/wp\/v2\/recipe_saison?post=21009"}],"curies":[{"name":"wp","href":"https:\/\/api.w.org\/{rel}","templated":true}]}}

6-8 Scheiben altbackenes Brot
2 Passionsfrüchte
3 EL Essig
3 EL Rapsöl
2 EL Bouillon oder Wasser
1 TL Senf
Salz, Pfeffer
175 g Emmentaler AOP
1 Peperoncino
500 g rote und gelbe Cherrytomaten
3-4 Frühlingszwiebeln
1 Bund Basilikum

Brot in ca. 1,5 cm grosse Würfel schneiden. In einer grossen Bratpfanne ohne Fett knusprig braten.

Passionsfrüchte halbieren, Fruchtfleisch mit einem Löffel herauslösen und in eine grosse Salatschüssel geben. Essig, Öl, Bouillon, Senf, Salz und Pfeffer zufügen und alles zu einer Sauce verrühren.

Emmentaler AOP in dünne Stängeli schneiden. Peperoncino evtl. entkernen und in dünne Ringe schneiden. Cherrytomaten halbieren. Frühlingszwiebeln in Rädchen schneiden. Basilikumblätter von den Stielen streifen. Alle Zutaten mit der Sauce vermischen und sofort servieren.
