{"id":21040,"date":"2022-04-27T13:35:02","date_gmt":"2022-04-27T11:35:02","guid":{"rendered":"https:\/\/www.emmentaler.ch\/rezept\/emmentaler-flan-mit-pilzragout"},"modified":"2022-06-27T11:21:02","modified_gmt":"2022-06-27T09:21:02","slug":"emmentaler-flan-mit-pilzragout","status":"publish","type":"recipes","link":"https:\/\/www.emmentaler.ch\/de\/rezept\/emmentaler-flan-mit-pilzragout","title":{"rendered":"Emmentaler-Flan mit Pilzragout"},"author":2,"featured_media":21056,"menu_order":0,"template":"","meta":{"inline_featured_image":false},"tags":[],"recipe_categories":[86],"et_countries":[],"recipe_main_ingredient":[123],"recipe_difficulty":[126],"recipe_preparation_time":[157],"recipe_diet_type":[134,132],"recipe_saison":[],"acf":{"recipe_preparation_time":157,"recipe_categories":86,"recipe_time_txt":"40 Minuten, plus 45 Minuten zum Backen","recipe_type":216,"recipe_difficulty":126,"recipe_diet_type":[134,132],"recipe_main_ingredient":[123],"recipe_saison":false,"recipe_count_portions":4,"recipe_ingedients":[{"recipe_ingedients_amount":"","recipe_ingedients_unit":"g","recipe_ingedients_product":""}],"temporare_zutaten":"200 g rezenter Emmentaler AOP\r\n4 Eier\r\n1 Eigelb\r\n2 dl Rahm\r\nMuskatnuss\r\nSalz, Pfeffer\r\nButter zum Einfetten der F\u00f6rmchen\r\n750 g gemischte Pilze, z.B. Champignons, Kr\u00e4uterseitlinge, Eierschw\u00e4mme\r\n2 Schalotten\r\n1 Knoblauchzehe\r\n2 EL Oliven\u00f6l\r\n3 EL Madeira\r\n1 dl Bouillon\r\n250 Cherrytomaten\r\n1 Bund Schnittlauch","recipe_preparation":"Emmentaler AOP fein reiben. K\u00e4se, Eier, Eigelb und Rahm gut vermischen, mit Muskatnuss, Salz und Pfeffer w\u00fcrzen. Kleine Souffl\u00e9f\u00f6rmchen oder Tassen gut mit Butter ausstreichen. Masse in die F\u00f6rmchen f\u00fcllen, mit Folie verschliessen und in eine Gratinform stellen. Mit siedendem Wasser auff\u00fcllen, bis die F\u00f6rmchen zu zwei Dritteln im Wasser stehen. Im 160 Grad heissen Ofen ca. 45 Minuten garen.\r\n\r\nIn der Zwischenzeit Pilze in St\u00fccke schneiden. Schalotten und Knoblauch fein hacken. \u00d6l erhitzen, Pilze bei starker Hitze anbraten, w\u00fcrzen. Schalotten und Knoblauch kurz mitbraten, mit Madeira abl\u00f6schen. Bouillon dazugiessen, 5-10 Minuten k\u00f6cheln. Cherrytomaten halbieren zu den Pilzen geben, aufkochen und abschmecken. Schnittlauch in R\u00f6llchen schneiden, dar\u00fcberstreuen. Flan auf Teller st\u00fcrzen und mit dem Pilzragout servieren.\r\n\r\nDazu passt Reis.","recipe_images":[21056]},"_links":{"self":[{"href":"https:\/\/www.emmentaler.ch\/de\/wp-json\/wp\/v2\/recipes\/21040"}],"collection":[{"href":"https:\/\/www.emmentaler.ch\/de\/wp-json\/wp\/v2\/recipes"}],"about":[{"href":"https:\/\/www.emmentaler.ch\/de\/wp-json\/wp\/v2\/types\/recipes"}],"author":[{"embeddable":true,"href":"https:\/\/www.emmentaler.ch\/de\/wp-json\/wp\/v2\/users\/2"}],"version-history":[{"count":0,"href":"https:\/\/www.emmentaler.ch\/de\/wp-json\/wp\/v2\/recipes\/21040\/revisions"}],"acf:attachment":[{"embeddable":true,"href":"https:\/\/www.emmentaler.ch\/de\/wp-json\/wp\/v2\/media\/21056"}],"acf:term":[{"embeddable":true,"taxonomy":"recipe_main_ingredient","href":"https:\/\/www.emmentaler.ch\/de\/wp-json\/wp\/v2\/recipe_main_ingredient\/123"},{"embeddable":true,"taxonomy":"recipe_diet_type","href":"https:\/\/www.emmentaler.ch\/de\/wp-json\/wp\/v2\/recipe_diet_type\/132"},{"embeddable":true,"taxonomy":"recipe_diet_type","href":"https:\/\/www.emmentaler.ch\/de\/wp-json\/wp\/v2\/recipe_diet_type\/134"},{"embeddable":true,"taxonomy":"recipe_difficulty","href":"https:\/\/www.emmentaler.ch\/de\/wp-json\/wp\/v2\/recipe_difficulty\/126"},{"embeddable":true,"taxonomy":"recipe_categories","href":"https:\/\/www.emmentaler.ch\/de\/wp-json\/wp\/v2\/recipe_categories\/86"},{"embeddable":true,"taxonomy":"recipe_preparation_time","href":"https:\/\/www.emmentaler.ch\/de\/wp-json\/wp\/v2\/recipe_preparation_time\/157"}],"acf:post":[{"embeddable":true,"href":"https:\/\/www.emmentaler.ch\/de\/wp-json\/wp\/v2\/pages\/216"}],"wp:featuredmedia":[{"embeddable":true,"href":"https:\/\/www.emmentaler.ch\/de\/wp-json\/wp\/v2\/media\/21056"}],"wp:attachment":[{"href":"https:\/\/www.emmentaler.ch\/de\/wp-json\/wp\/v2\/media?parent=21040"}],"wp:term":[{"taxonomy":"post_tag","embeddable":true,"href":"https:\/\/www.emmentaler.ch\/de\/wp-json\/wp\/v2\/tags?post=21040"},{"taxonomy":"recipe_categories","embeddable":true,"href":"https:\/\/www.emmentaler.ch\/de\/wp-json\/wp\/v2\/recipe_categories?post=21040"},{"taxonomy":"et_countries","embeddable":true,"href":"https:\/\/www.emmentaler.ch\/de\/wp-json\/wp\/v2\/et_countries?post=21040"},{"taxonomy":"recipe_main_ingredient","embeddable":true,"href":"https:\/\/www.emmentaler.ch\/de\/wp-json\/wp\/v2\/recipe_main_ingredient?post=21040"},{"taxonomy":"recipe_difficulty","embeddable":true,"href":"https:\/\/www.emmentaler.ch\/de\/wp-json\/wp\/v2\/recipe_difficulty?post=21040"},{"taxonomy":"recipe_preparation_time","embeddable":true,"href":"https:\/\/www.emmentaler.ch\/de\/wp-json\/wp\/v2\/recipe_preparation_time?post=21040"},{"taxonomy":"recipe_diet_type","embeddable":true,"href":"https:\/\/www.emmentaler.ch\/de\/wp-json\/wp\/v2\/recipe_diet_type?post=21040"},{"taxonomy":"recipe_saison","embeddable":true,"href":"https:\/\/www.emmentaler.ch\/de\/wp-json\/wp\/v2\/recipe_saison?post=21040"}],"curies":[{"name":"wp","href":"https:\/\/api.w.org\/{rel}","templated":true}]}}

200 g rezenter Emmentaler AOP
4 Eier
1 Eigelb
2 dl Rahm
Muskatnuss
Salz, Pfeffer
Butter zum Einfetten der Förmchen
750 g gemischte Pilze, z.B. Champignons, Kräuterseitlinge, Eierschwämme
2 Schalotten
1 Knoblauchzehe
2 EL Olivenöl
3 EL Madeira
1 dl Bouillon
250 Cherrytomaten
1 Bund Schnittlauch

Emmentaler AOP fein reiben. Käse, Eier, Eigelb und Rahm gut vermischen, mit Muskatnuss, Salz und Pfeffer würzen. Kleine Souffléförmchen oder Tassen gut mit Butter ausstreichen. Masse in die Förmchen füllen, mit Folie verschliessen und in eine Gratinform stellen. Mit siedendem Wasser auffüllen, bis die Förmchen zu zwei Dritteln im Wasser stehen. Im 160 Grad heissen Ofen ca. 45 Minuten garen.

In der Zwischenzeit Pilze in Stücke schneiden. Schalotten und Knoblauch fein hacken. Öl erhitzen, Pilze bei starker Hitze anbraten, würzen. Schalotten und Knoblauch kurz mitbraten, mit Madeira ablöschen. Bouillon dazugiessen, 5-10 Minuten köcheln. Cherrytomaten halbieren zu den Pilzen geben, aufkochen und abschmecken. Schnittlauch in Röllchen schneiden, darüberstreuen. Flan auf Teller stürzen und mit dem Pilzragout servieren.

Dazu passt Reis.
