{"id":21071,"date":"2022-04-27T13:35:41","date_gmt":"2022-04-27T11:35:41","guid":{"rendered":"https:\/\/www.emmentaler.ch\/rezept\/emmentaler-knoepflipfanne"},"modified":"2024-07-24T13:16:30","modified_gmt":"2024-07-24T11:16:30","slug":"emmentaler-knoepflipfanne","status":"publish","type":"recipes","link":"https:\/\/www.emmentaler.ch\/de\/rezept\/emmentaler-knoepflipfanne","title":{"rendered":"Emmentaler-Kn\u00f6pflipfanne"},"author":2,"featured_media":21087,"menu_order":0,"template":"","meta":{"inline_featured_image":false},"tags":[788],"recipe_categories":[86],"et_countries":[],"recipe_main_ingredient":[123],"recipe_difficulty":[125],"recipe_preparation_time":[436],"recipe_diet_type":[133,132],"recipe_saison":[143],"acf":{"recipe_preparation_time":436,"recipe_categories":86,"recipe_time_txt":"","recipe_type":5195,"recipe_difficulty":125,"recipe_diet_type":[133,132],"recipe_main_ingredient":[123],"recipe_saison":[143],"recipe_count_portions":4,"recipe_ingedients":[{"recipe_ingedients_amount":"","recipe_ingedients_unit":"g","recipe_ingedients_product":""}],"temporare_zutaten":"500 g Krautstiele\r\n3 Tomaten\r\n12 getrocknete in \u00d6l eingelegte Tomaten\r\n1 Zwiebel\r\n150 g Emmentaler AOP\r\n1 EL Bratbutter\r\n500 g Kn\u00f6pfli\r\n2 EL \u00d6l\r\nSalz, Pfeffer","recipe_preparation":"Krautstielst\u00e4ngel und -bl\u00e4tter separat in ca. 1 cm breite Streifen schneiden. Tomaten w\u00fcrfeln, getrocknete Tomaten in Streifen schneiden. Zwiebel fein hacken. Emmentaler AOP mit einem Sparsch\u00e4ler in Sp\u00e4ne schneiden.\r\n\r\nBratbutter in einer Bratpfanne erhitzen. Kn\u00f6pfli darin 4-5 Minuten anbraten, aus der Pfanne nehmen. \u00d6l in der Pfanne erhitzen. Krautstielst\u00e4ngel und Zwiebeln darin ca. 5 Minuten d\u00fcnsten. Krautstielbl\u00e4tter, Tomaten und getrocknete Tomaten dazugeben und bei guter Hitze 3 Minuten mitd\u00fcnsten, mit Salz und Pfeffer w\u00fcrzen.\r\n\r\nKn\u00f6pfli daruntermischen, kurz erhitzen, anrichten und K\u00e4sesp\u00e4ne dar\u00fcberstreuen.","recipe_images":[21087]},"_links":{"self":[{"href":"https:\/\/www.emmentaler.ch\/de\/wp-json\/wp\/v2\/recipes\/21071"}],"collection":[{"href":"https:\/\/www.emmentaler.ch\/de\/wp-json\/wp\/v2\/recipes"}],"about":[{"href":"https:\/\/www.emmentaler.ch\/de\/wp-json\/wp\/v2\/types\/recipes"}],"author":[{"embeddable":true,"href":"https:\/\/www.emmentaler.ch\/de\/wp-json\/wp\/v2\/users\/2"}],"version-history":[{"count":1,"href":"https:\/\/www.emmentaler.ch\/de\/wp-json\/wp\/v2\/recipes\/21071\/revisions"}],"predecessor-version":[{"id":137852,"href":"https:\/\/www.emmentaler.ch\/de\/wp-json\/wp\/v2\/recipes\/21071\/revisions\/137852"}],"acf:attachment":[{"embeddable":true,"href":"https:\/\/www.emmentaler.ch\/de\/wp-json\/wp\/v2\/media\/21087"}],"acf:term":[{"embeddable":true,"taxonomy":"recipe_saison","href":"https:\/\/www.emmentaler.ch\/de\/wp-json\/wp\/v2\/recipe_saison\/143"},{"embeddable":true,"taxonomy":"recipe_main_ingredient","href":"https:\/\/www.emmentaler.ch\/de\/wp-json\/wp\/v2\/recipe_main_ingredient\/123"},{"embeddable":true,"taxonomy":"recipe_diet_type","href":"https:\/\/www.emmentaler.ch\/de\/wp-json\/wp\/v2\/recipe_diet_type\/132"},{"embeddable":true,"taxonomy":"recipe_diet_type","href":"https:\/\/www.emmentaler.ch\/de\/wp-json\/wp\/v2\/recipe_diet_type\/133"},{"embeddable":true,"taxonomy":"recipe_difficulty","href":"https:\/\/www.emmentaler.ch\/de\/wp-json\/wp\/v2\/recipe_difficulty\/125"},{"embeddable":true,"taxonomy":"recipe_categories","href":"https:\/\/www.emmentaler.ch\/de\/wp-json\/wp\/v2\/recipe_categories\/86"},{"embeddable":true,"taxonomy":"recipe_preparation_time","href":"https:\/\/www.emmentaler.ch\/de\/wp-json\/wp\/v2\/recipe_preparation_time\/436"}],"acf:post":[{"embeddable":true,"href":"https:\/\/www.emmentaler.ch\/de\/wp-json\/wp\/v2\/pages\/5195"}],"wp:featuredmedia":[{"embeddable":true,"href":"https:\/\/www.emmentaler.ch\/de\/wp-json\/wp\/v2\/media\/21087"}],"wp:attachment":[{"href":"https:\/\/www.emmentaler.ch\/de\/wp-json\/wp\/v2\/media?parent=21071"}],"wp:term":[{"taxonomy":"post_tag","embeddable":true,"href":"https:\/\/www.emmentaler.ch\/de\/wp-json\/wp\/v2\/tags?post=21071"},{"taxonomy":"recipe_categories","embeddable":true,"href":"https:\/\/www.emmentaler.ch\/de\/wp-json\/wp\/v2\/recipe_categories?post=21071"},{"taxonomy":"et_countries","embeddable":true,"href":"https:\/\/www.emmentaler.ch\/de\/wp-json\/wp\/v2\/et_countries?post=21071"},{"taxonomy":"recipe_main_ingredient","embeddable":true,"href":"https:\/\/www.emmentaler.ch\/de\/wp-json\/wp\/v2\/recipe_main_ingredient?post=21071"},{"taxonomy":"recipe_difficulty","embeddable":true,"href":"https:\/\/www.emmentaler.ch\/de\/wp-json\/wp\/v2\/recipe_difficulty?post=21071"},{"taxonomy":"recipe_preparation_time","embeddable":true,"href":"https:\/\/www.emmentaler.ch\/de\/wp-json\/wp\/v2\/recipe_preparation_time?post=21071"},{"taxonomy":"recipe_diet_type","embeddable":true,"href":"https:\/\/www.emmentaler.ch\/de\/wp-json\/wp\/v2\/recipe_diet_type?post=21071"},{"taxonomy":"recipe_saison","embeddable":true,"href":"https:\/\/www.emmentaler.ch\/de\/wp-json\/wp\/v2\/recipe_saison?post=21071"}],"curies":[{"name":"wp","href":"https:\/\/api.w.org\/{rel}","templated":true}]}}

Emmentaler-Knöpflipfanne

500 g Krautstiele
3 Tomaten
12 getrocknete in Öl eingelegte Tomaten
1 Zwiebel
150 g Emmentaler AOP
1 EL Bratbutter
500 g Knöpfli
2 EL Öl
Salz, Pfeffer

Krautstielstängel und -blätter separat in ca. 1 cm breite Streifen schneiden. Tomaten würfeln, getrocknete Tomaten in Streifen schneiden. Zwiebel fein hacken. Emmentaler AOP mit einem Sparschäler in Späne schneiden.

Bratbutter in einer Bratpfanne erhitzen. Knöpfli darin 4-5 Minuten anbraten, aus der Pfanne nehmen. Öl in der Pfanne erhitzen. Krautstielstängel und Zwiebeln darin ca. 5 Minuten dünsten. Krautstielblätter, Tomaten und getrocknete Tomaten dazugeben und bei guter Hitze 3 Minuten mitdünsten, mit Salz und Pfeffer würzen.

Knöpfli daruntermischen, kurz erhitzen, anrichten und Käsespäne darüberstreuen.
