{"id":21133,"date":"2022-04-27T13:35:41","date_gmt":"2022-04-27T11:35:41","guid":{"rendered":"https:\/\/www.emmentaler.ch\/rezept\/emmentaler-petersilienbroetchen"},"modified":"2022-06-27T14:07:20","modified_gmt":"2022-06-27T12:07:20","slug":"emmentaler-petersilienbroetchen","status":"publish","type":"recipes","link":"https:\/\/www.emmentaler.ch\/de\/rezept\/emmentaler-petersilienbroetchen","title":{"rendered":"Emmentaler-Petersilienbr\u00f6tchen"},"author":2,"featured_media":21149,"menu_order":0,"template":"","meta":{"inline_featured_image":false},"tags":[],"recipe_categories":[152],"et_countries":[],"recipe_main_ingredient":[],"recipe_difficulty":[127],"recipe_preparation_time":[159],"recipe_diet_type":[133,132],"recipe_saison":[142,143,136],"acf":{"recipe_preparation_time":159,"recipe_categories":152,"recipe_time_txt":"30 Minuten, plus 60 Minuten Ruhezeit, plus 25 Minuten zum Backen","recipe_type":216,"recipe_difficulty":127,"recipe_diet_type":[133,132],"recipe_main_ingredient":false,"recipe_saison":[142,143,136],"recipe_count_portions":9,"recipe_ingedients":[{"recipe_ingedients_amount":"","recipe_ingedients_unit":"g","recipe_ingedients_product":""}],"temporare_zutaten":"200 g Emmentaler AOP\r\n50 g getrocknete in \u00d6l eingelegte Tomaten\r\n1 grosser Bund flache Petersilie\r\n500 g Ruchmehl\r\n2 TL Salz\r\n2 EL \u00d6l von den eingelegten Tomaten\r\n20 g Hefe\r\n3 dl lauwarmes Wasser","recipe_preparation":"Emmentaler AOP und Tomaten in ca. 5 mm kleine W\u00fcrfel schneiden. Petersilie fein hacken. Mehl und Salz in einer Sch\u00fcssel mischen. \u00d6l zuf\u00fcgen. Hefe im Wasser aufl\u00f6sen, in die Sch\u00fcssel giessen und alles zu einem geschmeidigen Teig kneten.\r\n\r\nEmmentaler AOP, Tomaten und Petersilie unter den fertigen Teig kneten. Sch\u00fcssel mit einem feuchten Tuch bedecken. Teig an einem warmen Ort w\u00e4hrend ca. 1 Stunde auf das doppelte Volumen aufgehen lassen.\r\n\r\nAus dem Teig 8-10 Br\u00f6tchen formen, auf ein mit Backpapier belegtes Blech legen, nochmals 10 Minuten gehen lassen.\r\n\r\nBr\u00f6tchen kreuzweise einschneiden, in der Mitte des 220 Grad heissen Ofens 10 Minuten backen. Hitze auf 200 Grad reduzieren und in ca. 25 Minuten fertig backen. Ausk\u00fchlen lassen und z.B. mit einer Suppe servieren.","recipe_images":[21144]},"_links":{"self":[{"href":"https:\/\/www.emmentaler.ch\/de\/wp-json\/wp\/v2\/recipes\/21133"}],"collection":[{"href":"https:\/\/www.emmentaler.ch\/de\/wp-json\/wp\/v2\/recipes"}],"about":[{"href":"https:\/\/www.emmentaler.ch\/de\/wp-json\/wp\/v2\/types\/recipes"}],"author":[{"embeddable":true,"href":"https:\/\/www.emmentaler.ch\/de\/wp-json\/wp\/v2\/users\/2"}],"version-history":[{"count":0,"href":"https:\/\/www.emmentaler.ch\/de\/wp-json\/wp\/v2\/recipes\/21133\/revisions"}],"acf:attachment":[{"embeddable":true,"href":"https:\/\/www.emmentaler.ch\/de\/wp-json\/wp\/v2\/media\/21144"}],"acf:term":[{"embeddable":true,"taxonomy":"recipe_saison","href":"https:\/\/www.emmentaler.ch\/de\/wp-json\/wp\/v2\/recipe_saison\/136"},{"embeddable":true,"taxonomy":"recipe_saison","href":"https:\/\/www.emmentaler.ch\/de\/wp-json\/wp\/v2\/recipe_saison\/143"},{"embeddable":true,"taxonomy":"recipe_saison","href":"https:\/\/www.emmentaler.ch\/de\/wp-json\/wp\/v2\/recipe_saison\/142"},{"embeddable":true,"taxonomy":"recipe_diet_type","href":"https:\/\/www.emmentaler.ch\/de\/wp-json\/wp\/v2\/recipe_diet_type\/132"},{"embeddable":true,"taxonomy":"recipe_diet_type","href":"https:\/\/www.emmentaler.ch\/de\/wp-json\/wp\/v2\/recipe_diet_type\/133"},{"embeddable":true,"taxonomy":"recipe_difficulty","href":"https:\/\/www.emmentaler.ch\/de\/wp-json\/wp\/v2\/recipe_difficulty\/127"},{"embeddable":true,"taxonomy":"recipe_categories","href":"https:\/\/www.emmentaler.ch\/de\/wp-json\/wp\/v2\/recipe_categories\/152"},{"embeddable":true,"taxonomy":"recipe_preparation_time","href":"https:\/\/www.emmentaler.ch\/de\/wp-json\/wp\/v2\/recipe_preparation_time\/159"}],"acf:post":[{"embeddable":true,"href":"https:\/\/www.emmentaler.ch\/de\/wp-json\/wp\/v2\/pages\/216"}],"wp:featuredmedia":[{"embeddable":true,"href":"https:\/\/www.emmentaler.ch\/de\/wp-json\/wp\/v2\/media\/21149"}],"wp:attachment":[{"href":"https:\/\/www.emmentaler.ch\/de\/wp-json\/wp\/v2\/media?parent=21133"}],"wp:term":[{"taxonomy":"post_tag","embeddable":true,"href":"https:\/\/www.emmentaler.ch\/de\/wp-json\/wp\/v2\/tags?post=21133"},{"taxonomy":"recipe_categories","embeddable":true,"href":"https:\/\/www.emmentaler.ch\/de\/wp-json\/wp\/v2\/recipe_categories?post=21133"},{"taxonomy":"et_countries","embeddable":true,"href":"https:\/\/www.emmentaler.ch\/de\/wp-json\/wp\/v2\/et_countries?post=21133"},{"taxonomy":"recipe_main_ingredient","embeddable":true,"href":"https:\/\/www.emmentaler.ch\/de\/wp-json\/wp\/v2\/recipe_main_ingredient?post=21133"},{"taxonomy":"recipe_difficulty","embeddable":true,"href":"https:\/\/www.emmentaler.ch\/de\/wp-json\/wp\/v2\/recipe_difficulty?post=21133"},{"taxonomy":"recipe_preparation_time","embeddable":true,"href":"https:\/\/www.emmentaler.ch\/de\/wp-json\/wp\/v2\/recipe_preparation_time?post=21133"},{"taxonomy":"recipe_diet_type","embeddable":true,"href":"https:\/\/www.emmentaler.ch\/de\/wp-json\/wp\/v2\/recipe_diet_type?post=21133"},{"taxonomy":"recipe_saison","embeddable":true,"href":"https:\/\/www.emmentaler.ch\/de\/wp-json\/wp\/v2\/recipe_saison?post=21133"}],"curies":[{"name":"wp","href":"https:\/\/api.w.org\/{rel}","templated":true}]}}

Emmentaler-Petersilienbrötchen

200 g Emmentaler AOP
50 g getrocknete in Öl eingelegte Tomaten
1 grosser Bund flache Petersilie
500 g Ruchmehl
2 TL Salz
2 EL Öl von den eingelegten Tomaten
20 g Hefe
3 dl lauwarmes Wasser

Emmentaler AOP und Tomaten in ca. 5 mm kleine Würfel schneiden. Petersilie fein hacken. Mehl und Salz in einer Schüssel mischen. Öl zufügen. Hefe im Wasser auflösen, in die Schüssel giessen und alles zu einem geschmeidigen Teig kneten.

Emmentaler AOP, Tomaten und Petersilie unter den fertigen Teig kneten. Schüssel mit einem feuchten Tuch bedecken. Teig an einem warmen Ort während ca. 1 Stunde auf das doppelte Volumen aufgehen lassen.

Aus dem Teig 8-10 Brötchen formen, auf ein mit Backpapier belegtes Blech legen, nochmals 10 Minuten gehen lassen.

Brötchen kreuzweise einschneiden, in der Mitte des 220 Grad heissen Ofens 10 Minuten backen. Hitze auf 200 Grad reduzieren und in ca. 25 Minuten fertig backen. Auskühlen lassen und z.B. mit einer Suppe servieren.
