{"id":21164,"date":"2022-04-27T13:35:41","date_gmt":"2022-04-27T11:35:41","guid":{"rendered":"https:\/\/www.emmentaler.ch\/rezept\/emmentaler-rollen"},"modified":"2022-06-27T15:02:45","modified_gmt":"2022-06-27T13:02:45","slug":"emmentaler-rollen","status":"publish","type":"recipes","link":"https:\/\/www.emmentaler.ch\/de\/rezept\/emmentaler-rollen","title":{"rendered":"Emmentaler-Rollen"},"author":2,"featured_media":21180,"menu_order":0,"template":"","meta":{"inline_featured_image":false},"tags":[],"recipe_categories":[152],"et_countries":[],"recipe_main_ingredient":[],"recipe_difficulty":[126],"recipe_preparation_time":[160],"recipe_diet_type":[132],"recipe_saison":[143],"acf":{"recipe_preparation_time":160,"recipe_categories":152,"recipe_time_txt":"40 Minuten, plus 25 Minuten zum Backen","recipe_type":5193,"recipe_difficulty":126,"recipe_diet_type":[132],"recipe_main_ingredient":false,"recipe_saison":[143],"recipe_count_portions":4,"recipe_ingedients":[{"recipe_ingedients_amount":"","recipe_ingedients_unit":"g","recipe_ingedients_product":""}],"temporare_zutaten":"1 dl Apfel- oder Weisswein\r\n1 dl Wasser\r\n25 g Butter\r\n1 Knoblauchzehe\r\n\u00bd TL Salz\r\nMuskatnuss, Paprika, Pfeffer\r\n125 g Mehl\r\n3 \u00bd Eier\r\n\u00bd Bund Majoran\r\n1 EL Senf\r\n200 g geriebener Emmentaler AOP\r\n2 Bl\u00e4tterteig \u00e0 je 275 g, rechteckig ausgewallt\r\n\u00bd Eiweiss\r\n\u00bd Eigelb","recipe_preparation":"Wein mit Wasser, Butter, ausgepresster Knoblauchzehe und Gew\u00fcrzen aufkochen. Mehl im Sturz zuf\u00fcgen, mit einer Kelle sehr gut verr\u00fchren, bis sich ein gleichm\u00e4ssiger Klumpen bildet. Teig in eine Sch\u00fcssel geben. Eier nach und nach unter kr\u00e4ftigem R\u00fchren untermischen, bis ein glatter Teig entsteht. Majoran fein hacken, mit Senf und Emmentaler AOP unter den Teig mischen. In einen Spritzsack mit grosser T\u00fclle f\u00fcllen.\r\n\r\nTeige ausrollen und in je 8 Rechtecke schneiden. F\u00fcllung wurstf\u00f6rmig l\u00e4ngs auf Teigst\u00fccke spritzen. L\u00e4ngskanten mit Eiweiss bestreichen, locker zu Rollen formen, die Enden bleiben offen. Mit der Verschlussseite nach unten auf ein mit Backpapier belegtes Blech legen, mit Eigelb bestreichen. Im 180 Grad heissen Ofen 20-25 Minuten backen. Heiss oder kalt mit einem Salat servieren.","recipe_images":[21180]},"_links":{"self":[{"href":"https:\/\/www.emmentaler.ch\/de\/wp-json\/wp\/v2\/recipes\/21164"}],"collection":[{"href":"https:\/\/www.emmentaler.ch\/de\/wp-json\/wp\/v2\/recipes"}],"about":[{"href":"https:\/\/www.emmentaler.ch\/de\/wp-json\/wp\/v2\/types\/recipes"}],"author":[{"embeddable":true,"href":"https:\/\/www.emmentaler.ch\/de\/wp-json\/wp\/v2\/users\/2"}],"version-history":[{"count":0,"href":"https:\/\/www.emmentaler.ch\/de\/wp-json\/wp\/v2\/recipes\/21164\/revisions"}],"acf:attachment":[{"embeddable":true,"href":"https:\/\/www.emmentaler.ch\/de\/wp-json\/wp\/v2\/media\/21180"}],"acf:term":[{"embeddable":true,"taxonomy":"recipe_saison","href":"https:\/\/www.emmentaler.ch\/de\/wp-json\/wp\/v2\/recipe_saison\/143"},{"embeddable":true,"taxonomy":"recipe_diet_type","href":"https:\/\/www.emmentaler.ch\/de\/wp-json\/wp\/v2\/recipe_diet_type\/132"},{"embeddable":true,"taxonomy":"recipe_difficulty","href":"https:\/\/www.emmentaler.ch\/de\/wp-json\/wp\/v2\/recipe_difficulty\/126"},{"embeddable":true,"taxonomy":"recipe_categories","href":"https:\/\/www.emmentaler.ch\/de\/wp-json\/wp\/v2\/recipe_categories\/152"},{"embeddable":true,"taxonomy":"recipe_preparation_time","href":"https:\/\/www.emmentaler.ch\/de\/wp-json\/wp\/v2\/recipe_preparation_time\/160"}],"acf:post":[{"embeddable":true,"href":"https:\/\/www.emmentaler.ch\/de\/wp-json\/wp\/v2\/pages\/5193"}],"wp:featuredmedia":[{"embeddable":true,"href":"https:\/\/www.emmentaler.ch\/de\/wp-json\/wp\/v2\/media\/21180"}],"wp:attachment":[{"href":"https:\/\/www.emmentaler.ch\/de\/wp-json\/wp\/v2\/media?parent=21164"}],"wp:term":[{"taxonomy":"post_tag","embeddable":true,"href":"https:\/\/www.emmentaler.ch\/de\/wp-json\/wp\/v2\/tags?post=21164"},{"taxonomy":"recipe_categories","embeddable":true,"href":"https:\/\/www.emmentaler.ch\/de\/wp-json\/wp\/v2\/recipe_categories?post=21164"},{"taxonomy":"et_countries","embeddable":true,"href":"https:\/\/www.emmentaler.ch\/de\/wp-json\/wp\/v2\/et_countries?post=21164"},{"taxonomy":"recipe_main_ingredient","embeddable":true,"href":"https:\/\/www.emmentaler.ch\/de\/wp-json\/wp\/v2\/recipe_main_ingredient?post=21164"},{"taxonomy":"recipe_difficulty","embeddable":true,"href":"https:\/\/www.emmentaler.ch\/de\/wp-json\/wp\/v2\/recipe_difficulty?post=21164"},{"taxonomy":"recipe_preparation_time","embeddable":true,"href":"https:\/\/www.emmentaler.ch\/de\/wp-json\/wp\/v2\/recipe_preparation_time?post=21164"},{"taxonomy":"recipe_diet_type","embeddable":true,"href":"https:\/\/www.emmentaler.ch\/de\/wp-json\/wp\/v2\/recipe_diet_type?post=21164"},{"taxonomy":"recipe_saison","embeddable":true,"href":"https:\/\/www.emmentaler.ch\/de\/wp-json\/wp\/v2\/recipe_saison?post=21164"}],"curies":[{"name":"wp","href":"https:\/\/api.w.org\/{rel}","templated":true}]}}

1 dl Apfel- oder Weisswein
1 dl Wasser
25 g Butter
1 Knoblauchzehe
½ TL Salz
Muskatnuss, Paprika, Pfeffer
125 g Mehl
3 ½ Eier
½ Bund Majoran
1 EL Senf
200 g geriebener Emmentaler AOP
2 Blätterteig à je 275 g, rechteckig ausgewallt
½ Eiweiss
½ Eigelb

Wein mit Wasser, Butter, ausgepresster Knoblauchzehe und Gewürzen aufkochen. Mehl im Sturz zufügen, mit einer Kelle sehr gut verrühren, bis sich ein gleichmässiger Klumpen bildet. Teig in eine Schüssel geben. Eier nach und nach unter kräftigem Rühren untermischen, bis ein glatter Teig entsteht. Majoran fein hacken, mit Senf und Emmentaler AOP unter den Teig mischen. In einen Spritzsack mit grosser Tülle füllen.

Teige ausrollen und in je 8 Rechtecke schneiden. Füllung wurstförmig längs auf Teigstücke spritzen. Längskanten mit Eiweiss bestreichen, locker zu Rollen formen, die Enden bleiben offen. Mit der Verschlussseite nach unten auf ein mit Backpapier belegtes Blech legen, mit Eigelb bestreichen. Im 180 Grad heissen Ofen 20-25 Minuten backen. Heiss oder kalt mit einem Salat servieren.
