{"id":21272,"date":"2022-04-27T13:35:41","date_gmt":"2022-04-27T11:35:41","guid":{"rendered":"https:\/\/www.emmentaler.ch\/rezept\/erbsen-quesadillas-mit-rueebli-salsa"},"modified":"2024-07-24T13:30:47","modified_gmt":"2024-07-24T11:30:47","slug":"erbsen-quesadillas-mit-rueebli-salsa","status":"publish","type":"recipes","link":"https:\/\/www.emmentaler.ch\/de\/rezept\/erbsen-quesadillas-mit-rueebli-salsa","title":{"rendered":"Erbsen-Quesadillas mit R\u00fcebli-Salsa"},"author":2,"featured_media":21288,"menu_order":0,"template":"","meta":{"inline_featured_image":false},"tags":[],"recipe_categories":[152],"et_countries":[],"recipe_main_ingredient":[121],"recipe_difficulty":[125],"recipe_preparation_time":[156],"recipe_diet_type":[133,132],"recipe_saison":[143],"acf":{"recipe_preparation_time":156,"recipe_categories":152,"recipe_time_txt":"","recipe_type":216,"recipe_difficulty":125,"recipe_diet_type":[133,132],"recipe_main_ingredient":[121],"recipe_saison":[143],"recipe_count_portions":4,"recipe_ingedients":[{"recipe_ingedients_amount":"25","recipe_ingedients_unit":"g","recipe_ingedients_product":"R\u00fcebli"},{"recipe_ingedients_amount":".25","recipe_ingedients_unit":"St\u00fcck","recipe_ingedients_product":"Fr\u00fchlingszwiebel"},{"recipe_ingedients_amount":".125","recipe_ingedients_unit":"Bd","recipe_ingedients_product":"glattbl\u00e4ttrige Petersilie"},{"recipe_ingedients_amount":".75","recipe_ingedients_unit":"El","recipe_ingedients_product":"Limettensaft"},{"recipe_ingedients_amount":"1","recipe_ingedients_unit":"El","recipe_ingedients_product":"Oliven\u00f6l"},{"recipe_ingedients_amount":"75","recipe_ingedients_unit":"g","recipe_ingedients_product":"frische oder tiefgek\u00fchlte Erbsen"},{"recipe_ingedients_amount":"25","recipe_ingedients_unit":"ml","recipe_ingedients_product":"Gem\u00fcsebouillon"},{"recipe_ingedients_amount":".5","recipe_ingedients_unit":"St\u00fcck","recipe_ingedients_product":"Knoblauchzehen"},{"recipe_ingedients_amount":"50","recipe_ingedients_unit":"g","recipe_ingedients_product":"rezenter Emmentaler AOP"},{"recipe_ingedients_amount":"1","recipe_ingedients_unit":"St\u00fcck","recipe_ingedients_product":"grosse Wrap Tortilla"},{"recipe_ingedients_amount":"","recipe_ingedients_unit":"g","recipe_ingedients_product":"Nach Bedarf: Salz, Pfeffer"}],"temporare_zutaten":"100 g R\u00fcebli\r\n1 Fr\u00fchlingszwiebel\r\n\u00bd Bund glattbl\u00e4ttrige Petersilie\r\n3 EL Limettensaft\r\n4 EL Oliven\u00f6l\r\nSalz, Pfeffer\r\n300 g frische oder tiefgek\u00fchlte Erbsen\r\n1 dl Gem\u00fcsebouillon\r\n2 Knoblauchzehen\r\n200 g rezenter Emmentaler AOP\r\n4 grosse Wrap Tortilla","recipe_preparation":"R\u00fcebli in sehr kleine W\u00fcrfeli (Brunoise) schneiden. Fr\u00fchlingszwiebel und Petersilie fein hacken. Limettensaft, \u00d6l, 2 Essl\u00f6ffel Wasser, Salz und Pfeffer zu einer Sauce verr\u00fchren, mit R\u00fcebli, Fr\u00fchlingszwiebeln und Petersilie mischen.\r\n\r\nErbsen mit Bouillon und Knoblauchzehen zugedeckt 5-10 Minuten weich garen. Erbsen und 2-3 Essl\u00f6ffel Gem\u00fcsefond mit dem Stabmixer nicht zu fein p\u00fcrieren, etwas ausk\u00fchlen lassen. Emmentaler AOP an einer groben Raffel reiben, unter die Erbsen mischen, mit Salz und Pfeffer abschmecken.\r\n\r\nErbsenmischung gleichm\u00e4ssig auf Tortillah\u00e4lften streichen, dabei ca. 1,5 cm Rand frei lassen. Tortillas zusammenklappen, in einer Bratpfanne von beiden Seiten je 2-3 Minuten braten. Quesadillas in St\u00fccke schneiden und mit der R\u00fcebli-Salsa servieren.","recipe_images":[21288]},"_links":{"self":[{"href":"https:\/\/www.emmentaler.ch\/de\/wp-json\/wp\/v2\/recipes\/21272"}],"collection":[{"href":"https:\/\/www.emmentaler.ch\/de\/wp-json\/wp\/v2\/recipes"}],"about":[{"href":"https:\/\/www.emmentaler.ch\/de\/wp-json\/wp\/v2\/types\/recipes"}],"author":[{"embeddable":true,"href":"https:\/\/www.emmentaler.ch\/de\/wp-json\/wp\/v2\/users\/2"}],"version-history":[{"count":1,"href":"https:\/\/www.emmentaler.ch\/de\/wp-json\/wp\/v2\/recipes\/21272\/revisions"}],"predecessor-version":[{"id":137856,"href":"https:\/\/www.emmentaler.ch\/de\/wp-json\/wp\/v2\/recipes\/21272\/revisions\/137856"}],"acf:attachment":[{"embeddable":true,"href":"https:\/\/www.emmentaler.ch\/de\/wp-json\/wp\/v2\/media\/21288"}],"acf:term":[{"embeddable":true,"taxonomy":"recipe_saison","href":"https:\/\/www.emmentaler.ch\/de\/wp-json\/wp\/v2\/recipe_saison\/143"},{"embeddable":true,"taxonomy":"recipe_main_ingredient","href":"https:\/\/www.emmentaler.ch\/de\/wp-json\/wp\/v2\/recipe_main_ingredient\/121"},{"embeddable":true,"taxonomy":"recipe_diet_type","href":"https:\/\/www.emmentaler.ch\/de\/wp-json\/wp\/v2\/recipe_diet_type\/132"},{"embeddable":true,"taxonomy":"recipe_diet_type","href":"https:\/\/www.emmentaler.ch\/de\/wp-json\/wp\/v2\/recipe_diet_type\/133"},{"embeddable":true,"taxonomy":"recipe_difficulty","href":"https:\/\/www.emmentaler.ch\/de\/wp-json\/wp\/v2\/recipe_difficulty\/125"},{"embeddable":true,"taxonomy":"recipe_categories","href":"https:\/\/www.emmentaler.ch\/de\/wp-json\/wp\/v2\/recipe_categories\/152"},{"embeddable":true,"taxonomy":"recipe_preparation_time","href":"https:\/\/www.emmentaler.ch\/de\/wp-json\/wp\/v2\/recipe_preparation_time\/156"}],"acf:post":[{"embeddable":true,"href":"https:\/\/www.emmentaler.ch\/de\/wp-json\/wp\/v2\/pages\/216"}],"wp:featuredmedia":[{"embeddable":true,"href":"https:\/\/www.emmentaler.ch\/de\/wp-json\/wp\/v2\/media\/21288"}],"wp:attachment":[{"href":"https:\/\/www.emmentaler.ch\/de\/wp-json\/wp\/v2\/media?parent=21272"}],"wp:term":[{"taxonomy":"post_tag","embeddable":true,"href":"https:\/\/www.emmentaler.ch\/de\/wp-json\/wp\/v2\/tags?post=21272"},{"taxonomy":"recipe_categories","embeddable":true,"href":"https:\/\/www.emmentaler.ch\/de\/wp-json\/wp\/v2\/recipe_categories?post=21272"},{"taxonomy":"et_countries","embeddable":true,"href":"https:\/\/www.emmentaler.ch\/de\/wp-json\/wp\/v2\/et_countries?post=21272"},{"taxonomy":"recipe_main_ingredient","embeddable":true,"href":"https:\/\/www.emmentaler.ch\/de\/wp-json\/wp\/v2\/recipe_main_ingredient?post=21272"},{"taxonomy":"recipe_difficulty","embeddable":true,"href":"https:\/\/www.emmentaler.ch\/de\/wp-json\/wp\/v2\/recipe_difficulty?post=21272"},{"taxonomy":"recipe_preparation_time","embeddable":true,"href":"https:\/\/www.emmentaler.ch\/de\/wp-json\/wp\/v2\/recipe_preparation_time?post=21272"},{"taxonomy":"recipe_diet_type","embeddable":true,"href":"https:\/\/www.emmentaler.ch\/de\/wp-json\/wp\/v2\/recipe_diet_type?post=21272"},{"taxonomy":"recipe_saison","embeddable":true,"href":"https:\/\/www.emmentaler.ch\/de\/wp-json\/wp\/v2\/recipe_saison?post=21272"}],"curies":[{"name":"wp","href":"https:\/\/api.w.org\/{rel}","templated":true}]}}

Erbsen-Quesadillas mit Rüebli-Salsa

Rüebli

Stück

Frühlingszwiebel

glattblättrige Petersilie

Olivenöl

frische oder tiefgekühlte Erbsen

Gemüsebouillon

100 g Rüebli
1 Frühlingszwiebel
½ Bund glattblättrige Petersilie
3 EL Limettensaft
4 EL Olivenöl
Salz, Pfeffer
300 g frische oder tiefgekühlte Erbsen
1 dl Gemüsebouillon
2 Knoblauchzehen
200 g rezenter Emmentaler AOP
4 grosse Wrap Tortilla

Rüebli in sehr kleine Würfeli (Brunoise) schneiden. Frühlingszwiebel und Petersilie fein hacken. Limettensaft, Öl, 2 Esslöffel Wasser, Salz und Pfeffer zu einer Sauce verrühren, mit Rüebli, Frühlingszwiebeln und Petersilie mischen.

Erbsen mit Bouillon und Knoblauchzehen zugedeckt 5-10 Minuten weich garen. Erbsen und 2-3 Esslöffel Gemüsefond mit dem Stabmixer nicht zu fein pürieren, etwas auskühlen lassen. Emmentaler AOP an einer groben Raffel reiben, unter die Erbsen mischen, mit Salz und Pfeffer abschmecken.

Erbsenmischung gleichmässig auf Tortillahälften streichen, dabei ca. 1,5 cm Rand frei lassen. Tortillas zusammenklappen, in einer Bratpfanne von beiden Seiten je 2-3 Minuten braten. Quesadillas in Stücke schneiden und mit der Rüebli-Salsa servieren.
