{"id":21456,"date":"2022-04-27T13:36:19","date_gmt":"2022-04-27T11:36:19","guid":{"rendered":"https:\/\/www.emmentaler.ch\/rezept\/fruehlings-risotto-mit-haselnuessen"},"modified":"2022-08-03T16:24:11","modified_gmt":"2022-08-03T14:24:11","slug":"fruehlings-risotto-mit-haselnuessen","status":"publish","type":"recipes","link":"https:\/\/www.emmentaler.ch\/de\/rezept\/fruehlings-risotto-mit-haselnuessen","title":{"rendered":"Fr\u00fchlings-Risotto mit Haseln\u00fcssen"},"author":2,"featured_media":21472,"menu_order":0,"template":"","meta":{"inline_featured_image":false},"tags":[],"recipe_categories":[86],"et_countries":[],"recipe_main_ingredient":[123],"recipe_difficulty":[126],"recipe_preparation_time":[436],"recipe_diet_type":[132],"recipe_saison":[142,138,143],"acf":{"recipe_preparation_time":436,"recipe_categories":86,"recipe_time_txt":"","recipe_type":5241,"recipe_difficulty":126,"recipe_diet_type":[132],"recipe_main_ingredient":[123],"recipe_saison":[142,138,143],"recipe_count_portions":4,"recipe_ingedients":[{"recipe_ingedients_amount":"","recipe_ingedients_unit":"g","recipe_ingedients_product":""}],"temporare_zutaten":"200 g Fr\u00fchlingszwiebeln mit Gr\u00fcn\r\n2 EL Oliven\u00f6l\r\n300 g Risottoreis\r\n1 dl Apfel- oder Weisswein\r\n9 dl heisse Gem\u00fcsebouillon\r\n350 g gr\u00fcne Spargeln\r\n75 g Haseln\u00fcsse\r\n125 g Rahmtaler\r\n2 EL Sauerrahm\r\nSalz, Pfeffer\r\n1 TL rosa Pfeffer, grob zerstossen\r\neinige Kerbelbl\u00e4ttchen","recipe_preparation":"Fr\u00fchlingszwiebeln in 5 mm breite Ringe schneiden. Die gr\u00fcnen Ringe beiseitelegen. Restliche Fr\u00fchlingszwiebeln im warmen \u00d6l and\u00fcnsten. Reis beif\u00fcgen, kurz mitd\u00fcnsten. Mit Apfelwein abl\u00f6schen. Bouillon nach und nach dazugiessen. Reis unter R\u00fchren ca. 20 Minuten k\u00f6cheln.\r\n\r\nW\u00e4hrend der Reis k\u00f6chelt, Spargeln r\u00fcsten und unterer Drittel sch\u00e4len, in mundgerechte St\u00fccke schneiden. \u00dcber Dampf oder in wenig kochendem Salzwasser 5 -10 Minuten knackig garen.\r\n\r\nHaseln\u00fcsse grob hacken, in einer Pfanne leicht anr\u00f6sten. Rahmtaler fein reiben.\r\n\r\nSpargeln, Fr\u00fchlingszwiebeln, Sauerrahm und Rahmtaler unter den fertigen Risotto ziehen, mit Salz und Pfeffer abschmecken. Haseln\u00fcsse, rosa Pfeffer und Kerbel dar\u00fcber streuen.","recipe_images":[21472]},"_links":{"self":[{"href":"https:\/\/www.emmentaler.ch\/de\/wp-json\/wp\/v2\/recipes\/21456"}],"collection":[{"href":"https:\/\/www.emmentaler.ch\/de\/wp-json\/wp\/v2\/recipes"}],"about":[{"href":"https:\/\/www.emmentaler.ch\/de\/wp-json\/wp\/v2\/types\/recipes"}],"author":[{"embeddable":true,"href":"https:\/\/www.emmentaler.ch\/de\/wp-json\/wp\/v2\/users\/2"}],"version-history":[{"count":0,"href":"https:\/\/www.emmentaler.ch\/de\/wp-json\/wp\/v2\/recipes\/21456\/revisions"}],"acf:attachment":[{"embeddable":true,"href":"https:\/\/www.emmentaler.ch\/de\/wp-json\/wp\/v2\/media\/21472"}],"acf:term":[{"embeddable":true,"taxonomy":"recipe_saison","href":"https:\/\/www.emmentaler.ch\/de\/wp-json\/wp\/v2\/recipe_saison\/143"},{"embeddable":true,"taxonomy":"recipe_saison","href":"https:\/\/www.emmentaler.ch\/de\/wp-json\/wp\/v2\/recipe_saison\/138"},{"embeddable":true,"taxonomy":"recipe_saison","href":"https:\/\/www.emmentaler.ch\/de\/wp-json\/wp\/v2\/recipe_saison\/142"},{"embeddable":true,"taxonomy":"recipe_main_ingredient","href":"https:\/\/www.emmentaler.ch\/de\/wp-json\/wp\/v2\/recipe_main_ingredient\/123"},{"embeddable":true,"taxonomy":"recipe_diet_type","href":"https:\/\/www.emmentaler.ch\/de\/wp-json\/wp\/v2\/recipe_diet_type\/132"},{"embeddable":true,"taxonomy":"recipe_difficulty","href":"https:\/\/www.emmentaler.ch\/de\/wp-json\/wp\/v2\/recipe_difficulty\/126"},{"embeddable":true,"taxonomy":"recipe_categories","href":"https:\/\/www.emmentaler.ch\/de\/wp-json\/wp\/v2\/recipe_categories\/86"},{"embeddable":true,"taxonomy":"recipe_preparation_time","href":"https:\/\/www.emmentaler.ch\/de\/wp-json\/wp\/v2\/recipe_preparation_time\/436"}],"acf:post":[{"embeddable":true,"href":"https:\/\/www.emmentaler.ch\/de\/wp-json\/wp\/v2\/pages\/5241"}],"wp:featuredmedia":[{"embeddable":true,"href":"https:\/\/www.emmentaler.ch\/de\/wp-json\/wp\/v2\/media\/21472"}],"wp:attachment":[{"href":"https:\/\/www.emmentaler.ch\/de\/wp-json\/wp\/v2\/media?parent=21456"}],"wp:term":[{"taxonomy":"post_tag","embeddable":true,"href":"https:\/\/www.emmentaler.ch\/de\/wp-json\/wp\/v2\/tags?post=21456"},{"taxonomy":"recipe_categories","embeddable":true,"href":"https:\/\/www.emmentaler.ch\/de\/wp-json\/wp\/v2\/recipe_categories?post=21456"},{"taxonomy":"et_countries","embeddable":true,"href":"https:\/\/www.emmentaler.ch\/de\/wp-json\/wp\/v2\/et_countries?post=21456"},{"taxonomy":"recipe_main_ingredient","embeddable":true,"href":"https:\/\/www.emmentaler.ch\/de\/wp-json\/wp\/v2\/recipe_main_ingredient?post=21456"},{"taxonomy":"recipe_difficulty","embeddable":true,"href":"https:\/\/www.emmentaler.ch\/de\/wp-json\/wp\/v2\/recipe_difficulty?post=21456"},{"taxonomy":"recipe_preparation_time","embeddable":true,"href":"https:\/\/www.emmentaler.ch\/de\/wp-json\/wp\/v2\/recipe_preparation_time?post=21456"},{"taxonomy":"recipe_diet_type","embeddable":true,"href":"https:\/\/www.emmentaler.ch\/de\/wp-json\/wp\/v2\/recipe_diet_type?post=21456"},{"taxonomy":"recipe_saison","embeddable":true,"href":"https:\/\/www.emmentaler.ch\/de\/wp-json\/wp\/v2\/recipe_saison?post=21456"}],"curies":[{"name":"wp","href":"https:\/\/api.w.org\/{rel}","templated":true}]}}

Frühlings-Risotto mit Haselnüssen

200 g Frühlingszwiebeln mit Grün
2 EL Olivenöl
300 g Risottoreis
1 dl Apfel- oder Weisswein
9 dl heisse Gemüsebouillon
350 g grüne Spargeln
75 g Haselnüsse
125 g Rahmtaler
2 EL Sauerrahm
Salz, Pfeffer
1 TL rosa Pfeffer, grob zerstossen
einige Kerbelblättchen

Frühlingszwiebeln in 5 mm breite Ringe schneiden. Die grünen Ringe beiseitelegen. Restliche Frühlingszwiebeln im warmen Öl andünsten. Reis beifügen, kurz mitdünsten. Mit Apfelwein ablöschen. Bouillon nach und nach dazugiessen. Reis unter Rühren ca. 20 Minuten köcheln.

Während der Reis köchelt, Spargeln rüsten und unterer Drittel schälen, in mundgerechte Stücke schneiden. Über Dampf oder in wenig kochendem Salzwasser 5 -10 Minuten knackig garen.

Haselnüsse grob hacken, in einer Pfanne leicht anrösten. Rahmtaler fein reiben.

Spargeln, Frühlingszwiebeln, Sauerrahm und Rahmtaler unter den fertigen Risotto ziehen, mit Salz und Pfeffer abschmecken. Haselnüsse, rosa Pfeffer und Kerbel darüber streuen.
