{"id":21518,"date":"2022-04-27T13:36:19","date_gmt":"2022-04-27T11:36:19","guid":{"rendered":"https:\/\/www.emmentaler.ch\/rezept\/fruehlingsgratin-mit-kaesenusskruste"},"modified":"2022-05-20T10:40:32","modified_gmt":"2022-05-20T08:40:32","slug":"fruehlingsgratin-mit-kaesenusskruste","status":"publish","type":"recipes","link":"https:\/\/www.emmentaler.ch\/de\/rezept\/fruehlingsgratin-mit-kaesenusskruste","title":{"rendered":"Fr\u00fchlingsgratin mit K\u00e4senusskruste"},"author":2,"featured_media":21534,"menu_order":0,"template":"","meta":{"inline_featured_image":false},"tags":[],"recipe_categories":[86],"et_countries":[],"recipe_main_ingredient":[123],"recipe_difficulty":[126],"recipe_preparation_time":[163],"recipe_diet_type":[132],"recipe_saison":[138],"acf":{"recipe_preparation_time":163,"recipe_categories":86,"recipe_time_txt":"30 Minuten, plus 25 Minuten zum Backen","recipe_type":5195,"recipe_difficulty":126,"recipe_diet_type":[132],"recipe_main_ingredient":[123],"recipe_saison":[138],"recipe_count_portions":4,"recipe_ingedients":[{"recipe_ingedients_amount":"125","recipe_ingedients_unit":"g","recipe_ingedients_product":"gr\u00fcne Spargeln"},{"recipe_ingedients_amount":"0.5","recipe_ingedients_unit":"St\u00fcck","recipe_ingedients_product":"Kohlrabi"},{"recipe_ingedients_amount":"150","recipe_ingedients_unit":"g","recipe_ingedients_product":"Kartoffeln"},{"recipe_ingedients_amount":"62.5","recipe_ingedients_unit":"g","recipe_ingedients_product":"R\u00fcebli"},{"recipe_ingedients_amount":"75","recipe_ingedients_unit":"ml","recipe_ingedients_product":"Milch"},{"recipe_ingedients_amount":"50","recipe_ingedients_unit":"ml","recipe_ingedients_product":"Rahm"},{"recipe_ingedients_amount":"37.5","recipe_ingedients_unit":"g","recipe_ingedients_product":"Emmentaler AOP, gerieben"},{"recipe_ingedients_amount":".25","recipe_ingedients_unit":"Bd","recipe_ingedients_product":"Petersilie"},{"recipe_ingedients_amount":"7.5","recipe_ingedients_unit":"g","recipe_ingedients_product":"Haseln\u00fcsse"},{"recipe_ingedients_amount":"0.5","recipe_ingedients_unit":"El","recipe_ingedients_product":"Paniermehl"},{"recipe_ingedients_amount":".25","recipe_ingedients_unit":"El","recipe_ingedients_product":"\u00d6l"},{"recipe_ingedients_amount":"","recipe_ingedients_unit":"Bedarf","recipe_ingedients_product":"Nach Bedarf: Salz, Pfeffer"}],"temporare_zutaten":"500 g gr\u00fcne Spargeln\r\n2 Kohlrabi\r\n600 g Kartoffeln\r\n250 g R\u00fcebli\r\n3 dl Milch\r\n2 dl Rahm\r\nSalz, Pfeffer\r\n150 g geriebener Emmentaler AOP\r\n1 Bund Petersilie\r\n30 g Haseln\u00fcsse\r\n2 EL Paniermehl\r\n1 EL \u00d6l","recipe_preparation":"Den unteren, holzigen Teil der Spargeln wegschneiden. Spargeln in 3 cm lange St\u00fccke schneiden. Kohlrabi, Kartoffeln und R\u00fcebli sch\u00e4len. Kohlrabi in St\u00e4ngeli, Kartoffeln in Scheiben und R\u00fcebli in R\u00e4dchen schneiden.\r\n\r\nMilch, Rahm, Salz und Pfeffer aufkochen. Gem\u00fcse und Kartoffeln zugeben, zugedeckt ca. 10 Minuten k\u00f6cheln. Ab und zu umr\u00fchren. 100 g Emmentaler AOP unter das Gem\u00fcse mischen und in eine Gratinform geben. Im 180 Grad heissen Ofen ca. 10 Minuten backen.\r\n\r\nPetersilie fein hacken. Haseln\u00fcsse grob hacken. Beides mit dem restlichen K\u00e4se, Paniermehl und \u00d6l vermischen. \u00dcber den Gratin streuen und weitere 10-15 Minuten \u00fcberbacken.","recipe_images":[21529,21534]},"_links":{"self":[{"href":"https:\/\/www.emmentaler.ch\/de\/wp-json\/wp\/v2\/recipes\/21518"}],"collection":[{"href":"https:\/\/www.emmentaler.ch\/de\/wp-json\/wp\/v2\/recipes"}],"about":[{"href":"https:\/\/www.emmentaler.ch\/de\/wp-json\/wp\/v2\/types\/recipes"}],"author":[{"embeddable":true,"href":"https:\/\/www.emmentaler.ch\/de\/wp-json\/wp\/v2\/users\/2"}],"version-history":[{"count":0,"href":"https:\/\/www.emmentaler.ch\/de\/wp-json\/wp\/v2\/recipes\/21518\/revisions"}],"acf:attachment":[{"embeddable":true,"href":"https:\/\/www.emmentaler.ch\/de\/wp-json\/wp\/v2\/media\/21534"},{"embeddable":true,"href":"https:\/\/www.emmentaler.ch\/de\/wp-json\/wp\/v2\/media\/21529"}],"acf:term":[{"embeddable":true,"taxonomy":"recipe_saison","href":"https:\/\/www.emmentaler.ch\/de\/wp-json\/wp\/v2\/recipe_saison\/138"},{"embeddable":true,"taxonomy":"recipe_main_ingredient","href":"https:\/\/www.emmentaler.ch\/de\/wp-json\/wp\/v2\/recipe_main_ingredient\/123"},{"embeddable":true,"taxonomy":"recipe_diet_type","href":"https:\/\/www.emmentaler.ch\/de\/wp-json\/wp\/v2\/recipe_diet_type\/132"},{"embeddable":true,"taxonomy":"recipe_difficulty","href":"https:\/\/www.emmentaler.ch\/de\/wp-json\/wp\/v2\/recipe_difficulty\/126"},{"embeddable":true,"taxonomy":"recipe_categories","href":"https:\/\/www.emmentaler.ch\/de\/wp-json\/wp\/v2\/recipe_categories\/86"},{"embeddable":true,"taxonomy":"recipe_preparation_time","href":"https:\/\/www.emmentaler.ch\/de\/wp-json\/wp\/v2\/recipe_preparation_time\/163"}],"acf:post":[{"embeddable":true,"href":"https:\/\/www.emmentaler.ch\/de\/wp-json\/wp\/v2\/pages\/5195"}],"wp:featuredmedia":[{"embeddable":true,"href":"https:\/\/www.emmentaler.ch\/de\/wp-json\/wp\/v2\/media\/21534"}],"wp:attachment":[{"href":"https:\/\/www.emmentaler.ch\/de\/wp-json\/wp\/v2\/media?parent=21518"}],"wp:term":[{"taxonomy":"post_tag","embeddable":true,"href":"https:\/\/www.emmentaler.ch\/de\/wp-json\/wp\/v2\/tags?post=21518"},{"taxonomy":"recipe_categories","embeddable":true,"href":"https:\/\/www.emmentaler.ch\/de\/wp-json\/wp\/v2\/recipe_categories?post=21518"},{"taxonomy":"et_countries","embeddable":true,"href":"https:\/\/www.emmentaler.ch\/de\/wp-json\/wp\/v2\/et_countries?post=21518"},{"taxonomy":"recipe_main_ingredient","embeddable":true,"href":"https:\/\/www.emmentaler.ch\/de\/wp-json\/wp\/v2\/recipe_main_ingredient?post=21518"},{"taxonomy":"recipe_difficulty","embeddable":true,"href":"https:\/\/www.emmentaler.ch\/de\/wp-json\/wp\/v2\/recipe_difficulty?post=21518"},{"taxonomy":"recipe_preparation_time","embeddable":true,"href":"https:\/\/www.emmentaler.ch\/de\/wp-json\/wp\/v2\/recipe_preparation_time?post=21518"},{"taxonomy":"recipe_diet_type","embeddable":true,"href":"https:\/\/www.emmentaler.ch\/de\/wp-json\/wp\/v2\/recipe_diet_type?post=21518"},{"taxonomy":"recipe_saison","embeddable":true,"href":"https:\/\/www.emmentaler.ch\/de\/wp-json\/wp\/v2\/recipe_saison?post=21518"}],"curies":[{"name":"wp","href":"https:\/\/api.w.org\/{rel}","templated":true}]}}

Frühlingsgratin mit Käsenusskruste

grüne Spargeln

Stück

Rüebli

Haselnüsse

Öl

500 g grüne Spargeln
2 Kohlrabi
600 g Kartoffeln
250 g Rüebli
3 dl Milch
2 dl Rahm
Salz, Pfeffer
150 g geriebener Emmentaler AOP
1 Bund Petersilie
30 g Haselnüsse
2 EL Paniermehl
1 EL Öl

Den unteren, holzigen Teil der Spargeln wegschneiden. Spargeln in 3 cm lange Stücke schneiden. Kohlrabi, Kartoffeln und Rüebli schälen. Kohlrabi in Stängeli, Kartoffeln in Scheiben und Rüebli in Rädchen schneiden.

Milch, Rahm, Salz und Pfeffer aufkochen. Gemüse und Kartoffeln zugeben, zugedeckt ca. 10 Minuten köcheln. Ab und zu umrühren. 100 g Emmentaler AOP unter das Gemüse mischen und in eine Gratinform geben. Im 180 Grad heissen Ofen ca. 10 Minuten backen.

Petersilie fein hacken. Haselnüsse grob hacken. Beides mit dem restlichen Käse, Paniermehl und Öl vermischen. Über den Gratin streuen und weitere 10-15 Minuten überbacken.
