{"id":21549,"date":"2022-04-27T13:36:19","date_gmt":"2022-04-27T11:36:19","guid":{"rendered":"https:\/\/www.emmentaler.ch\/rezept\/fruehlingssalat-mit-emmentaler-aop"},"modified":"2024-07-24T13:16:20","modified_gmt":"2024-07-24T11:16:20","slug":"fruehlingssalat-mit-emmentaler-aop","status":"publish","type":"recipes","link":"https:\/\/www.emmentaler.ch\/de\/rezept\/fruehlingssalat-mit-emmentaler-aop","title":{"rendered":"Fr\u00fchlingssalat mit Emmentaler AOP"},"author":2,"featured_media":21565,"menu_order":0,"template":"","meta":{"inline_featured_image":false},"tags":[788],"recipe_categories":[152],"et_countries":[],"recipe_main_ingredient":[120,123],"recipe_difficulty":[125],"recipe_preparation_time":[151],"recipe_diet_type":[133],"recipe_saison":[142,138,143,135],"acf":{"recipe_preparation_time":151,"recipe_categories":152,"recipe_time_txt":"","recipe_type":5241,"recipe_difficulty":125,"recipe_diet_type":[133],"recipe_main_ingredient":[120,123],"recipe_saison":[142,138,143,135],"recipe_count_portions":4,"recipe_ingedients":[{"recipe_ingedients_amount":"","recipe_ingedients_unit":"g","recipe_ingedients_product":""}],"temporare_zutaten":"3 EL Rotweinessig\r\n4 EL Raps\u00f6l\r\n1 EL grobk\u00f6rniger Senf\r\nSalz, Pfeffer\r\n2 Schalotten\r\n200 g frische oder tiefgek\u00fchlte Kefen\r\n100 g Bratspeck\r\n1 dl Gem\u00fcsebouillon\r\n150 g Emmentaler AOP\r\n100 g junger Blattspinat","recipe_preparation":"Essig, \u00d6l, Senf, Salz und Pfeffer zu einer Sauce verr\u00fchren. Schalotten in Streifen schneiden. Kefen falls n\u00f6tig entf\u00e4deln und quer halbieren.\r\n\r\nSpeck in breite Streifen schneiden. In einer Bratpfanne knusprig braten, aus der Pfanne nehmen. Schalotten und Kefen im Bratfett anbraten. Bouillon dazugiessen und Kefen in ein paar Minuten knackig garen. Kefen, Schalotten und etwas Fl\u00fcssigkeit mit der Sauce mischen, leicht ausk\u00fchlen lassen.\r\n\r\nEmmentaler AOP in 1 cm kleine W\u00fcrfel schneiden. K\u00e4se, Spinat und Speck zur Sauce geben und gut vermischen.","recipe_images":[21565]},"_links":{"self":[{"href":"https:\/\/www.emmentaler.ch\/de\/wp-json\/wp\/v2\/recipes\/21549"}],"collection":[{"href":"https:\/\/www.emmentaler.ch\/de\/wp-json\/wp\/v2\/recipes"}],"about":[{"href":"https:\/\/www.emmentaler.ch\/de\/wp-json\/wp\/v2\/types\/recipes"}],"author":[{"embeddable":true,"href":"https:\/\/www.emmentaler.ch\/de\/wp-json\/wp\/v2\/users\/2"}],"version-history":[{"count":1,"href":"https:\/\/www.emmentaler.ch\/de\/wp-json\/wp\/v2\/recipes\/21549\/revisions"}],"predecessor-version":[{"id":137850,"href":"https:\/\/www.emmentaler.ch\/de\/wp-json\/wp\/v2\/recipes\/21549\/revisions\/137850"}],"acf:attachment":[{"embeddable":true,"href":"https:\/\/www.emmentaler.ch\/de\/wp-json\/wp\/v2\/media\/21565"}],"acf:term":[{"embeddable":true,"taxonomy":"recipe_saison","href":"https:\/\/www.emmentaler.ch\/de\/wp-json\/wp\/v2\/recipe_saison\/135"},{"embeddable":true,"taxonomy":"recipe_saison","href":"https:\/\/www.emmentaler.ch\/de\/wp-json\/wp\/v2\/recipe_saison\/143"},{"embeddable":true,"taxonomy":"recipe_saison","href":"https:\/\/www.emmentaler.ch\/de\/wp-json\/wp\/v2\/recipe_saison\/138"},{"embeddable":true,"taxonomy":"recipe_saison","href":"https:\/\/www.emmentaler.ch\/de\/wp-json\/wp\/v2\/recipe_saison\/142"},{"embeddable":true,"taxonomy":"recipe_main_ingredient","href":"https:\/\/www.emmentaler.ch\/de\/wp-json\/wp\/v2\/recipe_main_ingredient\/123"},{"embeddable":true,"taxonomy":"recipe_main_ingredient","href":"https:\/\/www.emmentaler.ch\/de\/wp-json\/wp\/v2\/recipe_main_ingredient\/120"},{"embeddable":true,"taxonomy":"recipe_diet_type","href":"https:\/\/www.emmentaler.ch\/de\/wp-json\/wp\/v2\/recipe_diet_type\/133"},{"embeddable":true,"taxonomy":"recipe_difficulty","href":"https:\/\/www.emmentaler.ch\/de\/wp-json\/wp\/v2\/recipe_difficulty\/125"},{"embeddable":true,"taxonomy":"recipe_categories","href":"https:\/\/www.emmentaler.ch\/de\/wp-json\/wp\/v2\/recipe_categories\/152"},{"embeddable":true,"taxonomy":"recipe_preparation_time","href":"https:\/\/www.emmentaler.ch\/de\/wp-json\/wp\/v2\/recipe_preparation_time\/151"}],"acf:post":[{"embeddable":true,"href":"https:\/\/www.emmentaler.ch\/de\/wp-json\/wp\/v2\/pages\/5241"}],"wp:featuredmedia":[{"embeddable":true,"href":"https:\/\/www.emmentaler.ch\/de\/wp-json\/wp\/v2\/media\/21565"}],"wp:attachment":[{"href":"https:\/\/www.emmentaler.ch\/de\/wp-json\/wp\/v2\/media?parent=21549"}],"wp:term":[{"taxonomy":"post_tag","embeddable":true,"href":"https:\/\/www.emmentaler.ch\/de\/wp-json\/wp\/v2\/tags?post=21549"},{"taxonomy":"recipe_categories","embeddable":true,"href":"https:\/\/www.emmentaler.ch\/de\/wp-json\/wp\/v2\/recipe_categories?post=21549"},{"taxonomy":"et_countries","embeddable":true,"href":"https:\/\/www.emmentaler.ch\/de\/wp-json\/wp\/v2\/et_countries?post=21549"},{"taxonomy":"recipe_main_ingredient","embeddable":true,"href":"https:\/\/www.emmentaler.ch\/de\/wp-json\/wp\/v2\/recipe_main_ingredient?post=21549"},{"taxonomy":"recipe_difficulty","embeddable":true,"href":"https:\/\/www.emmentaler.ch\/de\/wp-json\/wp\/v2\/recipe_difficulty?post=21549"},{"taxonomy":"recipe_preparation_time","embeddable":true,"href":"https:\/\/www.emmentaler.ch\/de\/wp-json\/wp\/v2\/recipe_preparation_time?post=21549"},{"taxonomy":"recipe_diet_type","embeddable":true,"href":"https:\/\/www.emmentaler.ch\/de\/wp-json\/wp\/v2\/recipe_diet_type?post=21549"},{"taxonomy":"recipe_saison","embeddable":true,"href":"https:\/\/www.emmentaler.ch\/de\/wp-json\/wp\/v2\/recipe_saison?post=21549"}],"curies":[{"name":"wp","href":"https:\/\/api.w.org\/{rel}","templated":true}]}}

Frühlingssalat mit Emmentaler AOP

3 EL Rotweinessig
4 EL Rapsöl
1 EL grobkörniger Senf
Salz, Pfeffer
2 Schalotten
200 g frische oder tiefgekühlte Kefen
100 g Bratspeck
1 dl Gemüsebouillon
150 g Emmentaler AOP
100 g junger Blattspinat

Essig, Öl, Senf, Salz und Pfeffer zu einer Sauce verrühren. Schalotten in Streifen schneiden. Kefen falls nötig entfädeln und quer halbieren.

Speck in breite Streifen schneiden. In einer Bratpfanne knusprig braten, aus der Pfanne nehmen. Schalotten und Kefen im Bratfett anbraten. Bouillon dazugiessen und Kefen in ein paar Minuten knackig garen. Kefen, Schalotten und etwas Flüssigkeit mit der Sauce mischen, leicht auskühlen lassen.

Emmentaler AOP in 1 cm kleine Würfel schneiden. Käse, Spinat und Speck zur Sauce geben und gut vermischen.
