{"id":21718,"date":"2022-04-27T13:36:19","date_gmt":"2022-04-27T11:36:19","guid":{"rendered":"https:\/\/www.emmentaler.ch\/rezept\/gefuellter-kuerbis"},"modified":"2022-12-14T09:40:23","modified_gmt":"2022-12-14T08:40:23","slug":"gefuellter-kuerbis","status":"publish","type":"recipes","link":"https:\/\/www.emmentaler.ch\/de\/rezept\/gefuellter-kuerbis","title":{"rendered":"Gef\u00fcllter K\u00fcrbis"},"author":2,"featured_media":21734,"menu_order":0,"template":"","meta":{"inline_featured_image":false},"tags":[708],"recipe_categories":[86],"et_countries":[],"recipe_main_ingredient":[120,123],"recipe_difficulty":[126],"recipe_preparation_time":[227],"recipe_diet_type":[],"recipe_saison":[142,137],"acf":{"recipe_preparation_time":227,"recipe_categories":86,"recipe_time_txt":"30 Minuten, plus 60 Minuten zum Backen","recipe_type":5226,"recipe_difficulty":126,"recipe_diet_type":false,"recipe_main_ingredient":[120,123],"recipe_saison":[142,137],"recipe_count_portions":4,"recipe_ingedients":[{"recipe_ingedients_amount":"18.75","recipe_ingedients_unit":"g","recipe_ingedients_product":"Brot, ohne Rinde"},{"recipe_ingedients_amount":"25","recipe_ingedients_unit":"ml","recipe_ingedients_product":"lauwarme Milch"},{"recipe_ingedients_amount":".25","recipe_ingedients_unit":"St\u00fcck","recipe_ingedients_product":"Zwiebel"},{"recipe_ingedients_amount":".25","recipe_ingedients_unit":"St\u00fcck","recipe_ingedients_product":"Knoblauchzehe"},{"recipe_ingedients_amount":".25","recipe_ingedients_unit":"Bd","recipe_ingedients_product":"Petersilie"},{"recipe_ingedients_amount":".25","recipe_ingedients_unit":"Bd","recipe_ingedients_product":"gemischte Kr\u00e4uter, z.B. Rosmarin, Oregano, Salbei"},{"recipe_ingedients_amount":".25","recipe_ingedients_unit":"El","recipe_ingedients_product":"Butter"},{"recipe_ingedients_amount":"50","recipe_ingedients_unit":"g","recipe_ingedients_product":"Emmentaler AOP"},{"recipe_ingedients_amount":"75","recipe_ingedients_unit":"g","recipe_ingedients_product":"gemischtes Hackfleisch"},{"recipe_ingedients_amount":".25","recipe_ingedients_unit":"St\u00fcck","recipe_ingedients_product":"Ei"},{"recipe_ingedients_amount":".25","recipe_ingedients_unit":"Tl","recipe_ingedients_product":"Senf"},{"recipe_ingedients_amount":".25","recipe_ingedients_unit":"St\u00fcck","recipe_ingedients_product":"Hokkaidok\u00fcrbis (Oranger Knirps, 1 K\u00fcrbis = ca. 1,5 kg)"},{"recipe_ingedients_amount":"","recipe_ingedients_unit":"Bedarf","recipe_ingedients_product":"Salz, Pfeffer"}],"temporare_zutaten":"75 g Brot, ohne Rinde\r\n1 dl lauwarme Milch\r\n1 Zwiebel\r\n1 Knoblauchzehe\r\n1 Bund Petersilie\r\n1 Bund gemischte Kr\u00e4uter, z.B. Rosmarin, Oregano, Salbei\r\n1 EL Butter\r\n200 g Emmentaler AOP\r\n300 g gemischtes Hackfleisch\r\n1 Ei\r\n1 TL Senf\r\nSalz, Pfeffer\r\n1 Hokkaidok\u00fcrbis (Oranger Knirps) ca. 1,5 kg","recipe_preparation":"Brot klein schneiden, 20 Minuten in der Milch einweichen, ausdr\u00fccken und mit einer Gabel fein zerdr\u00fccken. Zwiebel, Knoblauch und Kr\u00e4uter fein hacken. In heisser Butter d\u00fcnsten, in eine Sch\u00fcssel geben und etwas abk\u00fchlen.\r\n\r\nEmmentaler AOP in 1 cm grosse W\u00fcrfel schneiden. K\u00e4sew\u00fcrfel, Hackfleisch, Ei, Senf, Salz und Pfeffer in die Sch\u00fcssel geben und alles gut vermischen.\r\n\r\nK\u00fcrbisdeckel wegschneiden und K\u00fcrbiskerne grossz\u00fcgig mit einem Essl\u00f6ffel aus dem K\u00fcrbis kratzen. K\u00fcrbis innen salzen, mit der Hackfleischmasse f\u00fcllen.\r\n\r\nK\u00fcrbis auf ein mit Backpapier belegtes Blech stellen und im 200 Grad heissen Ofen ca. 60 Minuten backen. Nach 30 Minuten den K\u00fcrbisdeckel dazulegen.","recipe_images":[21734]},"_links":{"self":[{"href":"https:\/\/www.emmentaler.ch\/de\/wp-json\/wp\/v2\/recipes\/21718"}],"collection":[{"href":"https:\/\/www.emmentaler.ch\/de\/wp-json\/wp\/v2\/recipes"}],"about":[{"href":"https:\/\/www.emmentaler.ch\/de\/wp-json\/wp\/v2\/types\/recipes"}],"author":[{"embeddable":true,"href":"https:\/\/www.emmentaler.ch\/de\/wp-json\/wp\/v2\/users\/2"}],"version-history":[{"count":0,"href":"https:\/\/www.emmentaler.ch\/de\/wp-json\/wp\/v2\/recipes\/21718\/revisions"}],"acf:attachment":[{"embeddable":true,"href":"https:\/\/www.emmentaler.ch\/de\/wp-json\/wp\/v2\/media\/21734"}],"acf:term":[{"embeddable":true,"taxonomy":"recipe_saison","href":"https:\/\/www.emmentaler.ch\/de\/wp-json\/wp\/v2\/recipe_saison\/137"},{"embeddable":true,"taxonomy":"recipe_saison","href":"https:\/\/www.emmentaler.ch\/de\/wp-json\/wp\/v2\/recipe_saison\/142"},{"embeddable":true,"taxonomy":"recipe_main_ingredient","href":"https:\/\/www.emmentaler.ch\/de\/wp-json\/wp\/v2\/recipe_main_ingredient\/123"},{"embeddable":true,"taxonomy":"recipe_main_ingredient","href":"https:\/\/www.emmentaler.ch\/de\/wp-json\/wp\/v2\/recipe_main_ingredient\/120"},{"embeddable":true,"taxonomy":"recipe_difficulty","href":"https:\/\/www.emmentaler.ch\/de\/wp-json\/wp\/v2\/recipe_difficulty\/126"},{"embeddable":true,"taxonomy":"recipe_categories","href":"https:\/\/www.emmentaler.ch\/de\/wp-json\/wp\/v2\/recipe_categories\/86"},{"embeddable":true,"taxonomy":"recipe_preparation_time","href":"https:\/\/www.emmentaler.ch\/de\/wp-json\/wp\/v2\/recipe_preparation_time\/227"}],"acf:post":[{"embeddable":true,"href":"https:\/\/www.emmentaler.ch\/de\/wp-json\/wp\/v2\/pages\/5226"}],"wp:featuredmedia":[{"embeddable":true,"href":"https:\/\/www.emmentaler.ch\/de\/wp-json\/wp\/v2\/media\/21734"}],"wp:attachment":[{"href":"https:\/\/www.emmentaler.ch\/de\/wp-json\/wp\/v2\/media?parent=21718"}],"wp:term":[{"taxonomy":"post_tag","embeddable":true,"href":"https:\/\/www.emmentaler.ch\/de\/wp-json\/wp\/v2\/tags?post=21718"},{"taxonomy":"recipe_categories","embeddable":true,"href":"https:\/\/www.emmentaler.ch\/de\/wp-json\/wp\/v2\/recipe_categories?post=21718"},{"taxonomy":"et_countries","embeddable":true,"href":"https:\/\/www.emmentaler.ch\/de\/wp-json\/wp\/v2\/et_countries?post=21718"},{"taxonomy":"recipe_main_ingredient","embeddable":true,"href":"https:\/\/www.emmentaler.ch\/de\/wp-json\/wp\/v2\/recipe_main_ingredient?post=21718"},{"taxonomy":"recipe_difficulty","embeddable":true,"href":"https:\/\/www.emmentaler.ch\/de\/wp-json\/wp\/v2\/recipe_difficulty?post=21718"},{"taxonomy":"recipe_preparation_time","embeddable":true,"href":"https:\/\/www.emmentaler.ch\/de\/wp-json\/wp\/v2\/recipe_preparation_time?post=21718"},{"taxonomy":"recipe_diet_type","embeddable":true,"href":"https:\/\/www.emmentaler.ch\/de\/wp-json\/wp\/v2\/recipe_diet_type?post=21718"},{"taxonomy":"recipe_saison","embeddable":true,"href":"https:\/\/www.emmentaler.ch\/de\/wp-json\/wp\/v2\/recipe_saison?post=21718"}],"curies":[{"name":"wp","href":"https:\/\/api.w.org\/{rel}","templated":true}]}}

Gefüllter Kürbis

Stück

gemischte Kräuter, z.B. Rosmarin, Oregano, Salbei

Hokkaidokürbis (Oranger Knirps, 1 Kürbis = ca. 1,5 kg)

75 g Brot, ohne Rinde
1 dl lauwarme Milch
1 Zwiebel
1 Knoblauchzehe
1 Bund Petersilie
1 Bund gemischte Kräuter, z.B. Rosmarin, Oregano, Salbei
1 EL Butter
200 g Emmentaler AOP
300 g gemischtes Hackfleisch
1 Ei
1 TL Senf
Salz, Pfeffer
1 Hokkaidokürbis (Oranger Knirps) ca. 1,5 kg

Brot klein schneiden, 20 Minuten in der Milch einweichen, ausdrücken und mit einer Gabel fein zerdrücken. Zwiebel, Knoblauch und Kräuter fein hacken. In heisser Butter dünsten, in eine Schüssel geben und etwas abkühlen.

Emmentaler AOP in 1 cm grosse Würfel schneiden. Käsewürfel, Hackfleisch, Ei, Senf, Salz und Pfeffer in die Schüssel geben und alles gut vermischen.

Kürbisdeckel wegschneiden und Kürbiskerne grosszügig mit einem Esslöffel aus dem Kürbis kratzen. Kürbis innen salzen, mit der Hackfleischmasse füllen.

Kürbis auf ein mit Backpapier belegtes Blech stellen und im 200 Grad heissen Ofen ca. 60 Minuten backen. Nach 30 Minuten den Kürbisdeckel dazulegen.
