{"id":21749,"date":"2022-04-27T13:36:19","date_gmt":"2022-04-27T11:36:19","guid":{"rendered":"https:\/\/www.emmentaler.ch\/rezept\/gemuese-mit-emmentaler-aop-sauce-und-spiegelei"},"modified":"2022-07-29T17:24:31","modified_gmt":"2022-07-29T15:24:31","slug":"gemuese-mit-emmentaler-aop-sauce-und-spiegelei","status":"publish","type":"recipes","link":"https:\/\/www.emmentaler.ch\/de\/rezept\/gemuese-mit-emmentaler-aop-sauce-und-spiegelei","title":{"rendered":"Gem\u00fcse mit Emmentaler AOP-Sauce und Spiegelei"},"author":2,"featured_media":21765,"menu_order":0,"template":"","meta":{"inline_featured_image":false},"tags":[],"recipe_categories":[149],"et_countries":[],"recipe_main_ingredient":[123],"recipe_difficulty":[126],"recipe_preparation_time":[156],"recipe_diet_type":[132],"recipe_saison":[138,143],"acf":{"recipe_preparation_time":156,"recipe_categories":149,"recipe_time_txt":"","recipe_type":5231,"recipe_difficulty":126,"recipe_diet_type":[132],"recipe_main_ingredient":[123],"recipe_saison":[138,143],"recipe_count_portions":4,"recipe_ingedients":[{"recipe_ingedients_amount":"","recipe_ingedients_unit":"g","recipe_ingedients_product":""}],"temporare_zutaten":"600 g Kartoffeln\r\n2 Kohlrabi\r\n400 g R\u00fcebli\r\n4 dl Gem\u00fcsebouillon\r\n2 Lorbeerbl\u00e4tter\r\n150 g Emmentaler AOP\r\n2 Bund Schnittlauch\r\n3 TL Maisst\u00e4rke\r\n1 dl Rahm\r\n1-2 EL Essig\r\nSalz, Pfeffer\r\n1 EL Butter\r\n4 Eier\r\nPaprikapulver","recipe_preparation":"Kartoffeln und Gem\u00fcse sch\u00e4len und in ca. 2 cm grosse W\u00fcrfel schneiden. Bouillon aufkochen, Kartoffeln-, Gem\u00fcsew\u00fcrfel und Lorbeerbl\u00e4tter zuf\u00fcgen, zugedeckt etwa 15 Minuten weich garen.\r\n\r\nEmmentaler AOP fein reiben. Schnittlauch fein schneiden. Maisst\u00e4rke mit Rahm anr\u00fchren, zum Gem\u00fcse geben und 1-2 Minute k\u00f6cheln. Sauce in ein hohes Gef\u00e4ss giessen. Emmentaler AOP und Schnittlauch zuf\u00fcgen und mit dem Stabmixer p\u00fcrieren.\r\n\r\nSauce zur\u00fcck in die Pfanne giessen. Essig zuf\u00fcgen, mit Salz und Pfeffer abschmecken.\r\n\r\nButter in einer Bratpfanne schmelzen und Spiegeleier braten, mit Salz, Pfeffer und Paprikapulver w\u00fcrzen.\r\n\r\nGem\u00fcse mit Sauce auf Teller verteilen und je ein Spiegelei dazu servieren.","recipe_images":[21765]},"_links":{"self":[{"href":"https:\/\/www.emmentaler.ch\/de\/wp-json\/wp\/v2\/recipes\/21749"}],"collection":[{"href":"https:\/\/www.emmentaler.ch\/de\/wp-json\/wp\/v2\/recipes"}],"about":[{"href":"https:\/\/www.emmentaler.ch\/de\/wp-json\/wp\/v2\/types\/recipes"}],"author":[{"embeddable":true,"href":"https:\/\/www.emmentaler.ch\/de\/wp-json\/wp\/v2\/users\/2"}],"version-history":[{"count":0,"href":"https:\/\/www.emmentaler.ch\/de\/wp-json\/wp\/v2\/recipes\/21749\/revisions"}],"acf:attachment":[{"embeddable":true,"href":"https:\/\/www.emmentaler.ch\/de\/wp-json\/wp\/v2\/media\/21765"}],"acf:term":[{"embeddable":true,"taxonomy":"recipe_saison","href":"https:\/\/www.emmentaler.ch\/de\/wp-json\/wp\/v2\/recipe_saison\/143"},{"embeddable":true,"taxonomy":"recipe_saison","href":"https:\/\/www.emmentaler.ch\/de\/wp-json\/wp\/v2\/recipe_saison\/138"},{"embeddable":true,"taxonomy":"recipe_main_ingredient","href":"https:\/\/www.emmentaler.ch\/de\/wp-json\/wp\/v2\/recipe_main_ingredient\/123"},{"embeddable":true,"taxonomy":"recipe_diet_type","href":"https:\/\/www.emmentaler.ch\/de\/wp-json\/wp\/v2\/recipe_diet_type\/132"},{"embeddable":true,"taxonomy":"recipe_difficulty","href":"https:\/\/www.emmentaler.ch\/de\/wp-json\/wp\/v2\/recipe_difficulty\/126"},{"embeddable":true,"taxonomy":"recipe_categories","href":"https:\/\/www.emmentaler.ch\/de\/wp-json\/wp\/v2\/recipe_categories\/149"},{"embeddable":true,"taxonomy":"recipe_preparation_time","href":"https:\/\/www.emmentaler.ch\/de\/wp-json\/wp\/v2\/recipe_preparation_time\/156"}],"acf:post":[{"embeddable":true,"href":"https:\/\/www.emmentaler.ch\/de\/wp-json\/wp\/v2\/pages\/5231"}],"wp:featuredmedia":[{"embeddable":true,"href":"https:\/\/www.emmentaler.ch\/de\/wp-json\/wp\/v2\/media\/21765"}],"wp:attachment":[{"href":"https:\/\/www.emmentaler.ch\/de\/wp-json\/wp\/v2\/media?parent=21749"}],"wp:term":[{"taxonomy":"post_tag","embeddable":true,"href":"https:\/\/www.emmentaler.ch\/de\/wp-json\/wp\/v2\/tags?post=21749"},{"taxonomy":"recipe_categories","embeddable":true,"href":"https:\/\/www.emmentaler.ch\/de\/wp-json\/wp\/v2\/recipe_categories?post=21749"},{"taxonomy":"et_countries","embeddable":true,"href":"https:\/\/www.emmentaler.ch\/de\/wp-json\/wp\/v2\/et_countries?post=21749"},{"taxonomy":"recipe_main_ingredient","embeddable":true,"href":"https:\/\/www.emmentaler.ch\/de\/wp-json\/wp\/v2\/recipe_main_ingredient?post=21749"},{"taxonomy":"recipe_difficulty","embeddable":true,"href":"https:\/\/www.emmentaler.ch\/de\/wp-json\/wp\/v2\/recipe_difficulty?post=21749"},{"taxonomy":"recipe_preparation_time","embeddable":true,"href":"https:\/\/www.emmentaler.ch\/de\/wp-json\/wp\/v2\/recipe_preparation_time?post=21749"},{"taxonomy":"recipe_diet_type","embeddable":true,"href":"https:\/\/www.emmentaler.ch\/de\/wp-json\/wp\/v2\/recipe_diet_type?post=21749"},{"taxonomy":"recipe_saison","embeddable":true,"href":"https:\/\/www.emmentaler.ch\/de\/wp-json\/wp\/v2\/recipe_saison?post=21749"}],"curies":[{"name":"wp","href":"https:\/\/api.w.org\/{rel}","templated":true}]}}

Gemüse mit Emmentaler AOP-Sauce und Spiegelei

600 g Kartoffeln
2 Kohlrabi
400 g Rüebli
4 dl Gemüsebouillon
2 Lorbeerblätter
150 g Emmentaler AOP
2 Bund Schnittlauch
3 TL Maisstärke
1 dl Rahm
1-2 EL Essig
Salz, Pfeffer
1 EL Butter
4 Eier
Paprikapulver

Kartoffeln und Gemüse schälen und in ca. 2 cm grosse Würfel schneiden. Bouillon aufkochen, Kartoffeln-, Gemüsewürfel und Lorbeerblätter zufügen, zugedeckt etwa 15 Minuten weich garen.

Emmentaler AOP fein reiben. Schnittlauch fein schneiden. Maisstärke mit Rahm anrühren, zum Gemüse geben und 1-2 Minute köcheln. Sauce in ein hohes Gefäss giessen. Emmentaler AOP und Schnittlauch zufügen und mit dem Stabmixer pürieren.

Sauce zurück in die Pfanne giessen. Essig zufügen, mit Salz und Pfeffer abschmecken.

Butter in einer Bratpfanne schmelzen und Spiegeleier braten, mit Salz, Pfeffer und Paprikapulver würzen.

Gemüse mit Sauce auf Teller verteilen und je ein Spiegelei dazu servieren.
