{"id":21780,"date":"2022-04-27T13:36:19","date_gmt":"2022-04-27T11:36:19","guid":{"rendered":"https:\/\/www.emmentaler.ch\/rezept\/gemuese-fleischtuermchen-mit-emmentaler-aop"},"modified":"2022-07-29T17:36:04","modified_gmt":"2022-07-29T15:36:04","slug":"gemuese-fleischtuermchen-mit-emmentaler-aop","status":"publish","type":"recipes","link":"https:\/\/www.emmentaler.ch\/de\/rezept\/gemuese-fleischtuermchen-mit-emmentaler-aop","title":{"rendered":"Gem\u00fcse-Fleischt\u00fcrmchen mit Emmentaler AOP"},"author":2,"featured_media":21816,"menu_order":0,"template":"","meta":{"inline_featured_image":false},"tags":[],"recipe_categories":[152],"et_countries":[],"recipe_main_ingredient":[120,123],"recipe_difficulty":[127],"recipe_preparation_time":[156],"recipe_diet_type":[133],"recipe_saison":[142,143],"acf":{"recipe_preparation_time":156,"recipe_categories":152,"recipe_time_txt":"","recipe_type":5241,"recipe_difficulty":127,"recipe_diet_type":[133],"recipe_main_ingredient":[120,123],"recipe_saison":[142,143],"recipe_count_portions":4,"recipe_ingedients":[{"recipe_ingedients_amount":"","recipe_ingedients_unit":"g","recipe_ingedients_product":""}],"temporare_zutaten":"1 Aubergine\r\nSalz, Pfeffer\r\n4 EL \u00d6l\r\n150 g milder Emmentaler AOP\r\n3-4 Tomaten\r\n\u00bd Bund Oregano\r\n12 d\u00fcnne Schweinspl\u00e4tzli vom Nierst\u00fcck, \u00e0 40-50 g\r\netwas Mehl zum Best\u00e4uben\r\n12 Holzst\u00e4bchen","recipe_preparation":"Aubergine in ca. 7 mm dicke Scheiben schneiden. Beidseitig mit wenig \u00d6l bepinseln und mit Salz und Pfeffer w\u00fcrzen. Nebeneinander auf ein mit Backpapier belegtes Blech legen und in der Mitte des 220 Grad (Ober-\/Unterhitze) heissen Ofen ca. 12 Minuten backen. Blech aus dem Ofen nehmen und Temperatur auf 180 Grad reduzieren.\r\n\r\nEmmentaler AOP an einer groben Raffel reiben. Tomaten in 5-7 mm dicke Scheiben schneiden, w\u00fcrzen. Oreganobl\u00e4ttchen von den Stielen zupfen. Pl\u00e4tzli halbieren, mit Salz und Pfeffer w\u00fcrzen und mit wenig Mehl best\u00e4uben. \u00d6l in einer Bratpfanne erhitzen. Pl\u00e4tzli darin von jeder Seite \u00bd Minute anbraten.\r\n\r\nPl\u00e4tzli, Aubergine, Tomaten, Oregano und K\u00e4se abwechselnd zu 12 T\u00fcrmchen aufeinanderschichten. T\u00fcrmchen mit Holzst\u00e4bchen fixieren, auf das Backblech stellen und in der Mitte des Ofens 5-7 Minuten backen.\r\n\r\nMit Bratkartoffeln oder Brot servieren.","recipe_images":[21806,21811,21816]},"_links":{"self":[{"href":"https:\/\/www.emmentaler.ch\/de\/wp-json\/wp\/v2\/recipes\/21780"}],"collection":[{"href":"https:\/\/www.emmentaler.ch\/de\/wp-json\/wp\/v2\/recipes"}],"about":[{"href":"https:\/\/www.emmentaler.ch\/de\/wp-json\/wp\/v2\/types\/recipes"}],"author":[{"embeddable":true,"href":"https:\/\/www.emmentaler.ch\/de\/wp-json\/wp\/v2\/users\/2"}],"version-history":[{"count":0,"href":"https:\/\/www.emmentaler.ch\/de\/wp-json\/wp\/v2\/recipes\/21780\/revisions"}],"acf:attachment":[{"embeddable":true,"href":"https:\/\/www.emmentaler.ch\/de\/wp-json\/wp\/v2\/media\/21816"},{"embeddable":true,"href":"https:\/\/www.emmentaler.ch\/de\/wp-json\/wp\/v2\/media\/21811"},{"embeddable":true,"href":"https:\/\/www.emmentaler.ch\/de\/wp-json\/wp\/v2\/media\/21806"}],"acf:term":[{"embeddable":true,"taxonomy":"recipe_saison","href":"https:\/\/www.emmentaler.ch\/de\/wp-json\/wp\/v2\/recipe_saison\/143"},{"embeddable":true,"taxonomy":"recipe_saison","href":"https:\/\/www.emmentaler.ch\/de\/wp-json\/wp\/v2\/recipe_saison\/142"},{"embeddable":true,"taxonomy":"recipe_main_ingredient","href":"https:\/\/www.emmentaler.ch\/de\/wp-json\/wp\/v2\/recipe_main_ingredient\/123"},{"embeddable":true,"taxonomy":"recipe_main_ingredient","href":"https:\/\/www.emmentaler.ch\/de\/wp-json\/wp\/v2\/recipe_main_ingredient\/120"},{"embeddable":true,"taxonomy":"recipe_diet_type","href":"https:\/\/www.emmentaler.ch\/de\/wp-json\/wp\/v2\/recipe_diet_type\/133"},{"embeddable":true,"taxonomy":"recipe_difficulty","href":"https:\/\/www.emmentaler.ch\/de\/wp-json\/wp\/v2\/recipe_difficulty\/127"},{"embeddable":true,"taxonomy":"recipe_categories","href":"https:\/\/www.emmentaler.ch\/de\/wp-json\/wp\/v2\/recipe_categories\/152"},{"embeddable":true,"taxonomy":"recipe_preparation_time","href":"https:\/\/www.emmentaler.ch\/de\/wp-json\/wp\/v2\/recipe_preparation_time\/156"}],"acf:post":[{"embeddable":true,"href":"https:\/\/www.emmentaler.ch\/de\/wp-json\/wp\/v2\/pages\/5241"}],"wp:featuredmedia":[{"embeddable":true,"href":"https:\/\/www.emmentaler.ch\/de\/wp-json\/wp\/v2\/media\/21816"}],"wp:attachment":[{"href":"https:\/\/www.emmentaler.ch\/de\/wp-json\/wp\/v2\/media?parent=21780"}],"wp:term":[{"taxonomy":"post_tag","embeddable":true,"href":"https:\/\/www.emmentaler.ch\/de\/wp-json\/wp\/v2\/tags?post=21780"},{"taxonomy":"recipe_categories","embeddable":true,"href":"https:\/\/www.emmentaler.ch\/de\/wp-json\/wp\/v2\/recipe_categories?post=21780"},{"taxonomy":"et_countries","embeddable":true,"href":"https:\/\/www.emmentaler.ch\/de\/wp-json\/wp\/v2\/et_countries?post=21780"},{"taxonomy":"recipe_main_ingredient","embeddable":true,"href":"https:\/\/www.emmentaler.ch\/de\/wp-json\/wp\/v2\/recipe_main_ingredient?post=21780"},{"taxonomy":"recipe_difficulty","embeddable":true,"href":"https:\/\/www.emmentaler.ch\/de\/wp-json\/wp\/v2\/recipe_difficulty?post=21780"},{"taxonomy":"recipe_preparation_time","embeddable":true,"href":"https:\/\/www.emmentaler.ch\/de\/wp-json\/wp\/v2\/recipe_preparation_time?post=21780"},{"taxonomy":"recipe_diet_type","embeddable":true,"href":"https:\/\/www.emmentaler.ch\/de\/wp-json\/wp\/v2\/recipe_diet_type?post=21780"},{"taxonomy":"recipe_saison","embeddable":true,"href":"https:\/\/www.emmentaler.ch\/de\/wp-json\/wp\/v2\/recipe_saison?post=21780"}],"curies":[{"name":"wp","href":"https:\/\/api.w.org\/{rel}","templated":true}]}}

Gemüse-Fleischtürmchen mit Emmentaler AOP

1 Aubergine
Salz, Pfeffer
4 EL Öl
150 g milder Emmentaler AOP
3-4 Tomaten
½ Bund Oregano
12 dünne Schweinsplätzli vom Nierstück, à 40-50 g
etwas Mehl zum Bestäuben
12 Holzstäbchen

Aubergine in ca. 7 mm dicke Scheiben schneiden. Beidseitig mit wenig Öl bepinseln und mit Salz und Pfeffer würzen. Nebeneinander auf ein mit Backpapier belegtes Blech legen und in der Mitte des 220 Grad (Ober-/Unterhitze) heissen Ofen ca. 12 Minuten backen. Blech aus dem Ofen nehmen und Temperatur auf 180 Grad reduzieren.

Emmentaler AOP an einer groben Raffel reiben. Tomaten in 5-7 mm dicke Scheiben schneiden, würzen. Oreganoblättchen von den Stielen zupfen. Plätzli halbieren, mit Salz und Pfeffer würzen und mit wenig Mehl bestäuben. Öl in einer Bratpfanne erhitzen. Plätzli darin von jeder Seite ½ Minute anbraten.

Plätzli, Aubergine, Tomaten, Oregano und Käse abwechselnd zu 12 Türmchen aufeinanderschichten. Türmchen mit Holzstäbchen fixieren, auf das Backblech stellen und in der Mitte des Ofens 5-7 Minuten backen.

Mit Bratkartoffeln oder Brot servieren.
