{"id":21841,"date":"2022-04-27T13:37:12","date_gmt":"2022-04-27T11:37:12","guid":{"rendered":"https:\/\/www.emmentaler.ch\/rezept\/gemuese-schnecken"},"modified":"2022-07-29T17:41:32","modified_gmt":"2022-07-29T15:41:32","slug":"gemuese-schnecken","status":"publish","type":"recipes","link":"https:\/\/www.emmentaler.ch\/de\/rezept\/gemuese-schnecken","title":{"rendered":"Gem\u00fcse-Schnecken"},"author":2,"featured_media":21857,"menu_order":0,"template":"","meta":{"inline_featured_image":false},"tags":[],"recipe_categories":[149],"et_countries":[],"recipe_main_ingredient":[123],"recipe_difficulty":[126],"recipe_preparation_time":[164],"recipe_diet_type":[132],"recipe_saison":[142,143],"acf":{"recipe_preparation_time":164,"recipe_categories":149,"recipe_time_txt":"30 Minuten, plus 60 Minuten zum Aufgehen, plus 20 Minuten zum Backen","recipe_type":5241,"recipe_difficulty":126,"recipe_diet_type":[132],"recipe_main_ingredient":[123],"recipe_saison":[142,143],"recipe_count_portions":4,"recipe_ingedients":[{"recipe_ingedients_amount":"","recipe_ingedients_unit":"g","recipe_ingedients_product":""}],"temporare_zutaten":"200 g Emmentaler AOP\r\n10 g Hefe\r\nca. 1,5 dl Wasser\r\n250 g Wei\u00dfmehl\r\n\u00bd TL Salz\r\n1 EL Oliven\u00f6l\r\n150 g Zucchetti\r\n\u00bd gelbe Peperoni\r\n\u00bd Bund gemischte Kr\u00e4uter z. B. Thymian, Rosmarin, Petersilie\r\n2 Knoblauchzehen\r\n1 EL Kapern\r\nSalz, Pfeffer\r\n5 EL Tomatenp\u00fcree","recipe_preparation":"Emmentaler AOP fein reiben. 25 g K\u00e4se mit Mehl, Salz und Oliven\u00f6l in eine Sch\u00fcssel geben. Hefe fein zerbr\u00f6ckeln, mit dem Wasser in die Sch\u00fcssel geben und alles w\u00e4hrend 5-10 Minuten zu einem geschmeidigen Teig verkneten. Teig zugedeckt an einem warmen Ort auf das doppelte Volumen aufgehen lassen.\r\n\r\nF\u00fcr die F\u00fcllung Zucchetti und Peperoni in ca. 5 mm kleine W\u00fcrfeli schneiden. Knoblauch und Kr\u00e4uter fein hacken. 2 Essl\u00f6ffel K\u00e4se beiseitelegen. Restlichen K\u00e4se mit Zucchetti, Peperoni, Kr\u00e4uter, Knoblauch und Kapern vermischen, mit Salz und Pfeffer w\u00fcrzen.\r\n\r\nTeig zu einem Rechteck von ca. 20 x 35 cm ausrollen. Tomatenp\u00fcree auf dem Teig ausstreichen. F\u00fcllung darauf verteilen, etwas andr\u00fccken. Teig von einer L\u00e4ngsseite her satt einrollen, in ca. 3 cm dicke Scheiben schneiden. Auf ein mit Backpapier belegtes Blech legen, mit restlichem K\u00e4se bestreuen und im 220 Grad heissen Ofen ca. 20 Minuten backen. Warm oder kalt servieren.","recipe_images":[21857]},"_links":{"self":[{"href":"https:\/\/www.emmentaler.ch\/de\/wp-json\/wp\/v2\/recipes\/21841"}],"collection":[{"href":"https:\/\/www.emmentaler.ch\/de\/wp-json\/wp\/v2\/recipes"}],"about":[{"href":"https:\/\/www.emmentaler.ch\/de\/wp-json\/wp\/v2\/types\/recipes"}],"author":[{"embeddable":true,"href":"https:\/\/www.emmentaler.ch\/de\/wp-json\/wp\/v2\/users\/2"}],"version-history":[{"count":0,"href":"https:\/\/www.emmentaler.ch\/de\/wp-json\/wp\/v2\/recipes\/21841\/revisions"}],"acf:attachment":[{"embeddable":true,"href":"https:\/\/www.emmentaler.ch\/de\/wp-json\/wp\/v2\/media\/21857"}],"acf:term":[{"embeddable":true,"taxonomy":"recipe_saison","href":"https:\/\/www.emmentaler.ch\/de\/wp-json\/wp\/v2\/recipe_saison\/143"},{"embeddable":true,"taxonomy":"recipe_saison","href":"https:\/\/www.emmentaler.ch\/de\/wp-json\/wp\/v2\/recipe_saison\/142"},{"embeddable":true,"taxonomy":"recipe_main_ingredient","href":"https:\/\/www.emmentaler.ch\/de\/wp-json\/wp\/v2\/recipe_main_ingredient\/123"},{"embeddable":true,"taxonomy":"recipe_diet_type","href":"https:\/\/www.emmentaler.ch\/de\/wp-json\/wp\/v2\/recipe_diet_type\/132"},{"embeddable":true,"taxonomy":"recipe_difficulty","href":"https:\/\/www.emmentaler.ch\/de\/wp-json\/wp\/v2\/recipe_difficulty\/126"},{"embeddable":true,"taxonomy":"recipe_categories","href":"https:\/\/www.emmentaler.ch\/de\/wp-json\/wp\/v2\/recipe_categories\/149"},{"embeddable":true,"taxonomy":"recipe_preparation_time","href":"https:\/\/www.emmentaler.ch\/de\/wp-json\/wp\/v2\/recipe_preparation_time\/164"}],"acf:post":[{"embeddable":true,"href":"https:\/\/www.emmentaler.ch\/de\/wp-json\/wp\/v2\/pages\/5241"}],"wp:featuredmedia":[{"embeddable":true,"href":"https:\/\/www.emmentaler.ch\/de\/wp-json\/wp\/v2\/media\/21857"}],"wp:attachment":[{"href":"https:\/\/www.emmentaler.ch\/de\/wp-json\/wp\/v2\/media?parent=21841"}],"wp:term":[{"taxonomy":"post_tag","embeddable":true,"href":"https:\/\/www.emmentaler.ch\/de\/wp-json\/wp\/v2\/tags?post=21841"},{"taxonomy":"recipe_categories","embeddable":true,"href":"https:\/\/www.emmentaler.ch\/de\/wp-json\/wp\/v2\/recipe_categories?post=21841"},{"taxonomy":"et_countries","embeddable":true,"href":"https:\/\/www.emmentaler.ch\/de\/wp-json\/wp\/v2\/et_countries?post=21841"},{"taxonomy":"recipe_main_ingredient","embeddable":true,"href":"https:\/\/www.emmentaler.ch\/de\/wp-json\/wp\/v2\/recipe_main_ingredient?post=21841"},{"taxonomy":"recipe_difficulty","embeddable":true,"href":"https:\/\/www.emmentaler.ch\/de\/wp-json\/wp\/v2\/recipe_difficulty?post=21841"},{"taxonomy":"recipe_preparation_time","embeddable":true,"href":"https:\/\/www.emmentaler.ch\/de\/wp-json\/wp\/v2\/recipe_preparation_time?post=21841"},{"taxonomy":"recipe_diet_type","embeddable":true,"href":"https:\/\/www.emmentaler.ch\/de\/wp-json\/wp\/v2\/recipe_diet_type?post=21841"},{"taxonomy":"recipe_saison","embeddable":true,"href":"https:\/\/www.emmentaler.ch\/de\/wp-json\/wp\/v2\/recipe_saison?post=21841"}],"curies":[{"name":"wp","href":"https:\/\/api.w.org\/{rel}","templated":true}]}}

Gemüse-Schnecken

200 g Emmentaler AOP
10 g Hefe
ca. 1,5 dl Wasser
250 g Weißmehl
½ TL Salz
1 EL Olivenöl
150 g Zucchetti
½ gelbe Peperoni
½ Bund gemischte Kräuter z. B. Thymian, Rosmarin, Petersilie
2 Knoblauchzehen
1 EL Kapern
Salz, Pfeffer
5 EL Tomatenpüree

Emmentaler AOP fein reiben. 25 g Käse mit Mehl, Salz und Olivenöl in eine Schüssel geben. Hefe fein zerbröckeln, mit dem Wasser in die Schüssel geben und alles während 5-10 Minuten zu einem geschmeidigen Teig verkneten. Teig zugedeckt an einem warmen Ort auf das doppelte Volumen aufgehen lassen.

Für die Füllung Zucchetti und Peperoni in ca. 5 mm kleine Würfeli schneiden. Knoblauch und Kräuter fein hacken. 2 Esslöffel Käse beiseitelegen. Restlichen Käse mit Zucchetti, Peperoni, Kräuter, Knoblauch und Kapern vermischen, mit Salz und Pfeffer würzen.

Teig zu einem Rechteck von ca. 20 x 35 cm ausrollen. Tomatenpüree auf dem Teig ausstreichen. Füllung darauf verteilen, etwas andrücken. Teig von einer Längsseite her satt einrollen, in ca. 3 cm dicke Scheiben schneiden. Auf ein mit Backpapier belegtes Blech legen, mit restlichem Käse bestreuen und im 220 Grad heissen Ofen ca. 20 Minuten backen. Warm oder kalt servieren.
