{"id":21872,"date":"2022-04-27T13:37:12","date_gmt":"2022-04-27T11:37:12","guid":{"rendered":"https:\/\/www.emmentaler.ch\/rezept\/gemuesekoepfchen"},"modified":"2022-07-29T17:45:01","modified_gmt":"2022-07-29T15:45:01","slug":"gemuesekoepfchen","status":"publish","type":"recipes","link":"https:\/\/www.emmentaler.ch\/de\/rezept\/gemuesekoepfchen","title":{"rendered":"Gem\u00fcsek\u00f6pfchen"},"author":2,"featured_media":21888,"menu_order":0,"template":"","meta":{"inline_featured_image":false},"tags":[],"recipe_categories":[149],"et_countries":[],"recipe_main_ingredient":[123],"recipe_difficulty":[127],"recipe_preparation_time":[165],"recipe_diet_type":[132],"recipe_saison":[142,143],"acf":{"recipe_preparation_time":165,"recipe_categories":149,"recipe_time_txt":"30 Minuten, plus 40 Minuten zum Backen","recipe_type":5241,"recipe_difficulty":127,"recipe_diet_type":[132],"recipe_main_ingredient":[123],"recipe_saison":[142,143],"recipe_count_portions":4,"recipe_ingedients":[{"recipe_ingedients_amount":"","recipe_ingedients_unit":"g","recipe_ingedients_product":""}],"temporare_zutaten":"2 grosse Lauchst\u00e4ngel, ca 350 g\r\nSalz\r\nButter zum Einfetten\r\n300 g R\u00fcebli\r\n500 g Wirz\r\n2 EL \u00d6l\r\n0,5 dl Gem\u00fcsebouillon\r\n1 Bund Petersilie\r\n150 g Emmentaler AOP\r\n2 Eier\r\n1,5 dl Milch\r\n2 Knoblauchzehen\r\nPfeffer\r\nMuskatnuss\r\n2 dl Sauerrahm","recipe_preparation":"Lauchst\u00e4ngel l\u00e4ngs aufschneiden. Einzelne Lauchstreifen voneinander l\u00f6sen. In viel kochendem Salzwasser 1-2 Minuten blanchieren. Mit einer Schaumkelle herausheben und in eiskaltem Wasser abschrecken. Portionenf\u00f6rmchen (ca. 3,5 dl Inhalt) mit Butter einfetten und mit abgetropften Lauchstreifen auslegen.\r\n\r\nR\u00fcebli auf der R\u00f6stiraffel reiben. Wirz in d\u00fcnne Streifen schneiden. \u00d6l erhitzen und Gem\u00fcse darin and\u00fcnsten. Bouillon dazugiessen und knackig garen. Etwas ausk\u00fchlen lassen.\r\n\r\nPetersilie fein schneiden. Emmentaler fein reiben. Eier verquirlen und mit Milch, Petersilie und K\u00e4se mischen. Knoblauchzehen dazupressen. Mit Muskatnuss, Salz und Pfeffer w\u00fcrzen.\r\n\r\nGem\u00fcse und Guss mischen und in die F\u00f6rmchen f\u00fcllen. In der Mitte des 200 Grad heissen Ofens 30-40 Minuten backen, evtl. mit Alufolie abdecken.\r\n\r\nK\u00f6pfchen aus den F\u00f6rmchen l\u00f6sen und auf Tellern anrichten. Sauerrahm dazu servieren.","recipe_images":[21888]},"_links":{"self":[{"href":"https:\/\/www.emmentaler.ch\/de\/wp-json\/wp\/v2\/recipes\/21872"}],"collection":[{"href":"https:\/\/www.emmentaler.ch\/de\/wp-json\/wp\/v2\/recipes"}],"about":[{"href":"https:\/\/www.emmentaler.ch\/de\/wp-json\/wp\/v2\/types\/recipes"}],"author":[{"embeddable":true,"href":"https:\/\/www.emmentaler.ch\/de\/wp-json\/wp\/v2\/users\/2"}],"version-history":[{"count":0,"href":"https:\/\/www.emmentaler.ch\/de\/wp-json\/wp\/v2\/recipes\/21872\/revisions"}],"acf:attachment":[{"embeddable":true,"href":"https:\/\/www.emmentaler.ch\/de\/wp-json\/wp\/v2\/media\/21888"}],"acf:term":[{"embeddable":true,"taxonomy":"recipe_saison","href":"https:\/\/www.emmentaler.ch\/de\/wp-json\/wp\/v2\/recipe_saison\/143"},{"embeddable":true,"taxonomy":"recipe_saison","href":"https:\/\/www.emmentaler.ch\/de\/wp-json\/wp\/v2\/recipe_saison\/142"},{"embeddable":true,"taxonomy":"recipe_main_ingredient","href":"https:\/\/www.emmentaler.ch\/de\/wp-json\/wp\/v2\/recipe_main_ingredient\/123"},{"embeddable":true,"taxonomy":"recipe_diet_type","href":"https:\/\/www.emmentaler.ch\/de\/wp-json\/wp\/v2\/recipe_diet_type\/132"},{"embeddable":true,"taxonomy":"recipe_difficulty","href":"https:\/\/www.emmentaler.ch\/de\/wp-json\/wp\/v2\/recipe_difficulty\/127"},{"embeddable":true,"taxonomy":"recipe_categories","href":"https:\/\/www.emmentaler.ch\/de\/wp-json\/wp\/v2\/recipe_categories\/149"},{"embeddable":true,"taxonomy":"recipe_preparation_time","href":"https:\/\/www.emmentaler.ch\/de\/wp-json\/wp\/v2\/recipe_preparation_time\/165"}],"acf:post":[{"embeddable":true,"href":"https:\/\/www.emmentaler.ch\/de\/wp-json\/wp\/v2\/pages\/5241"}],"wp:featuredmedia":[{"embeddable":true,"href":"https:\/\/www.emmentaler.ch\/de\/wp-json\/wp\/v2\/media\/21888"}],"wp:attachment":[{"href":"https:\/\/www.emmentaler.ch\/de\/wp-json\/wp\/v2\/media?parent=21872"}],"wp:term":[{"taxonomy":"post_tag","embeddable":true,"href":"https:\/\/www.emmentaler.ch\/de\/wp-json\/wp\/v2\/tags?post=21872"},{"taxonomy":"recipe_categories","embeddable":true,"href":"https:\/\/www.emmentaler.ch\/de\/wp-json\/wp\/v2\/recipe_categories?post=21872"},{"taxonomy":"et_countries","embeddable":true,"href":"https:\/\/www.emmentaler.ch\/de\/wp-json\/wp\/v2\/et_countries?post=21872"},{"taxonomy":"recipe_main_ingredient","embeddable":true,"href":"https:\/\/www.emmentaler.ch\/de\/wp-json\/wp\/v2\/recipe_main_ingredient?post=21872"},{"taxonomy":"recipe_difficulty","embeddable":true,"href":"https:\/\/www.emmentaler.ch\/de\/wp-json\/wp\/v2\/recipe_difficulty?post=21872"},{"taxonomy":"recipe_preparation_time","embeddable":true,"href":"https:\/\/www.emmentaler.ch\/de\/wp-json\/wp\/v2\/recipe_preparation_time?post=21872"},{"taxonomy":"recipe_diet_type","embeddable":true,"href":"https:\/\/www.emmentaler.ch\/de\/wp-json\/wp\/v2\/recipe_diet_type?post=21872"},{"taxonomy":"recipe_saison","embeddable":true,"href":"https:\/\/www.emmentaler.ch\/de\/wp-json\/wp\/v2\/recipe_saison?post=21872"}],"curies":[{"name":"wp","href":"https:\/\/api.w.org\/{rel}","templated":true}]}}

Gemüseköpfchen

2 grosse Lauchstängel, ca 350 g
Salz
Butter zum Einfetten
300 g Rüebli
500 g Wirz
2 EL Öl
0,5 dl Gemüsebouillon
1 Bund Petersilie
150 g Emmentaler AOP
2 Eier
1,5 dl Milch
2 Knoblauchzehen
Pfeffer
Muskatnuss
2 dl Sauerrahm

Lauchstängel längs aufschneiden. Einzelne Lauchstreifen voneinander lösen. In viel kochendem Salzwasser 1-2 Minuten blanchieren. Mit einer Schaumkelle herausheben und in eiskaltem Wasser abschrecken. Portionenförmchen (ca. 3,5 dl Inhalt) mit Butter einfetten und mit abgetropften Lauchstreifen auslegen.

Rüebli auf der Röstiraffel reiben. Wirz in dünne Streifen schneiden. Öl erhitzen und Gemüse darin andünsten. Bouillon dazugiessen und knackig garen. Etwas auskühlen lassen.

Petersilie fein schneiden. Emmentaler fein reiben. Eier verquirlen und mit Milch, Petersilie und Käse mischen. Knoblauchzehen dazupressen. Mit Muskatnuss, Salz und Pfeffer würzen.

Gemüse und Guss mischen und in die Förmchen füllen. In der Mitte des 200 Grad heissen Ofens 30-40 Minuten backen, evtl. mit Alufolie abdecken.

Köpfchen aus den Förmchen lösen und auf Tellern anrichten. Sauerrahm dazu servieren.
