{"id":21903,"date":"2022-04-27T13:37:12","date_gmt":"2022-04-27T11:37:12","guid":{"rendered":"https:\/\/www.emmentaler.ch\/rezept\/gemuesepizza-low-carb"},"modified":"2022-06-27T15:30:34","modified_gmt":"2022-06-27T13:30:34","slug":"gemuesepizza-low-carb","status":"publish","type":"recipes","link":"https:\/\/www.emmentaler.ch\/de\/rezept\/gemuesepizza-low-carb","title":{"rendered":"Gem\u00fcsepizza (low-carb)"},"author":2,"featured_media":21919,"menu_order":0,"template":"","meta":{"inline_featured_image":false},"tags":[],"recipe_categories":[86],"et_countries":[],"recipe_main_ingredient":[120],"recipe_difficulty":[126],"recipe_preparation_time":[161],"recipe_diet_type":[133],"recipe_saison":[143],"acf":{"recipe_preparation_time":161,"recipe_categories":86,"recipe_time_txt":"","recipe_type":5193,"recipe_difficulty":126,"recipe_diet_type":[133],"recipe_main_ingredient":[120],"recipe_saison":[143],"recipe_count_portions":4,"recipe_ingedients":[{"recipe_ingedients_amount":"","recipe_ingedients_unit":"g","recipe_ingedients_product":""}],"temporare_zutaten":"4 mittelgrosse Zucchini\r\n1 Ei\r\n80 g Emmentaler AOP, gerieben\r\nPfeffer\r\n30 g Mehl\r\n1 TL Salz\r\n1 Knoblauchzehe\r\n1 Glas getrocknete Tomaten, ca. 60 g abgetropft\r\n80 g Emmentaler AOP, grob geraffelt\r\n90 g Parmaschinken\r\n2 EL Tomatensauce, z. B. Arrabiata\r\nBasilikum","recipe_preparation":"Zucchini raffeln und in grosse Sch\u00fcssel abf\u00fcllen, 10 - 15 Minuten ruhen lassen. Anschliessend Wasser abgiessen. Portionsweise Zucchinimasse durch K\u00fcchentuch trocken winden. Zucchini, Ei und Emmentaler AOP vermischen. Mehl, Pfeffer, Salz und Knoblauch dazugeben und verr\u00fchren, bis eine kompakte Masse entsteht. Masse auf mit Backpapier belegtem Blech ca. 1 cm dick ausstreichen. 15 - 20 Minuten bei 210 Grad backen, bis die Kanten goldbraun sind. Wenden und nochmals 10 Minuten backen. Zuletzt nochmals wenden.\r\n\r\nGetrocknete Tomaten auf K\u00fcchenpapier abtropfen. Parmaschinken in St\u00fccke zupfen. Zucchiniboden mit Tomatensauce bestreichen, Emmentaler AOP darauf verteilen, mit Parmaschinken und getrockneten Tomaten belegen. Nochmals 8 - 10 Minuten backen.\r\n\r\nMit Basilikumbl\u00e4ttern bestreuen und servieren.","recipe_images":[21919]},"_links":{"self":[{"href":"https:\/\/www.emmentaler.ch\/de\/wp-json\/wp\/v2\/recipes\/21903"}],"collection":[{"href":"https:\/\/www.emmentaler.ch\/de\/wp-json\/wp\/v2\/recipes"}],"about":[{"href":"https:\/\/www.emmentaler.ch\/de\/wp-json\/wp\/v2\/types\/recipes"}],"author":[{"embeddable":true,"href":"https:\/\/www.emmentaler.ch\/de\/wp-json\/wp\/v2\/users\/2"}],"version-history":[{"count":0,"href":"https:\/\/www.emmentaler.ch\/de\/wp-json\/wp\/v2\/recipes\/21903\/revisions"}],"acf:attachment":[{"embeddable":true,"href":"https:\/\/www.emmentaler.ch\/de\/wp-json\/wp\/v2\/media\/21919"}],"acf:term":[{"embeddable":true,"taxonomy":"recipe_saison","href":"https:\/\/www.emmentaler.ch\/de\/wp-json\/wp\/v2\/recipe_saison\/143"},{"embeddable":true,"taxonomy":"recipe_main_ingredient","href":"https:\/\/www.emmentaler.ch\/de\/wp-json\/wp\/v2\/recipe_main_ingredient\/120"},{"embeddable":true,"taxonomy":"recipe_diet_type","href":"https:\/\/www.emmentaler.ch\/de\/wp-json\/wp\/v2\/recipe_diet_type\/133"},{"embeddable":true,"taxonomy":"recipe_difficulty","href":"https:\/\/www.emmentaler.ch\/de\/wp-json\/wp\/v2\/recipe_difficulty\/126"},{"embeddable":true,"taxonomy":"recipe_categories","href":"https:\/\/www.emmentaler.ch\/de\/wp-json\/wp\/v2\/recipe_categories\/86"},{"embeddable":true,"taxonomy":"recipe_preparation_time","href":"https:\/\/www.emmentaler.ch\/de\/wp-json\/wp\/v2\/recipe_preparation_time\/161"}],"acf:post":[{"embeddable":true,"href":"https:\/\/www.emmentaler.ch\/de\/wp-json\/wp\/v2\/pages\/5193"}],"wp:featuredmedia":[{"embeddable":true,"href":"https:\/\/www.emmentaler.ch\/de\/wp-json\/wp\/v2\/media\/21919"}],"wp:attachment":[{"href":"https:\/\/www.emmentaler.ch\/de\/wp-json\/wp\/v2\/media?parent=21903"}],"wp:term":[{"taxonomy":"post_tag","embeddable":true,"href":"https:\/\/www.emmentaler.ch\/de\/wp-json\/wp\/v2\/tags?post=21903"},{"taxonomy":"recipe_categories","embeddable":true,"href":"https:\/\/www.emmentaler.ch\/de\/wp-json\/wp\/v2\/recipe_categories?post=21903"},{"taxonomy":"et_countries","embeddable":true,"href":"https:\/\/www.emmentaler.ch\/de\/wp-json\/wp\/v2\/et_countries?post=21903"},{"taxonomy":"recipe_main_ingredient","embeddable":true,"href":"https:\/\/www.emmentaler.ch\/de\/wp-json\/wp\/v2\/recipe_main_ingredient?post=21903"},{"taxonomy":"recipe_difficulty","embeddable":true,"href":"https:\/\/www.emmentaler.ch\/de\/wp-json\/wp\/v2\/recipe_difficulty?post=21903"},{"taxonomy":"recipe_preparation_time","embeddable":true,"href":"https:\/\/www.emmentaler.ch\/de\/wp-json\/wp\/v2\/recipe_preparation_time?post=21903"},{"taxonomy":"recipe_diet_type","embeddable":true,"href":"https:\/\/www.emmentaler.ch\/de\/wp-json\/wp\/v2\/recipe_diet_type?post=21903"},{"taxonomy":"recipe_saison","embeddable":true,"href":"https:\/\/www.emmentaler.ch\/de\/wp-json\/wp\/v2\/recipe_saison?post=21903"}],"curies":[{"name":"wp","href":"https:\/\/api.w.org\/{rel}","templated":true}]}}

Gemüsepizza (low-carb)

Zucchini raffeln und in grosse Schüssel abfüllen, 10 - 15 Minuten ruhen lassen. Anschliessend Wasser abgiessen. Portionsweise Zucchinimasse durch Küchentuch trocken winden. Zucchini, Ei und Emmentaler AOP vermischen. Mehl, Pfeffer, Salz und Knoblauch dazugeben und verrühren, bis eine kompakte Masse entsteht. Masse auf mit Backpapier belegtem Blech ca. 1 cm dick ausstreichen. 15 - 20 Minuten bei 210 Grad backen, bis die Kanten goldbraun sind. Wenden und nochmals 10 Minuten backen. Zuletzt nochmals wenden.

Getrocknete Tomaten auf Küchenpapier abtropfen. Parmaschinken in Stücke zupfen. Zucchiniboden mit Tomatensauce bestreichen, Emmentaler AOP darauf verteilen, mit Parmaschinken und getrockneten Tomaten belegen. Nochmals 8 - 10 Minuten backen.

Mit Basilikumblättern bestreuen und servieren.
