{"id":21965,"date":"2022-04-27T13:37:12","date_gmt":"2022-04-27T11:37:12","guid":{"rendered":"https:\/\/www.emmentaler.ch\/rezept\/gerstotto-mit-champignons-und-lauch"},"modified":"2022-07-29T17:03:29","modified_gmt":"2022-07-29T15:03:29","slug":"gerstotto-mit-champignons-und-lauch","status":"publish","type":"recipes","link":"https:\/\/www.emmentaler.ch\/de\/rezept\/gerstotto-mit-champignons-und-lauch","title":{"rendered":"Gerstotto mit Champignons und Lauch"},"author":2,"featured_media":21981,"menu_order":0,"template":"","meta":{"inline_featured_image":false},"tags":[],"recipe_categories":[86],"et_countries":[],"recipe_main_ingredient":[120,123],"recipe_difficulty":[126],"recipe_preparation_time":[161],"recipe_diet_type":[133],"recipe_saison":[142,143],"acf":{"recipe_preparation_time":161,"recipe_categories":86,"recipe_time_txt":"","recipe_type":5203,"recipe_difficulty":126,"recipe_diet_type":[133],"recipe_main_ingredient":[120,123],"recipe_saison":[142,143],"recipe_count_portions":4,"recipe_ingedients":[{"recipe_ingedients_amount":"","recipe_ingedients_unit":"g","recipe_ingedients_product":""}],"temporare_zutaten":"1 Zwiebel\r\n3 EL Raps\u00f6l\r\n250 g Rollgerste\r\n9 dl Bouillon\r\n300 g Lauch\r\n250 g Champignons\r\n100 g Speckw\u00fcrfeli\r\n2 dl Weisswein\r\nSalz, Pfeffer\r\n\u00bd Bund Majoran\r\n120 g geriebener Bio Emmentaler AOP","recipe_preparation":"Zwiebel fein hacken, in 1 Essl\u00f6ffel \u00d6l and\u00fcnsten. Gerste kurz mitd\u00fcnsten. Bouillon dazugiessen, 30-40 Minuten k\u00f6cheln.\r\n\r\nLauch in d\u00fcnne R\u00e4dchen schneiden. Champignons je nach Gr\u00f6sse halbieren oder vierteln. 1 Essl\u00f6ffel \u00d6l in einer Bratpfanne erhitzen. Champignons zuf\u00fcgen, ein paar Minuten braten, aus der Pfanne nehmen. Restliches \u00d6l erhitzen, Speck und Lauch darin anbraten. Champignons wieder zuf\u00fcgen, mit Wein abl\u00f6schen. 5-7 Minuten k\u00f6cheln, mit Salz und Pfeffer w\u00fcrzen.\r\n\r\nMajoranbl\u00e4ttchen von den Stielen zupfen, mit Pilzmischung und Bio Emmentaler AOP unter die Gerste r\u00fchren.","recipe_images":[21981]},"_links":{"self":[{"href":"https:\/\/www.emmentaler.ch\/de\/wp-json\/wp\/v2\/recipes\/21965"}],"collection":[{"href":"https:\/\/www.emmentaler.ch\/de\/wp-json\/wp\/v2\/recipes"}],"about":[{"href":"https:\/\/www.emmentaler.ch\/de\/wp-json\/wp\/v2\/types\/recipes"}],"author":[{"embeddable":true,"href":"https:\/\/www.emmentaler.ch\/de\/wp-json\/wp\/v2\/users\/2"}],"version-history":[{"count":0,"href":"https:\/\/www.emmentaler.ch\/de\/wp-json\/wp\/v2\/recipes\/21965\/revisions"}],"acf:attachment":[{"embeddable":true,"href":"https:\/\/www.emmentaler.ch\/de\/wp-json\/wp\/v2\/media\/21981"}],"acf:term":[{"embeddable":true,"taxonomy":"recipe_saison","href":"https:\/\/www.emmentaler.ch\/de\/wp-json\/wp\/v2\/recipe_saison\/143"},{"embeddable":true,"taxonomy":"recipe_saison","href":"https:\/\/www.emmentaler.ch\/de\/wp-json\/wp\/v2\/recipe_saison\/142"},{"embeddable":true,"taxonomy":"recipe_main_ingredient","href":"https:\/\/www.emmentaler.ch\/de\/wp-json\/wp\/v2\/recipe_main_ingredient\/123"},{"embeddable":true,"taxonomy":"recipe_main_ingredient","href":"https:\/\/www.emmentaler.ch\/de\/wp-json\/wp\/v2\/recipe_main_ingredient\/120"},{"embeddable":true,"taxonomy":"recipe_diet_type","href":"https:\/\/www.emmentaler.ch\/de\/wp-json\/wp\/v2\/recipe_diet_type\/133"},{"embeddable":true,"taxonomy":"recipe_difficulty","href":"https:\/\/www.emmentaler.ch\/de\/wp-json\/wp\/v2\/recipe_difficulty\/126"},{"embeddable":true,"taxonomy":"recipe_categories","href":"https:\/\/www.emmentaler.ch\/de\/wp-json\/wp\/v2\/recipe_categories\/86"},{"embeddable":true,"taxonomy":"recipe_preparation_time","href":"https:\/\/www.emmentaler.ch\/de\/wp-json\/wp\/v2\/recipe_preparation_time\/161"}],"acf:post":[{"embeddable":true,"href":"https:\/\/www.emmentaler.ch\/de\/wp-json\/wp\/v2\/pages\/5203"}],"wp:featuredmedia":[{"embeddable":true,"href":"https:\/\/www.emmentaler.ch\/de\/wp-json\/wp\/v2\/media\/21981"}],"wp:attachment":[{"href":"https:\/\/www.emmentaler.ch\/de\/wp-json\/wp\/v2\/media?parent=21965"}],"wp:term":[{"taxonomy":"post_tag","embeddable":true,"href":"https:\/\/www.emmentaler.ch\/de\/wp-json\/wp\/v2\/tags?post=21965"},{"taxonomy":"recipe_categories","embeddable":true,"href":"https:\/\/www.emmentaler.ch\/de\/wp-json\/wp\/v2\/recipe_categories?post=21965"},{"taxonomy":"et_countries","embeddable":true,"href":"https:\/\/www.emmentaler.ch\/de\/wp-json\/wp\/v2\/et_countries?post=21965"},{"taxonomy":"recipe_main_ingredient","embeddable":true,"href":"https:\/\/www.emmentaler.ch\/de\/wp-json\/wp\/v2\/recipe_main_ingredient?post=21965"},{"taxonomy":"recipe_difficulty","embeddable":true,"href":"https:\/\/www.emmentaler.ch\/de\/wp-json\/wp\/v2\/recipe_difficulty?post=21965"},{"taxonomy":"recipe_preparation_time","embeddable":true,"href":"https:\/\/www.emmentaler.ch\/de\/wp-json\/wp\/v2\/recipe_preparation_time?post=21965"},{"taxonomy":"recipe_diet_type","embeddable":true,"href":"https:\/\/www.emmentaler.ch\/de\/wp-json\/wp\/v2\/recipe_diet_type?post=21965"},{"taxonomy":"recipe_saison","embeddable":true,"href":"https:\/\/www.emmentaler.ch\/de\/wp-json\/wp\/v2\/recipe_saison?post=21965"}],"curies":[{"name":"wp","href":"https:\/\/api.w.org\/{rel}","templated":true}]}}

1 Zwiebel
3 EL Rapsöl
250 g Rollgerste
9 dl Bouillon
300 g Lauch
250 g Champignons
100 g Speckwürfeli
2 dl Weisswein
Salz, Pfeffer
½ Bund Majoran
120 g geriebener Bio Emmentaler AOP

Zwiebel fein hacken, in 1 Esslöffel Öl andünsten. Gerste kurz mitdünsten. Bouillon dazugiessen, 30-40 Minuten köcheln.

Lauch in dünne Rädchen schneiden. Champignons je nach Grösse halbieren oder vierteln. 1 Esslöffel Öl in einer Bratpfanne erhitzen. Champignons zufügen, ein paar Minuten braten, aus der Pfanne nehmen. Restliches Öl erhitzen, Speck und Lauch darin anbraten. Champignons wieder zufügen, mit Wein ablöschen. 5-7 Minuten köcheln, mit Salz und Pfeffer würzen.

Majoranblättchen von den Stielen zupfen, mit Pilzmischung und Bio Emmentaler AOP unter die Gerste rühren.
