{"id":21996,"date":"2022-04-27T13:37:12","date_gmt":"2022-04-27T11:37:12","guid":{"rendered":"https:\/\/www.emmentaler.ch\/rezept\/gitzi-rollbraten-mit-fruehlingszwiebeln"},"modified":"2022-07-29T17:12:29","modified_gmt":"2022-07-29T15:12:29","slug":"gitzi-rollbraten-mit-fruehlingszwiebeln","status":"publish","type":"recipes","link":"https:\/\/www.emmentaler.ch\/de\/rezept\/gitzi-rollbraten-mit-fruehlingszwiebeln","title":{"rendered":"Gitzi-Rollbraten mit Fr\u00fchlingszwiebeln"},"author":2,"featured_media":22012,"menu_order":0,"template":"","meta":{"inline_featured_image":false},"tags":[],"recipe_categories":[86],"et_countries":[],"recipe_main_ingredient":[120,123],"recipe_difficulty":[127],"recipe_preparation_time":[166],"recipe_diet_type":[133],"recipe_saison":[143],"acf":{"recipe_preparation_time":166,"recipe_categories":86,"recipe_time_txt":"30 Minuten, plus 90 Minuten zum Backen","recipe_type":5208,"recipe_difficulty":127,"recipe_diet_type":[133],"recipe_main_ingredient":[120,123],"recipe_saison":[143],"recipe_count_portions":4,"recipe_ingedients":[{"recipe_ingedients_amount":"","recipe_ingedients_unit":"g","recipe_ingedients_product":""}],"temporare_zutaten":"100 g Fr\u00fchlingszwiebeln\r\nSalz\r\n100 g milder Emmentaler AOP\r\nPfeffer\r\n1 Gitzistotzen, ca. 1 kg, zum Rollen\r\n1 EL Senf\r\n250 g R\u00fcebli\r\n250 g Kohlrabi\r\n2 EL Oliven\u00f6l\r\n3 dl Weisswein\r\n20 g eiskalte Butter\r\n1 TL Thymian","recipe_preparation":"Fr\u00fchlingszwiebeln mit den gr\u00fcnen R\u00f6hren in d\u00fcnne Ringe schneiden. In leicht gesalzenem Wasser 5 Minuten garen. Abgiessen und kalt abschrecken. Emmentaler AOP fein reiben. Abgetropfte Fr\u00fchlingszwiebeln und K\u00e4se mit dem Stabmixer fein p\u00fcrieren, mit Salz und Pfeffer abschmecken.\r\n\r\nRollbraten auslegen, zuerst mit Senf, dann mit Fr\u00fchlingszwiebelp\u00fcree bestreichen. Aufrollen und mit K\u00fcchenschnur binden, mit Salz und Pfeffer w\u00fcrzen.\r\n\r\nR\u00fcebli und Kohlrabi in St\u00fccke schneiden. \u00d6l in einem Br\u00e4ter erhitzen, Rollbraten und Gem\u00fcse leicht anbraten. Mit Weisswein abl\u00f6schen. In der Mitte des 160 Grad heissen Ofen ca. 1 \u00bd Stunden braten. Ab und zu mit Wein begiessen.\r\n\r\nFl\u00fcssigkeit in eine Pfanne umgiessen, bei grosser Hitze auf die H\u00e4lfte einkochen. Butter mit dem Stabmixer daruntermischen. Thymian zuf\u00fcgen, mit Salz und Pfeffer abschmecken.\r\n\r\nBraten aufschneiden, mit Gem\u00fcse und Sauce anrichten.\r\n\r\nDazu passen kleine gebratene Kartoffeln.","recipe_images":[22012]},"_links":{"self":[{"href":"https:\/\/www.emmentaler.ch\/de\/wp-json\/wp\/v2\/recipes\/21996"}],"collection":[{"href":"https:\/\/www.emmentaler.ch\/de\/wp-json\/wp\/v2\/recipes"}],"about":[{"href":"https:\/\/www.emmentaler.ch\/de\/wp-json\/wp\/v2\/types\/recipes"}],"author":[{"embeddable":true,"href":"https:\/\/www.emmentaler.ch\/de\/wp-json\/wp\/v2\/users\/2"}],"version-history":[{"count":0,"href":"https:\/\/www.emmentaler.ch\/de\/wp-json\/wp\/v2\/recipes\/21996\/revisions"}],"acf:attachment":[{"embeddable":true,"href":"https:\/\/www.emmentaler.ch\/de\/wp-json\/wp\/v2\/media\/22012"}],"acf:term":[{"embeddable":true,"taxonomy":"recipe_saison","href":"https:\/\/www.emmentaler.ch\/de\/wp-json\/wp\/v2\/recipe_saison\/143"},{"embeddable":true,"taxonomy":"recipe_main_ingredient","href":"https:\/\/www.emmentaler.ch\/de\/wp-json\/wp\/v2\/recipe_main_ingredient\/123"},{"embeddable":true,"taxonomy":"recipe_main_ingredient","href":"https:\/\/www.emmentaler.ch\/de\/wp-json\/wp\/v2\/recipe_main_ingredient\/120"},{"embeddable":true,"taxonomy":"recipe_diet_type","href":"https:\/\/www.emmentaler.ch\/de\/wp-json\/wp\/v2\/recipe_diet_type\/133"},{"embeddable":true,"taxonomy":"recipe_difficulty","href":"https:\/\/www.emmentaler.ch\/de\/wp-json\/wp\/v2\/recipe_difficulty\/127"},{"embeddable":true,"taxonomy":"recipe_categories","href":"https:\/\/www.emmentaler.ch\/de\/wp-json\/wp\/v2\/recipe_categories\/86"},{"embeddable":true,"taxonomy":"recipe_preparation_time","href":"https:\/\/www.emmentaler.ch\/de\/wp-json\/wp\/v2\/recipe_preparation_time\/166"}],"acf:post":[{"embeddable":true,"href":"https:\/\/www.emmentaler.ch\/de\/wp-json\/wp\/v2\/pages\/5208"}],"wp:featuredmedia":[{"embeddable":true,"href":"https:\/\/www.emmentaler.ch\/de\/wp-json\/wp\/v2\/media\/22012"}],"wp:attachment":[{"href":"https:\/\/www.emmentaler.ch\/de\/wp-json\/wp\/v2\/media?parent=21996"}],"wp:term":[{"taxonomy":"post_tag","embeddable":true,"href":"https:\/\/www.emmentaler.ch\/de\/wp-json\/wp\/v2\/tags?post=21996"},{"taxonomy":"recipe_categories","embeddable":true,"href":"https:\/\/www.emmentaler.ch\/de\/wp-json\/wp\/v2\/recipe_categories?post=21996"},{"taxonomy":"et_countries","embeddable":true,"href":"https:\/\/www.emmentaler.ch\/de\/wp-json\/wp\/v2\/et_countries?post=21996"},{"taxonomy":"recipe_main_ingredient","embeddable":true,"href":"https:\/\/www.emmentaler.ch\/de\/wp-json\/wp\/v2\/recipe_main_ingredient?post=21996"},{"taxonomy":"recipe_difficulty","embeddable":true,"href":"https:\/\/www.emmentaler.ch\/de\/wp-json\/wp\/v2\/recipe_difficulty?post=21996"},{"taxonomy":"recipe_preparation_time","embeddable":true,"href":"https:\/\/www.emmentaler.ch\/de\/wp-json\/wp\/v2\/recipe_preparation_time?post=21996"},{"taxonomy":"recipe_diet_type","embeddable":true,"href":"https:\/\/www.emmentaler.ch\/de\/wp-json\/wp\/v2\/recipe_diet_type?post=21996"},{"taxonomy":"recipe_saison","embeddable":true,"href":"https:\/\/www.emmentaler.ch\/de\/wp-json\/wp\/v2\/recipe_saison?post=21996"}],"curies":[{"name":"wp","href":"https:\/\/api.w.org\/{rel}","templated":true}]}}

Gitzi-Rollbraten mit Frühlingszwiebeln

100 g Frühlingszwiebeln
Salz
100 g milder Emmentaler AOP
Pfeffer
1 Gitzistotzen, ca. 1 kg, zum Rollen
1 EL Senf
250 g Rüebli
250 g Kohlrabi
2 EL Olivenöl
3 dl Weisswein
20 g eiskalte Butter
1 TL Thymian

Frühlingszwiebeln mit den grünen Röhren in dünne Ringe schneiden. In leicht gesalzenem Wasser 5 Minuten garen. Abgiessen und kalt abschrecken. Emmentaler AOP fein reiben. Abgetropfte Frühlingszwiebeln und Käse mit dem Stabmixer fein pürieren, mit Salz und Pfeffer abschmecken.

Rollbraten auslegen, zuerst mit Senf, dann mit Frühlingszwiebelpüree bestreichen. Aufrollen und mit Küchenschnur binden, mit Salz und Pfeffer würzen.

Rüebli und Kohlrabi in Stücke schneiden. Öl in einem Bräter erhitzen, Rollbraten und Gemüse leicht anbraten. Mit Weisswein ablöschen. In der Mitte des 160 Grad heissen Ofen ca. 1 ½ Stunden braten. Ab und zu mit Wein begiessen.

Flüssigkeit in eine Pfanne umgiessen, bei grosser Hitze auf die Hälfte einkochen. Butter mit dem Stabmixer daruntermischen. Thymian zufügen, mit Salz und Pfeffer abschmecken.

Braten aufschneiden, mit Gemüse und Sauce anrichten.

Dazu passen kleine gebratene Kartoffeln.
