{"id":22259,"date":"2022-04-27T13:38:00","date_gmt":"2022-04-27T11:38:00","guid":{"rendered":"https:\/\/www.emmentaler.ch\/rezept\/kabissalat-im-pitabrot"},"modified":"2024-07-24T13:16:00","modified_gmt":"2024-07-24T11:16:00","slug":"kabissalat-im-pitabrot","status":"publish","type":"recipes","link":"https:\/\/www.emmentaler.ch\/de\/rezept\/kabissalat-im-pitabrot","title":{"rendered":"Kabissalat im Pitabrot"},"author":2,"featured_media":22275,"menu_order":0,"template":"","meta":{"inline_featured_image":false},"tags":[788],"recipe_categories":[152],"et_countries":[],"recipe_main_ingredient":[124,123],"recipe_difficulty":[125],"recipe_preparation_time":[151],"recipe_diet_type":[133,132],"recipe_saison":[138,137,135],"acf":{"recipe_preparation_time":151,"recipe_categories":152,"recipe_time_txt":"","recipe_type":5195,"recipe_difficulty":125,"recipe_diet_type":[133,132],"recipe_main_ingredient":[124,123],"recipe_saison":[138,137,135],"recipe_count_portions":4,"recipe_ingedients":[{"recipe_ingedients_amount":"","recipe_ingedients_unit":"g","recipe_ingedients_product":""}],"temporare_zutaten":"2 EL Essig\r\n2 EL Raps\u00f6l\r\n1 TL Senf\r\n1 TL Wasabipaste\r\nSalz, Pfeffer\r\n250 g Kabis\r\n50 g ger\u00f6stete und gesalzene Pistazien\r\n150 g Emmentaler AOP\r\n150 g blaue Trauben\r\n1 Bund Schnittlauch\r\n4 Pitabr\u00f6tchen","recipe_preparation":"Essig, \u00d6l, Senf, Wasabi, Salz und Pfeffer zusammen verr\u00fchren. Kabis r\u00fcsten, Strunk entfernen und in feine Streifen hobeln. Kabis zur Sauce geben und mit den H\u00e4nden 1-2 Minuten verkneten.\r\n\r\nPistazien sch\u00e4len. Emmentaler AOP in 1 cm grosse W\u00fcrfel schneiden. Trauben halbieren. Schnittlauch in R\u00f6llchen schneiden. Alle Zutaten zum Kabis geben und gut mischen\r\n\r\nPitabr\u00f6tchen nach Packungsangabe zubereiten und mit der Kabismischung f\u00fcllen.","recipe_images":[22275]},"_links":{"self":[{"href":"https:\/\/www.emmentaler.ch\/de\/wp-json\/wp\/v2\/recipes\/22259"}],"collection":[{"href":"https:\/\/www.emmentaler.ch\/de\/wp-json\/wp\/v2\/recipes"}],"about":[{"href":"https:\/\/www.emmentaler.ch\/de\/wp-json\/wp\/v2\/types\/recipes"}],"author":[{"embeddable":true,"href":"https:\/\/www.emmentaler.ch\/de\/wp-json\/wp\/v2\/users\/2"}],"version-history":[{"count":1,"href":"https:\/\/www.emmentaler.ch\/de\/wp-json\/wp\/v2\/recipes\/22259\/revisions"}],"predecessor-version":[{"id":137844,"href":"https:\/\/www.emmentaler.ch\/de\/wp-json\/wp\/v2\/recipes\/22259\/revisions\/137844"}],"acf:attachment":[{"embeddable":true,"href":"https:\/\/www.emmentaler.ch\/de\/wp-json\/wp\/v2\/media\/22275"}],"acf:term":[{"embeddable":true,"taxonomy":"recipe_saison","href":"https:\/\/www.emmentaler.ch\/de\/wp-json\/wp\/v2\/recipe_saison\/135"},{"embeddable":true,"taxonomy":"recipe_saison","href":"https:\/\/www.emmentaler.ch\/de\/wp-json\/wp\/v2\/recipe_saison\/137"},{"embeddable":true,"taxonomy":"recipe_saison","href":"https:\/\/www.emmentaler.ch\/de\/wp-json\/wp\/v2\/recipe_saison\/138"},{"embeddable":true,"taxonomy":"recipe_main_ingredient","href":"https:\/\/www.emmentaler.ch\/de\/wp-json\/wp\/v2\/recipe_main_ingredient\/123"},{"embeddable":true,"taxonomy":"recipe_main_ingredient","href":"https:\/\/www.emmentaler.ch\/de\/wp-json\/wp\/v2\/recipe_main_ingredient\/124"},{"embeddable":true,"taxonomy":"recipe_diet_type","href":"https:\/\/www.emmentaler.ch\/de\/wp-json\/wp\/v2\/recipe_diet_type\/132"},{"embeddable":true,"taxonomy":"recipe_diet_type","href":"https:\/\/www.emmentaler.ch\/de\/wp-json\/wp\/v2\/recipe_diet_type\/133"},{"embeddable":true,"taxonomy":"recipe_difficulty","href":"https:\/\/www.emmentaler.ch\/de\/wp-json\/wp\/v2\/recipe_difficulty\/125"},{"embeddable":true,"taxonomy":"recipe_categories","href":"https:\/\/www.emmentaler.ch\/de\/wp-json\/wp\/v2\/recipe_categories\/152"},{"embeddable":true,"taxonomy":"recipe_preparation_time","href":"https:\/\/www.emmentaler.ch\/de\/wp-json\/wp\/v2\/recipe_preparation_time\/151"}],"acf:post":[{"embeddable":true,"href":"https:\/\/www.emmentaler.ch\/de\/wp-json\/wp\/v2\/pages\/5195"}],"wp:featuredmedia":[{"embeddable":true,"href":"https:\/\/www.emmentaler.ch\/de\/wp-json\/wp\/v2\/media\/22275"}],"wp:attachment":[{"href":"https:\/\/www.emmentaler.ch\/de\/wp-json\/wp\/v2\/media?parent=22259"}],"wp:term":[{"taxonomy":"post_tag","embeddable":true,"href":"https:\/\/www.emmentaler.ch\/de\/wp-json\/wp\/v2\/tags?post=22259"},{"taxonomy":"recipe_categories","embeddable":true,"href":"https:\/\/www.emmentaler.ch\/de\/wp-json\/wp\/v2\/recipe_categories?post=22259"},{"taxonomy":"et_countries","embeddable":true,"href":"https:\/\/www.emmentaler.ch\/de\/wp-json\/wp\/v2\/et_countries?post=22259"},{"taxonomy":"recipe_main_ingredient","embeddable":true,"href":"https:\/\/www.emmentaler.ch\/de\/wp-json\/wp\/v2\/recipe_main_ingredient?post=22259"},{"taxonomy":"recipe_difficulty","embeddable":true,"href":"https:\/\/www.emmentaler.ch\/de\/wp-json\/wp\/v2\/recipe_difficulty?post=22259"},{"taxonomy":"recipe_preparation_time","embeddable":true,"href":"https:\/\/www.emmentaler.ch\/de\/wp-json\/wp\/v2\/recipe_preparation_time?post=22259"},{"taxonomy":"recipe_diet_type","embeddable":true,"href":"https:\/\/www.emmentaler.ch\/de\/wp-json\/wp\/v2\/recipe_diet_type?post=22259"},{"taxonomy":"recipe_saison","embeddable":true,"href":"https:\/\/www.emmentaler.ch\/de\/wp-json\/wp\/v2\/recipe_saison?post=22259"}],"curies":[{"name":"wp","href":"https:\/\/api.w.org\/{rel}","templated":true}]}}

2 EL Essig
2 EL Rapsöl
1 TL Senf
1 TL Wasabipaste
Salz, Pfeffer
250 g Kabis
50 g geröstete und gesalzene Pistazien
150 g Emmentaler AOP
150 g blaue Trauben
1 Bund Schnittlauch
4 Pitabrötchen

Essig, Öl, Senf, Wasabi, Salz und Pfeffer zusammen verrühren. Kabis rüsten, Strunk entfernen und in feine Streifen hobeln. Kabis zur Sauce geben und mit den Händen 1-2 Minuten verkneten.

Pistazien schälen. Emmentaler AOP in 1 cm grosse Würfel schneiden. Trauben halbieren. Schnittlauch in Röllchen schneiden. Alle Zutaten zum Kabis geben und gut mischen

Pitabrötchen nach Packungsangabe zubereiten und mit der Kabismischung füllen.
