{"id":22290,"date":"2022-04-27T13:38:00","date_gmt":"2022-04-27T11:38:00","guid":{"rendered":"https:\/\/www.emmentaler.ch\/rezept\/kalbsroellchen-mit-gemuesefuellung"},"modified":"2022-06-28T09:41:35","modified_gmt":"2022-06-28T07:41:35","slug":"kalbsroellchen-mit-gemuesefuellung","status":"publish","type":"recipes","link":"https:\/\/www.emmentaler.ch\/de\/rezept\/kalbsroellchen-mit-gemuesefuellung","title":{"rendered":"Kalbsr\u00f6llchen mit Gem\u00fcsef\u00fcllung"},"author":2,"featured_media":22316,"menu_order":0,"template":"","meta":{"inline_featured_image":false},"tags":[],"recipe_categories":[86],"et_countries":[],"recipe_main_ingredient":[120],"recipe_difficulty":[126],"recipe_preparation_time":[156],"recipe_diet_type":[134],"recipe_saison":[143],"acf":{"recipe_preparation_time":156,"recipe_categories":86,"recipe_time_txt":"","recipe_type":216,"recipe_difficulty":126,"recipe_diet_type":[134],"recipe_main_ingredient":[120],"recipe_saison":[143],"recipe_count_portions":4,"recipe_ingedients":[{"recipe_ingedients_amount":"","recipe_ingedients_unit":"g","recipe_ingedients_product":""}],"temporare_zutaten":"500 g Wurzelgem\u00fcse, z.B. R\u00fcebli, Pf\u00e4lzer, Petersilienwurzel\r\n2 EL Butter\r\nSalz, Pfeffer\r\n1 Schalotte\r\n1,5 dl Weisswein oder Apfelwein\r\n2 dl Saucenhalbrahm\r\n1-2 EL grobk\u00f6rniger Senf\r\n8 d\u00fcnne (2-3 mm) Scheiben Emmentaler AOP, ca. 160 g\r\n8 grosse, d\u00fcnne Kalbspl\u00e4tzchen \u00e0 50-60 g\r\nSalz, Pfeffer\r\n1-2 EL Bratbutter\r\netwas Schnittlauch","recipe_preparation":"Gem\u00fcse r\u00fcsten, ca. 2\/3 davon in 7 mm cm dicke und 10 cm lange St\u00e4bchen schneiden. In 1 Essl\u00f6ffel Butter and\u00fcnsten, 2-3 EL Wasser zuf\u00fcgen, w\u00fcrzen. Zugedeckt knapp weich garen, ausk\u00fchlen lassen.\r\n\r\n\u00dcbriges Gem\u00fcse und Schalotte klein w\u00fcrfeln. In restlicher Butter anbraten, mit Weisswein abl\u00f6schen. Bei guter Hitze auf die H\u00e4lfte einkochen lassen. Rahm zuf\u00fcgen, aufkochen, mit Senf, Salz und Pfeffer w\u00fcrzen.\r\n\r\nGem\u00fcse auf die K\u00e4sescheiben verteilen und aufrollen. Fleisch w\u00fcrzen, K\u00e4ser\u00f6llchen auf die Pl\u00e4tzchen legen, einwickeln und mit K\u00fcchenschnur binden. R\u00f6llchen in der heissen Bratbutter bei mittlerer Hitze rundum 7-10 Minuten braten.\r\n\r\nSauce nochmals kurz erhitzen. Schnittlauch fein schneiden und zuf\u00fcgen. Kalbsr\u00f6llchen mit der Sauce anrichten.\r\n\r\nNudeln dazu servieren.","recipe_images":[22321,22326,22316]},"_links":{"self":[{"href":"https:\/\/www.emmentaler.ch\/de\/wp-json\/wp\/v2\/recipes\/22290"}],"collection":[{"href":"https:\/\/www.emmentaler.ch\/de\/wp-json\/wp\/v2\/recipes"}],"about":[{"href":"https:\/\/www.emmentaler.ch\/de\/wp-json\/wp\/v2\/types\/recipes"}],"author":[{"embeddable":true,"href":"https:\/\/www.emmentaler.ch\/de\/wp-json\/wp\/v2\/users\/2"}],"version-history":[{"count":0,"href":"https:\/\/www.emmentaler.ch\/de\/wp-json\/wp\/v2\/recipes\/22290\/revisions"}],"acf:attachment":[{"embeddable":true,"href":"https:\/\/www.emmentaler.ch\/de\/wp-json\/wp\/v2\/media\/22316"},{"embeddable":true,"href":"https:\/\/www.emmentaler.ch\/de\/wp-json\/wp\/v2\/media\/22326"},{"embeddable":true,"href":"https:\/\/www.emmentaler.ch\/de\/wp-json\/wp\/v2\/media\/22321"}],"acf:term":[{"embeddable":true,"taxonomy":"recipe_saison","href":"https:\/\/www.emmentaler.ch\/de\/wp-json\/wp\/v2\/recipe_saison\/143"},{"embeddable":true,"taxonomy":"recipe_main_ingredient","href":"https:\/\/www.emmentaler.ch\/de\/wp-json\/wp\/v2\/recipe_main_ingredient\/120"},{"embeddable":true,"taxonomy":"recipe_diet_type","href":"https:\/\/www.emmentaler.ch\/de\/wp-json\/wp\/v2\/recipe_diet_type\/134"},{"embeddable":true,"taxonomy":"recipe_difficulty","href":"https:\/\/www.emmentaler.ch\/de\/wp-json\/wp\/v2\/recipe_difficulty\/126"},{"embeddable":true,"taxonomy":"recipe_categories","href":"https:\/\/www.emmentaler.ch\/de\/wp-json\/wp\/v2\/recipe_categories\/86"},{"embeddable":true,"taxonomy":"recipe_preparation_time","href":"https:\/\/www.emmentaler.ch\/de\/wp-json\/wp\/v2\/recipe_preparation_time\/156"}],"acf:post":[{"embeddable":true,"href":"https:\/\/www.emmentaler.ch\/de\/wp-json\/wp\/v2\/pages\/216"}],"wp:featuredmedia":[{"embeddable":true,"href":"https:\/\/www.emmentaler.ch\/de\/wp-json\/wp\/v2\/media\/22316"}],"wp:attachment":[{"href":"https:\/\/www.emmentaler.ch\/de\/wp-json\/wp\/v2\/media?parent=22290"}],"wp:term":[{"taxonomy":"post_tag","embeddable":true,"href":"https:\/\/www.emmentaler.ch\/de\/wp-json\/wp\/v2\/tags?post=22290"},{"taxonomy":"recipe_categories","embeddable":true,"href":"https:\/\/www.emmentaler.ch\/de\/wp-json\/wp\/v2\/recipe_categories?post=22290"},{"taxonomy":"et_countries","embeddable":true,"href":"https:\/\/www.emmentaler.ch\/de\/wp-json\/wp\/v2\/et_countries?post=22290"},{"taxonomy":"recipe_main_ingredient","embeddable":true,"href":"https:\/\/www.emmentaler.ch\/de\/wp-json\/wp\/v2\/recipe_main_ingredient?post=22290"},{"taxonomy":"recipe_difficulty","embeddable":true,"href":"https:\/\/www.emmentaler.ch\/de\/wp-json\/wp\/v2\/recipe_difficulty?post=22290"},{"taxonomy":"recipe_preparation_time","embeddable":true,"href":"https:\/\/www.emmentaler.ch\/de\/wp-json\/wp\/v2\/recipe_preparation_time?post=22290"},{"taxonomy":"recipe_diet_type","embeddable":true,"href":"https:\/\/www.emmentaler.ch\/de\/wp-json\/wp\/v2\/recipe_diet_type?post=22290"},{"taxonomy":"recipe_saison","embeddable":true,"href":"https:\/\/www.emmentaler.ch\/de\/wp-json\/wp\/v2\/recipe_saison?post=22290"}],"curies":[{"name":"wp","href":"https:\/\/api.w.org\/{rel}","templated":true}]}}

Kalbsröllchen mit Gemüsefüllung

500 g Wurzelgemüse, z.B. Rüebli, Pfälzer, Petersilienwurzel
2 EL Butter
Salz, Pfeffer
1 Schalotte
1,5 dl Weisswein oder Apfelwein
2 dl Saucenhalbrahm
1-2 EL grobkörniger Senf
8 dünne (2-3 mm) Scheiben Emmentaler AOP, ca. 160 g
8 grosse, dünne Kalbsplätzchen à 50-60 g
Salz, Pfeffer
1-2 EL Bratbutter
etwas Schnittlauch

Gemüse rüsten, ca. 2/3 davon in 7 mm cm dicke und 10 cm lange Stäbchen schneiden. In 1 Esslöffel Butter andünsten, 2-3 EL Wasser zufügen, würzen. Zugedeckt knapp weich garen, auskühlen lassen.

Übriges Gemüse und Schalotte klein würfeln. In restlicher Butter anbraten, mit Weisswein ablöschen. Bei guter Hitze auf die Hälfte einkochen lassen. Rahm zufügen, aufkochen, mit Senf, Salz und Pfeffer würzen.

Gemüse auf die Käsescheiben verteilen und aufrollen. Fleisch würzen, Käseröllchen auf die Plätzchen legen, einwickeln und mit Küchenschnur binden. Röllchen in der heissen Bratbutter bei mittlerer Hitze rundum 7-10 Minuten braten.

Sauce nochmals kurz erhitzen. Schnittlauch fein schneiden und zufügen. Kalbsröllchen mit der Sauce anrichten.

Nudeln dazu servieren.
