{"id":22550,"date":"2022-04-27T13:38:00","date_gmt":"2022-04-27T11:38:00","guid":{"rendered":"https:\/\/www.emmentaler.ch\/rezept\/kaese-terrine-mit-aprikosensenf"},"modified":"2022-08-18T15:29:06","modified_gmt":"2022-08-18T13:29:06","slug":"kaese-terrine-mit-aprikosensenf","status":"publish","type":"recipes","link":"https:\/\/www.emmentaler.ch\/de\/rezept\/kaese-terrine-mit-aprikosensenf","title":{"rendered":"K\u00e4se-Terrine mit Aprikosensenf"},"author":2,"featured_media":22566,"menu_order":0,"template":"","meta":{"inline_featured_image":false},"tags":[],"recipe_categories":[89],"et_countries":[],"recipe_main_ingredient":[124],"recipe_difficulty":[126],"recipe_preparation_time":[167],"recipe_diet_type":[134,132],"recipe_saison":[142,143,135],"acf":{"recipe_preparation_time":167,"recipe_categories":89,"recipe_time_txt":"30 Minuten, plus 3 Stunden zum Festwerden","recipe_type":5357,"recipe_difficulty":126,"recipe_diet_type":[134,132],"recipe_main_ingredient":[124],"recipe_saison":[142,143,135],"recipe_count_portions":5,"recipe_ingedients":[{"recipe_ingedients_amount":"5","recipe_ingedients_unit":"g","recipe_ingedients_product":"Pinienkerne"},{"recipe_ingedients_amount":"5","recipe_ingedients_unit":"g","recipe_ingedients_product":"getrocknete Aprikosen"},{"recipe_ingedients_amount":"30","recipe_ingedients_unit":"g","recipe_ingedients_product":"rezenter Emmentaler AOP"},{"recipe_ingedients_amount":"20","recipe_ingedients_unit":"g","recipe_ingedients_product":"Magerquark"},{"recipe_ingedients_amount":"0.4","recipe_ingedients_unit":"El","recipe_ingedients_product":"trockener Sherry"},{"recipe_ingedients_amount":"20","recipe_ingedients_unit":"ml","recipe_ingedients_product":"Rahm"},{"recipe_ingedients_amount":"0.4","recipe_ingedients_unit":"St\u00fcck","recipe_ingedients_product":"Gelatine-Bl\u00e4tter, in kaltem Wasser eingelegt"},{"recipe_ingedients_amount":"20","recipe_ingedients_unit":"g","recipe_ingedients_product":"d\u00fcnne Emmentaler AOP Scheiben"},{"recipe_ingedients_amount":"10","recipe_ingedients_unit":"g","recipe_ingedients_product":"getrocknete Aprikosen"},{"recipe_ingedients_amount":"0.6","recipe_ingedients_unit":"El","recipe_ingedients_product":"Senf"},{"recipe_ingedients_amount":"0.4","recipe_ingedients_unit":"El","recipe_ingedients_product":"Honig"},{"recipe_ingedients_amount":"","recipe_ingedients_unit":"Bedarf","recipe_ingedients_product":"nach Bedarf: Cayennepfeffer"},{"recipe_ingedients_amount":"","recipe_ingedients_unit":"Bedarf","recipe_ingedients_product":"nach Bedarf: Salz, Pfeffer"}],"temporare_zutaten":"25 g Pinienkerne\r\n25 g getrocknete Aprikosen\r\n150 g rezenter Emmentaler AOP\r\n100 g Magerquark\r\n2 EL trockener Sherry\r\n1 dl Rahm\r\n2 Blatt Gelatine, in kaltem Wasser eingelegt\r\nCayennepfeffer\r\nSalz, Pfeffer\r\nca. 100 g d\u00fcnne Emmentaler AOP Scheiben\r\n50 g\r\n3 EL Senf\r\n1 EL Honig","recipe_preparation":"Eine Terrinenform (ca. 0,5 l Inhalt) mit Klarsichtfolie auslegen. Pinienkerne in einer Bratpfanne ohne Fett r\u00f6sten. Aprikosen klein w\u00fcrfeln. Emmentaler AOP fein reiben.\r\n\r\nMagerquark mit Sherry, Aprikosen, Pinienkernen und geriebenem K\u00e4se vermengen.\r\n\r\nRahm mit abgetropfter Gelatine in eine kleine Pfanne geben. Unter R\u00fchren leicht erw\u00e4rmen, bis sich die Gelatine aufl\u00f6st. Z\u00fcgig unter die K\u00e4se-Quarkmischung r\u00fchren. Masse kr\u00e4ftig w\u00fcrzen.\r\n\r\nTerrinenboden mit 1\/3 der K\u00e4sescheiben auslegen. Die H\u00e4lfte der K\u00e4semasse darauf streichen, mit K\u00e4sescheiben belegen. Restliche Masse einf\u00fcllen und mit \u00fcbrigen K\u00e4sescheiben belegen. Terrine mindestens 3 Stunden k\u00fchl stellen.\r\n\r\nAprikosen in Streifen schneiden, mit 1 dl Wasser aufkochen, ca. 30 Minuten quellen lassen. Senf und Honig zuf\u00fcgen und nicht zu fein p\u00fcrieren. Ausgek\u00fchlt mit der Terrine servieren.","recipe_images":[22566]},"_links":{"self":[{"href":"https:\/\/www.emmentaler.ch\/de\/wp-json\/wp\/v2\/recipes\/22550"}],"collection":[{"href":"https:\/\/www.emmentaler.ch\/de\/wp-json\/wp\/v2\/recipes"}],"about":[{"href":"https:\/\/www.emmentaler.ch\/de\/wp-json\/wp\/v2\/types\/recipes"}],"author":[{"embeddable":true,"href":"https:\/\/www.emmentaler.ch\/de\/wp-json\/wp\/v2\/users\/2"}],"version-history":[{"count":0,"href":"https:\/\/www.emmentaler.ch\/de\/wp-json\/wp\/v2\/recipes\/22550\/revisions"}],"acf:attachment":[{"embeddable":true,"href":"https:\/\/www.emmentaler.ch\/de\/wp-json\/wp\/v2\/media\/22566"}],"acf:term":[{"embeddable":true,"taxonomy":"recipe_saison","href":"https:\/\/www.emmentaler.ch\/de\/wp-json\/wp\/v2\/recipe_saison\/135"},{"embeddable":true,"taxonomy":"recipe_saison","href":"https:\/\/www.emmentaler.ch\/de\/wp-json\/wp\/v2\/recipe_saison\/143"},{"embeddable":true,"taxonomy":"recipe_saison","href":"https:\/\/www.emmentaler.ch\/de\/wp-json\/wp\/v2\/recipe_saison\/142"},{"embeddable":true,"taxonomy":"recipe_main_ingredient","href":"https:\/\/www.emmentaler.ch\/de\/wp-json\/wp\/v2\/recipe_main_ingredient\/124"},{"embeddable":true,"taxonomy":"recipe_diet_type","href":"https:\/\/www.emmentaler.ch\/de\/wp-json\/wp\/v2\/recipe_diet_type\/132"},{"embeddable":true,"taxonomy":"recipe_diet_type","href":"https:\/\/www.emmentaler.ch\/de\/wp-json\/wp\/v2\/recipe_diet_type\/134"},{"embeddable":true,"taxonomy":"recipe_difficulty","href":"https:\/\/www.emmentaler.ch\/de\/wp-json\/wp\/v2\/recipe_difficulty\/126"},{"embeddable":true,"taxonomy":"recipe_categories","href":"https:\/\/www.emmentaler.ch\/de\/wp-json\/wp\/v2\/recipe_categories\/89"},{"embeddable":true,"taxonomy":"recipe_preparation_time","href":"https:\/\/www.emmentaler.ch\/de\/wp-json\/wp\/v2\/recipe_preparation_time\/167"}],"acf:post":[{"embeddable":true,"href":"https:\/\/www.emmentaler.ch\/de\/wp-json\/wp\/v2\/pages\/5357"}],"wp:featuredmedia":[{"embeddable":true,"href":"https:\/\/www.emmentaler.ch\/de\/wp-json\/wp\/v2\/media\/22566"}],"wp:attachment":[{"href":"https:\/\/www.emmentaler.ch\/de\/wp-json\/wp\/v2\/media?parent=22550"}],"wp:term":[{"taxonomy":"post_tag","embeddable":true,"href":"https:\/\/www.emmentaler.ch\/de\/wp-json\/wp\/v2\/tags?post=22550"},{"taxonomy":"recipe_categories","embeddable":true,"href":"https:\/\/www.emmentaler.ch\/de\/wp-json\/wp\/v2\/recipe_categories?post=22550"},{"taxonomy":"et_countries","embeddable":true,"href":"https:\/\/www.emmentaler.ch\/de\/wp-json\/wp\/v2\/et_countries?post=22550"},{"taxonomy":"recipe_main_ingredient","embeddable":true,"href":"https:\/\/www.emmentaler.ch\/de\/wp-json\/wp\/v2\/recipe_main_ingredient?post=22550"},{"taxonomy":"recipe_difficulty","embeddable":true,"href":"https:\/\/www.emmentaler.ch\/de\/wp-json\/wp\/v2\/recipe_difficulty?post=22550"},{"taxonomy":"recipe_preparation_time","embeddable":true,"href":"https:\/\/www.emmentaler.ch\/de\/wp-json\/wp\/v2\/recipe_preparation_time?post=22550"},{"taxonomy":"recipe_diet_type","embeddable":true,"href":"https:\/\/www.emmentaler.ch\/de\/wp-json\/wp\/v2\/recipe_diet_type?post=22550"},{"taxonomy":"recipe_saison","embeddable":true,"href":"https:\/\/www.emmentaler.ch\/de\/wp-json\/wp\/v2\/recipe_saison?post=22550"}],"curies":[{"name":"wp","href":"https:\/\/api.w.org\/{rel}","templated":true}]}}

Käse-Terrine mit Aprikosensenf

Stück

Gelatine-Blätter, in kaltem Wasser eingelegt

dünne Emmentaler AOP Scheiben

25 g Pinienkerne
25 g getrocknete Aprikosen
150 g rezenter Emmentaler AOP
100 g Magerquark
2 EL trockener Sherry
1 dl Rahm
2 Blatt Gelatine, in kaltem Wasser eingelegt
Cayennepfeffer
Salz, Pfeffer
ca. 100 g dünne Emmentaler AOP Scheiben
50 g
3 EL Senf
1 EL Honig

Eine Terrinenform (ca. 0,5 l Inhalt) mit Klarsichtfolie auslegen. Pinienkerne in einer Bratpfanne ohne Fett rösten. Aprikosen klein würfeln. Emmentaler AOP fein reiben.

Magerquark mit Sherry, Aprikosen, Pinienkernen und geriebenem Käse vermengen.

Rahm mit abgetropfter Gelatine in eine kleine Pfanne geben. Unter Rühren leicht erwärmen, bis sich die Gelatine auflöst. Zügig unter die Käse-Quarkmischung rühren. Masse kräftig würzen.

Terrinenboden mit 1/3 der Käsescheiben auslegen. Die Hälfte der Käsemasse darauf streichen, mit Käsescheiben belegen. Restliche Masse einfüllen und mit übrigen Käsescheiben belegen. Terrine mindestens 3 Stunden kühl stellen.

Aprikosen in Streifen schneiden, mit 1 dl Wasser aufkochen, ca. 30 Minuten quellen lassen. Senf und Honig zufügen und nicht zu fein pürieren. Ausgekühlt mit der Terrine servieren.
