{"id":22673,"date":"2022-04-27T13:38:44","date_gmt":"2022-04-27T11:38:44","guid":{"rendered":"https:\/\/www.emmentaler.ch\/rezept\/kichererbsen-suppe-mit-brotcroutons"},"modified":"2022-08-12T16:29:31","modified_gmt":"2022-08-12T14:29:31","slug":"kichererbsen-suppe-mit-brotcroutons","status":"publish","type":"recipes","link":"https:\/\/www.emmentaler.ch\/de\/rezept\/kichererbsen-suppe-mit-brotcroutons","title":{"rendered":"Kichererbsen-Suppe mit Brotcro\u00fbtons"},"author":2,"featured_media":22689,"menu_order":0,"template":"","meta":{"inline_featured_image":false},"tags":[],"recipe_categories":[86],"et_countries":[],"recipe_main_ingredient":[123],"recipe_difficulty":[126],"recipe_preparation_time":[169],"recipe_diet_type":[132],"recipe_saison":[143],"acf":{"recipe_preparation_time":169,"recipe_categories":86,"recipe_time_txt":"20 Minuten Zubereitung, plus 30 Minuten Kochzeit, plus 8 Stunden zum Einweichen","recipe_type":5236,"recipe_difficulty":126,"recipe_diet_type":[132],"recipe_main_ingredient":[123],"recipe_saison":[143],"recipe_count_portions":4,"recipe_ingedients":[{"recipe_ingedients_amount":"","recipe_ingedients_unit":"g","recipe_ingedients_product":""}],"temporare_zutaten":"200 g Kichererbsen\r\n2 Zweige Rosmarin\r\n2 Knoblauchzehen\r\n4 EL Oliven\u00f6l\r\n1 grosse Dose Tomaten (800 g)\r\n2 EL Tomatenp\u00fcree\r\n2 dl Bouillon\r\nSalz, Pfeffer\r\n175 g rezenter Emmentaler AOP\r\n4 Scheiben Brot","recipe_preparation":"Kichererbsen in kaltem Wasser \u00fcber Nacht einweichen. Anderntags die H\u00fclsenfr\u00fcchte mit frischem Wasser bedeckt w\u00e4hrend ca. 60 Minuten weichkochen, abtropfen lassen.\r\n\r\nRosmarinnadeln von den St\u00e4ngeln streifen und fein hacken. Knoblauch fein hacken. 2 Essl\u00f6ffel \u00d6l erhitzen. Rosmarin und Knoblauch darin and\u00fcnsten. Kichererbsen, Tomaten, Tomatenp\u00fcree und Bouillon zuf\u00fcgen. 30 Minuten k\u00f6cheln. Einen Teil der Suppe mit dem Stabmixer p\u00fcrieren, evtl. mit etwas Wasser verd\u00fcnnen. Mit Salz und Pfeffer abschmecken.\r\n\r\nEmmentaler AOP in ca. 1 cm grosse W\u00fcrfeli schneiden. Brotscheiben in etwas gr\u00f6ssere W\u00fcrfel schneiden. Brotw\u00fcrfe im restlichen \u00d6l knusprig braten.\r\n\r\nSuppe in Teller anrichten, mit K\u00e4se- und Brotw\u00fcrfel bestreuen.\r\n\r\nTipp: Getrockneten Kichererbsen mit 2 Dosen gekochter Kichererbsen ersetzen.","recipe_images":[22689]},"_links":{"self":[{"href":"https:\/\/www.emmentaler.ch\/de\/wp-json\/wp\/v2\/recipes\/22673"}],"collection":[{"href":"https:\/\/www.emmentaler.ch\/de\/wp-json\/wp\/v2\/recipes"}],"about":[{"href":"https:\/\/www.emmentaler.ch\/de\/wp-json\/wp\/v2\/types\/recipes"}],"author":[{"embeddable":true,"href":"https:\/\/www.emmentaler.ch\/de\/wp-json\/wp\/v2\/users\/2"}],"version-history":[{"count":0,"href":"https:\/\/www.emmentaler.ch\/de\/wp-json\/wp\/v2\/recipes\/22673\/revisions"}],"acf:attachment":[{"embeddable":true,"href":"https:\/\/www.emmentaler.ch\/de\/wp-json\/wp\/v2\/media\/22689"}],"acf:term":[{"embeddable":true,"taxonomy":"recipe_saison","href":"https:\/\/www.emmentaler.ch\/de\/wp-json\/wp\/v2\/recipe_saison\/143"},{"embeddable":true,"taxonomy":"recipe_main_ingredient","href":"https:\/\/www.emmentaler.ch\/de\/wp-json\/wp\/v2\/recipe_main_ingredient\/123"},{"embeddable":true,"taxonomy":"recipe_diet_type","href":"https:\/\/www.emmentaler.ch\/de\/wp-json\/wp\/v2\/recipe_diet_type\/132"},{"embeddable":true,"taxonomy":"recipe_difficulty","href":"https:\/\/www.emmentaler.ch\/de\/wp-json\/wp\/v2\/recipe_difficulty\/126"},{"embeddable":true,"taxonomy":"recipe_categories","href":"https:\/\/www.emmentaler.ch\/de\/wp-json\/wp\/v2\/recipe_categories\/86"},{"embeddable":true,"taxonomy":"recipe_preparation_time","href":"https:\/\/www.emmentaler.ch\/de\/wp-json\/wp\/v2\/recipe_preparation_time\/169"}],"acf:post":[{"embeddable":true,"href":"https:\/\/www.emmentaler.ch\/de\/wp-json\/wp\/v2\/pages\/5236"}],"wp:featuredmedia":[{"embeddable":true,"href":"https:\/\/www.emmentaler.ch\/de\/wp-json\/wp\/v2\/media\/22689"}],"wp:attachment":[{"href":"https:\/\/www.emmentaler.ch\/de\/wp-json\/wp\/v2\/media?parent=22673"}],"wp:term":[{"taxonomy":"post_tag","embeddable":true,"href":"https:\/\/www.emmentaler.ch\/de\/wp-json\/wp\/v2\/tags?post=22673"},{"taxonomy":"recipe_categories","embeddable":true,"href":"https:\/\/www.emmentaler.ch\/de\/wp-json\/wp\/v2\/recipe_categories?post=22673"},{"taxonomy":"et_countries","embeddable":true,"href":"https:\/\/www.emmentaler.ch\/de\/wp-json\/wp\/v2\/et_countries?post=22673"},{"taxonomy":"recipe_main_ingredient","embeddable":true,"href":"https:\/\/www.emmentaler.ch\/de\/wp-json\/wp\/v2\/recipe_main_ingredient?post=22673"},{"taxonomy":"recipe_difficulty","embeddable":true,"href":"https:\/\/www.emmentaler.ch\/de\/wp-json\/wp\/v2\/recipe_difficulty?post=22673"},{"taxonomy":"recipe_preparation_time","embeddable":true,"href":"https:\/\/www.emmentaler.ch\/de\/wp-json\/wp\/v2\/recipe_preparation_time?post=22673"},{"taxonomy":"recipe_diet_type","embeddable":true,"href":"https:\/\/www.emmentaler.ch\/de\/wp-json\/wp\/v2\/recipe_diet_type?post=22673"},{"taxonomy":"recipe_saison","embeddable":true,"href":"https:\/\/www.emmentaler.ch\/de\/wp-json\/wp\/v2\/recipe_saison?post=22673"}],"curies":[{"name":"wp","href":"https:\/\/api.w.org\/{rel}","templated":true}]}}

Kichererbsen-Suppe mit Brotcroûtons

200 g Kichererbsen
2 Zweige Rosmarin
2 Knoblauchzehen
4 EL Olivenöl
1 grosse Dose Tomaten (800 g)
2 EL Tomatenpüree
2 dl Bouillon
Salz, Pfeffer
175 g rezenter Emmentaler AOP
4 Scheiben Brot

Kichererbsen in kaltem Wasser über Nacht einweichen. Anderntags die Hülsenfrüchte mit frischem Wasser bedeckt während ca. 60 Minuten weichkochen, abtropfen lassen.

Rosmarinnadeln von den Stängeln streifen und fein hacken. Knoblauch fein hacken. 2 Esslöffel Öl erhitzen. Rosmarin und Knoblauch darin andünsten. Kichererbsen, Tomaten, Tomatenpüree und Bouillon zufügen. 30 Minuten köcheln. Einen Teil der Suppe mit dem Stabmixer pürieren, evtl. mit etwas Wasser verdünnen. Mit Salz und Pfeffer abschmecken.

Emmentaler AOP in ca. 1 cm grosse Würfeli schneiden. Brotscheiben in etwas grössere Würfel schneiden. Brotwürfe im restlichen Öl knusprig braten.

Suppe in Teller anrichten, mit Käse- und Brotwürfel bestreuen.

Tipp: Getrockneten Kichererbsen mit 2 Dosen gekochter Kichererbsen ersetzen.
