{"id":22828,"date":"2022-04-27T13:38:44","date_gmt":"2022-04-27T11:38:44","guid":{"rendered":"https:\/\/www.emmentaler.ch\/rezept\/lauch-pastagratin"},"modified":"2022-08-12T17:25:02","modified_gmt":"2022-08-12T15:25:02","slug":"lauch-pastagratin","status":"publish","type":"recipes","link":"https:\/\/www.emmentaler.ch\/de\/rezept\/lauch-pastagratin","title":{"rendered":"Lauch-Pastagratin"},"author":2,"featured_media":22844,"menu_order":0,"template":"","meta":{"inline_featured_image":false},"tags":[],"recipe_categories":[86],"et_countries":[],"recipe_main_ingredient":[123],"recipe_difficulty":[126],"recipe_preparation_time":[130],"recipe_diet_type":[],"recipe_saison":[143],"acf":{"recipe_preparation_time":130,"recipe_categories":86,"recipe_time_txt":"30 Minuten, plus 30 Minuten zum Backen","recipe_type":5221,"recipe_difficulty":126,"recipe_diet_type":false,"recipe_main_ingredient":[123],"recipe_saison":[143],"recipe_count_portions":4,"recipe_ingedients":[{"recipe_ingedients_amount":"","recipe_ingedients_unit":"g","recipe_ingedients_product":""}],"temporare_zutaten":"800 g Lauch\r\n1 Bund Petersilie\r\n1 grosse Zwiebel\r\n2 Knoblauchzehen\r\n1 EL Oliven\u00f6l\r\n1 dl Weisswein\r\n3 dl Bouillon\r\n1 TL K\u00fcmmel\r\n100 g Schinkenw\u00fcrfeli\r\n1,5 dl Rahm\r\nSalz, Pfeffer, Muskatnuss\r\n300 g Lasagnebl\u00e4tter ohne Vorkochen\r\n150 g geriebener Emmentaler AOP\r\n2 EL Paniermehl","recipe_preparation":"Lauch in 1 cm breite Ringe schneiden. Petersilie, Zwiebel und Knoblauch fein hacken. Zwiebeln und Knoblauch im heissen \u00d6l and\u00fcnsten. Lauch 1-2 Minuten mitd\u00fcnsten. Weisswein dazugiessen, etwas einkochen lassen. Bouillon und K\u00fcmmel zuf\u00fcgen, 3 Minuten k\u00f6cheln.\r\n\r\nSchinkenw\u00fcrfeli, Rahm und Petersilie unter den Lauch mischen, mit Salz, Pfeffer und Muskatnuss w\u00fcrzen. Lasagnebl\u00e4tter in ca. 5 cm grosse St\u00fccke brechen. 1\/3 der St\u00fccke in eine Auflaufform (ca. 20 x 30 cm) oder in Portionenf\u00f6rmchen verteilen. 1\/3 vom Lauchgem\u00fcse darauf geben sowie 1 Essl\u00f6ffel Emmentaler AOC dar\u00fcberstreuen. So weiterfahren bis Lauch und Lasagnest\u00fccke aufgebraucht sind. Restlichen K\u00e4se und Paniermehl dar\u00fcberstreuen.\r\n\r\nIm 200 Grad heissen Ofen ca. 30 Minuten \u00fcberbacken.","recipe_images":[22844]},"_links":{"self":[{"href":"https:\/\/www.emmentaler.ch\/de\/wp-json\/wp\/v2\/recipes\/22828"}],"collection":[{"href":"https:\/\/www.emmentaler.ch\/de\/wp-json\/wp\/v2\/recipes"}],"about":[{"href":"https:\/\/www.emmentaler.ch\/de\/wp-json\/wp\/v2\/types\/recipes"}],"author":[{"embeddable":true,"href":"https:\/\/www.emmentaler.ch\/de\/wp-json\/wp\/v2\/users\/2"}],"version-history":[{"count":0,"href":"https:\/\/www.emmentaler.ch\/de\/wp-json\/wp\/v2\/recipes\/22828\/revisions"}],"acf:attachment":[{"embeddable":true,"href":"https:\/\/www.emmentaler.ch\/de\/wp-json\/wp\/v2\/media\/22844"}],"acf:term":[{"embeddable":true,"taxonomy":"recipe_saison","href":"https:\/\/www.emmentaler.ch\/de\/wp-json\/wp\/v2\/recipe_saison\/143"},{"embeddable":true,"taxonomy":"recipe_main_ingredient","href":"https:\/\/www.emmentaler.ch\/de\/wp-json\/wp\/v2\/recipe_main_ingredient\/123"},{"embeddable":true,"taxonomy":"recipe_difficulty","href":"https:\/\/www.emmentaler.ch\/de\/wp-json\/wp\/v2\/recipe_difficulty\/126"},{"embeddable":true,"taxonomy":"recipe_categories","href":"https:\/\/www.emmentaler.ch\/de\/wp-json\/wp\/v2\/recipe_categories\/86"},{"embeddable":true,"taxonomy":"recipe_preparation_time","href":"https:\/\/www.emmentaler.ch\/de\/wp-json\/wp\/v2\/recipe_preparation_time\/130"}],"acf:post":[{"embeddable":true,"href":"https:\/\/www.emmentaler.ch\/de\/wp-json\/wp\/v2\/pages\/5221"}],"wp:featuredmedia":[{"embeddable":true,"href":"https:\/\/www.emmentaler.ch\/de\/wp-json\/wp\/v2\/media\/22844"}],"wp:attachment":[{"href":"https:\/\/www.emmentaler.ch\/de\/wp-json\/wp\/v2\/media?parent=22828"}],"wp:term":[{"taxonomy":"post_tag","embeddable":true,"href":"https:\/\/www.emmentaler.ch\/de\/wp-json\/wp\/v2\/tags?post=22828"},{"taxonomy":"recipe_categories","embeddable":true,"href":"https:\/\/www.emmentaler.ch\/de\/wp-json\/wp\/v2\/recipe_categories?post=22828"},{"taxonomy":"et_countries","embeddable":true,"href":"https:\/\/www.emmentaler.ch\/de\/wp-json\/wp\/v2\/et_countries?post=22828"},{"taxonomy":"recipe_main_ingredient","embeddable":true,"href":"https:\/\/www.emmentaler.ch\/de\/wp-json\/wp\/v2\/recipe_main_ingredient?post=22828"},{"taxonomy":"recipe_difficulty","embeddable":true,"href":"https:\/\/www.emmentaler.ch\/de\/wp-json\/wp\/v2\/recipe_difficulty?post=22828"},{"taxonomy":"recipe_preparation_time","embeddable":true,"href":"https:\/\/www.emmentaler.ch\/de\/wp-json\/wp\/v2\/recipe_preparation_time?post=22828"},{"taxonomy":"recipe_diet_type","embeddable":true,"href":"https:\/\/www.emmentaler.ch\/de\/wp-json\/wp\/v2\/recipe_diet_type?post=22828"},{"taxonomy":"recipe_saison","embeddable":true,"href":"https:\/\/www.emmentaler.ch\/de\/wp-json\/wp\/v2\/recipe_saison?post=22828"}],"curies":[{"name":"wp","href":"https:\/\/api.w.org\/{rel}","templated":true}]}}

800 g Lauch
1 Bund Petersilie
1 grosse Zwiebel
2 Knoblauchzehen
1 EL Olivenöl
1 dl Weisswein
3 dl Bouillon
1 TL Kümmel
100 g Schinkenwürfeli
1,5 dl Rahm
Salz, Pfeffer, Muskatnuss
300 g Lasagneblätter ohne Vorkochen
150 g geriebener Emmentaler AOP
2 EL Paniermehl

Lauch in 1 cm breite Ringe schneiden. Petersilie, Zwiebel und Knoblauch fein hacken. Zwiebeln und Knoblauch im heissen Öl andünsten. Lauch 1-2 Minuten mitdünsten. Weisswein dazugiessen, etwas einkochen lassen. Bouillon und Kümmel zufügen, 3 Minuten köcheln.

Schinkenwürfeli, Rahm und Petersilie unter den Lauch mischen, mit Salz, Pfeffer und Muskatnuss würzen. Lasagneblätter in ca. 5 cm grosse Stücke brechen. 1/3 der Stücke in eine Auflaufform (ca. 20 x 30 cm) oder in Portionenförmchen verteilen. 1/3 vom Lauchgemüse darauf geben sowie 1 Esslöffel Emmentaler AOC darüberstreuen. So weiterfahren bis Lauch und Lasagnestücke aufgebraucht sind. Restlichen Käse und Paniermehl darüberstreuen.

Im 200 Grad heissen Ofen ca. 30 Minuten überbacken.
