{"id":22920,"date":"2022-04-27T13:38:44","date_gmt":"2022-04-27T11:38:44","guid":{"rendered":"https:\/\/www.emmentaler.ch\/rezept\/linsen-kartoffelsalat-mit-thymianpesto"},"modified":"2024-07-24T13:30:33","modified_gmt":"2024-07-24T11:30:33","slug":"linsen-kartoffelsalat-mit-thymianpesto","status":"publish","type":"recipes","link":"https:\/\/www.emmentaler.ch\/de\/rezept\/linsen-kartoffelsalat-mit-thymianpesto","title":{"rendered":"Linsen-Kartoffelsalat mit Thymianpesto"},"author":2,"featured_media":22936,"menu_order":0,"template":"","meta":{"inline_featured_image":false},"tags":[769],"recipe_categories":[429],"et_countries":[],"recipe_main_ingredient":[123],"recipe_difficulty":[125],"recipe_preparation_time":[156],"recipe_diet_type":[132],"recipe_saison":[138,140,135],"acf":{"recipe_preparation_time":156,"recipe_categories":429,"recipe_time_txt":"","recipe_type":5231,"recipe_difficulty":125,"recipe_diet_type":[132],"recipe_main_ingredient":[123],"recipe_saison":[138,140,135],"recipe_count_portions":4,"recipe_ingedients":[{"recipe_ingedients_amount":"","recipe_ingedients_unit":"g","recipe_ingedients_product":""}],"temporare_zutaten":"150 g schwarze oder gr\u00fcne Linsen\r\n500 g gr\u00fcne Bohnen\r\n750 g Kartoffeln\r\n3 dl Gem\u00fcsebouillon\r\n1 Bund Thymian\r\n1 Bund Petersilie\r\n2 Knoblauchzehen\r\n2 EL Sonnenblumenkerne\r\n2 EL Essig\r\n4 EL Raps\u00f6l\r\nSalz, Pfeffer\r\n250 g Emmentaler AOP","recipe_preparation":"Linsen in reichlich Wasser etwa 20 Minuten weich garen. Bohnen r\u00fcsten. Kartoffeln sch\u00e4len, in St\u00fccke schneiden. Bohnen 10 Minuten in der Bouillon k\u00f6cheln, Kartoffelw\u00fcrfel zuf\u00fcgen und alles in ca. 15 Minuten weich garen. 1 dl Bouillon f\u00fcr die Sauce zur\u00fcckbehalten, Rest weggiessen.\r\n\r\nThymianbl\u00e4ttchen von den Stielen streifen. Petersilie grob hacken. Kr\u00e4uter, Knoblauch, Sonnenblumenkerne, Essig und Bouillon in ein hohes Gef\u00e4ss geben und mit dem Stabmixer fein p\u00fcrieren. \u00d6l darunter r\u00fchren, mit Salz und Pfeffer w\u00fcrzen.\r\n\r\nEmmentaler AOP in W\u00fcrfel schneiden. Alle Zutaten mit dem Pesto vermischen. Lauwarm oder kalt servieren.","recipe_images":[22936]},"_links":{"self":[{"href":"https:\/\/www.emmentaler.ch\/de\/wp-json\/wp\/v2\/recipes\/22920"}],"collection":[{"href":"https:\/\/www.emmentaler.ch\/de\/wp-json\/wp\/v2\/recipes"}],"about":[{"href":"https:\/\/www.emmentaler.ch\/de\/wp-json\/wp\/v2\/types\/recipes"}],"author":[{"embeddable":true,"href":"https:\/\/www.emmentaler.ch\/de\/wp-json\/wp\/v2\/users\/2"}],"version-history":[{"count":1,"href":"https:\/\/www.emmentaler.ch\/de\/wp-json\/wp\/v2\/recipes\/22920\/revisions"}],"predecessor-version":[{"id":137841,"href":"https:\/\/www.emmentaler.ch\/de\/wp-json\/wp\/v2\/recipes\/22920\/revisions\/137841"}],"acf:attachment":[{"embeddable":true,"href":"https:\/\/www.emmentaler.ch\/de\/wp-json\/wp\/v2\/media\/22936"}],"acf:term":[{"embeddable":true,"taxonomy":"recipe_saison","href":"https:\/\/www.emmentaler.ch\/de\/wp-json\/wp\/v2\/recipe_saison\/135"},{"embeddable":true,"taxonomy":"recipe_saison","href":"https:\/\/www.emmentaler.ch\/de\/wp-json\/wp\/v2\/recipe_saison\/140"},{"embeddable":true,"taxonomy":"recipe_saison","href":"https:\/\/www.emmentaler.ch\/de\/wp-json\/wp\/v2\/recipe_saison\/138"},{"embeddable":true,"taxonomy":"recipe_main_ingredient","href":"https:\/\/www.emmentaler.ch\/de\/wp-json\/wp\/v2\/recipe_main_ingredient\/123"},{"embeddable":true,"taxonomy":"recipe_diet_type","href":"https:\/\/www.emmentaler.ch\/de\/wp-json\/wp\/v2\/recipe_diet_type\/132"},{"embeddable":true,"taxonomy":"recipe_difficulty","href":"https:\/\/www.emmentaler.ch\/de\/wp-json\/wp\/v2\/recipe_difficulty\/125"},{"embeddable":true,"taxonomy":"recipe_categories","href":"https:\/\/www.emmentaler.ch\/de\/wp-json\/wp\/v2\/recipe_categories\/429"},{"embeddable":true,"taxonomy":"recipe_preparation_time","href":"https:\/\/www.emmentaler.ch\/de\/wp-json\/wp\/v2\/recipe_preparation_time\/156"}],"acf:post":[{"embeddable":true,"href":"https:\/\/www.emmentaler.ch\/de\/wp-json\/wp\/v2\/pages\/5231"}],"wp:featuredmedia":[{"embeddable":true,"href":"https:\/\/www.emmentaler.ch\/de\/wp-json\/wp\/v2\/media\/22936"}],"wp:attachment":[{"href":"https:\/\/www.emmentaler.ch\/de\/wp-json\/wp\/v2\/media?parent=22920"}],"wp:term":[{"taxonomy":"post_tag","embeddable":true,"href":"https:\/\/www.emmentaler.ch\/de\/wp-json\/wp\/v2\/tags?post=22920"},{"taxonomy":"recipe_categories","embeddable":true,"href":"https:\/\/www.emmentaler.ch\/de\/wp-json\/wp\/v2\/recipe_categories?post=22920"},{"taxonomy":"et_countries","embeddable":true,"href":"https:\/\/www.emmentaler.ch\/de\/wp-json\/wp\/v2\/et_countries?post=22920"},{"taxonomy":"recipe_main_ingredient","embeddable":true,"href":"https:\/\/www.emmentaler.ch\/de\/wp-json\/wp\/v2\/recipe_main_ingredient?post=22920"},{"taxonomy":"recipe_difficulty","embeddable":true,"href":"https:\/\/www.emmentaler.ch\/de\/wp-json\/wp\/v2\/recipe_difficulty?post=22920"},{"taxonomy":"recipe_preparation_time","embeddable":true,"href":"https:\/\/www.emmentaler.ch\/de\/wp-json\/wp\/v2\/recipe_preparation_time?post=22920"},{"taxonomy":"recipe_diet_type","embeddable":true,"href":"https:\/\/www.emmentaler.ch\/de\/wp-json\/wp\/v2\/recipe_diet_type?post=22920"},{"taxonomy":"recipe_saison","embeddable":true,"href":"https:\/\/www.emmentaler.ch\/de\/wp-json\/wp\/v2\/recipe_saison?post=22920"}],"curies":[{"name":"wp","href":"https:\/\/api.w.org\/{rel}","templated":true}]}}

150 g schwarze oder grüne Linsen
500 g grüne Bohnen
750 g Kartoffeln
3 dl Gemüsebouillon
1 Bund Thymian
1 Bund Petersilie
2 Knoblauchzehen
2 EL Sonnenblumenkerne
2 EL Essig
4 EL Rapsöl
Salz, Pfeffer
250 g Emmentaler AOP

Linsen in reichlich Wasser etwa 20 Minuten weich garen. Bohnen rüsten. Kartoffeln schälen, in Stücke schneiden. Bohnen 10 Minuten in der Bouillon köcheln, Kartoffelwürfel zufügen und alles in ca. 15 Minuten weich garen. 1 dl Bouillon für die Sauce zurückbehalten, Rest weggiessen.

Thymianblättchen von den Stielen streifen. Petersilie grob hacken. Kräuter, Knoblauch, Sonnenblumenkerne, Essig und Bouillon in ein hohes Gefäss geben und mit dem Stabmixer fein pürieren. Öl darunter rühren, mit Salz und Pfeffer würzen.

Emmentaler AOP in Würfel schneiden. Alle Zutaten mit dem Pesto vermischen. Lauwarm oder kalt servieren.
