{"id":23013,"date":"2022-04-27T13:39:22","date_gmt":"2022-04-27T11:39:22","guid":{"rendered":"https:\/\/www.emmentaler.ch\/rezept\/muffin-im-speckmantel"},"modified":"2024-07-24T13:34:07","modified_gmt":"2024-07-24T11:34:07","slug":"muffin-im-speckmantel","status":"publish","type":"recipes","link":"https:\/\/www.emmentaler.ch\/de\/rezept\/muffin-im-speckmantel","title":{"rendered":"Muffin im Speckmantel"},"author":2,"featured_media":23029,"menu_order":0,"template":"","meta":{"inline_featured_image":false},"tags":[],"recipe_categories":[152],"et_countries":[],"recipe_main_ingredient":[120],"recipe_difficulty":[125],"recipe_preparation_time":[161],"recipe_diet_type":[],"recipe_saison":[142,143],"acf":{"recipe_preparation_time":161,"recipe_categories":152,"recipe_time_txt":"20 Minuten, plus 25 Minuten zum Backen","recipe_type":5226,"recipe_difficulty":125,"recipe_diet_type":false,"recipe_main_ingredient":[120],"recipe_saison":[142,143],"recipe_count_portions":6,"recipe_ingedients":[{"recipe_ingedients_amount":"","recipe_ingedients_unit":"g","recipe_ingedients_product":""}],"temporare_zutaten":"Muffinblech mit 12 Mulden\r\n12 Papierf\u00f6rmchen oder Butter zum Einfetten\r\n12 Scheiben Rohessspeck\r\n50 g getrocknete Tomaten, in \u00d6l eingelegt\r\n1 Ei\r\n0,5 dl Oliven\u00f6l oder \u00d6l von den Tomaten\r\n1,75 dl Buttermilch\r\n1 TL Salz\r\n175 g geriebener Emmentaler AOP\r\n200 g Mehl\r\n2 TL Backpulver","recipe_preparation":"Papierf\u00f6rmchen ins Muffinblech legen oder Mulden gut einfetten. Mit Speckscheiben auslegen.\r\n\r\nTomaten in kleine St\u00fccke schneiden. Ei verquirlen, mit \u00d6l, Buttermilch und Salz gut vermischen. Geriebener Emmentaler AOP und Tomaten darunter mischen.\r\n\r\nMehl mit Backpulver mischen und z\u00fcgig unter die Buttermilchmischung r\u00fchren. Teig in F\u00f6rmchen einf\u00fcllen. In der Mitte des 180 Grad heissen Ofens ca. 25 Minuten backen. Warm oder kalt zum Ap\u00e9ro servieren.","recipe_images":[23029]},"_links":{"self":[{"href":"https:\/\/www.emmentaler.ch\/de\/wp-json\/wp\/v2\/recipes\/23013"}],"collection":[{"href":"https:\/\/www.emmentaler.ch\/de\/wp-json\/wp\/v2\/recipes"}],"about":[{"href":"https:\/\/www.emmentaler.ch\/de\/wp-json\/wp\/v2\/types\/recipes"}],"author":[{"embeddable":true,"href":"https:\/\/www.emmentaler.ch\/de\/wp-json\/wp\/v2\/users\/2"}],"version-history":[{"count":1,"href":"https:\/\/www.emmentaler.ch\/de\/wp-json\/wp\/v2\/recipes\/23013\/revisions"}],"predecessor-version":[{"id":137833,"href":"https:\/\/www.emmentaler.ch\/de\/wp-json\/wp\/v2\/recipes\/23013\/revisions\/137833"}],"acf:attachment":[{"embeddable":true,"href":"https:\/\/www.emmentaler.ch\/de\/wp-json\/wp\/v2\/media\/23029"}],"acf:term":[{"embeddable":true,"taxonomy":"recipe_saison","href":"https:\/\/www.emmentaler.ch\/de\/wp-json\/wp\/v2\/recipe_saison\/143"},{"embeddable":true,"taxonomy":"recipe_saison","href":"https:\/\/www.emmentaler.ch\/de\/wp-json\/wp\/v2\/recipe_saison\/142"},{"embeddable":true,"taxonomy":"recipe_main_ingredient","href":"https:\/\/www.emmentaler.ch\/de\/wp-json\/wp\/v2\/recipe_main_ingredient\/120"},{"embeddable":true,"taxonomy":"recipe_difficulty","href":"https:\/\/www.emmentaler.ch\/de\/wp-json\/wp\/v2\/recipe_difficulty\/125"},{"embeddable":true,"taxonomy":"recipe_categories","href":"https:\/\/www.emmentaler.ch\/de\/wp-json\/wp\/v2\/recipe_categories\/152"},{"embeddable":true,"taxonomy":"recipe_preparation_time","href":"https:\/\/www.emmentaler.ch\/de\/wp-json\/wp\/v2\/recipe_preparation_time\/161"}],"acf:post":[{"embeddable":true,"href":"https:\/\/www.emmentaler.ch\/de\/wp-json\/wp\/v2\/pages\/5226"}],"wp:featuredmedia":[{"embeddable":true,"href":"https:\/\/www.emmentaler.ch\/de\/wp-json\/wp\/v2\/media\/23029"}],"wp:attachment":[{"href":"https:\/\/www.emmentaler.ch\/de\/wp-json\/wp\/v2\/media?parent=23013"}],"wp:term":[{"taxonomy":"post_tag","embeddable":true,"href":"https:\/\/www.emmentaler.ch\/de\/wp-json\/wp\/v2\/tags?post=23013"},{"taxonomy":"recipe_categories","embeddable":true,"href":"https:\/\/www.emmentaler.ch\/de\/wp-json\/wp\/v2\/recipe_categories?post=23013"},{"taxonomy":"et_countries","embeddable":true,"href":"https:\/\/www.emmentaler.ch\/de\/wp-json\/wp\/v2\/et_countries?post=23013"},{"taxonomy":"recipe_main_ingredient","embeddable":true,"href":"https:\/\/www.emmentaler.ch\/de\/wp-json\/wp\/v2\/recipe_main_ingredient?post=23013"},{"taxonomy":"recipe_difficulty","embeddable":true,"href":"https:\/\/www.emmentaler.ch\/de\/wp-json\/wp\/v2\/recipe_difficulty?post=23013"},{"taxonomy":"recipe_preparation_time","embeddable":true,"href":"https:\/\/www.emmentaler.ch\/de\/wp-json\/wp\/v2\/recipe_preparation_time?post=23013"},{"taxonomy":"recipe_diet_type","embeddable":true,"href":"https:\/\/www.emmentaler.ch\/de\/wp-json\/wp\/v2\/recipe_diet_type?post=23013"},{"taxonomy":"recipe_saison","embeddable":true,"href":"https:\/\/www.emmentaler.ch\/de\/wp-json\/wp\/v2\/recipe_saison?post=23013"}],"curies":[{"name":"wp","href":"https:\/\/api.w.org\/{rel}","templated":true}]}}

Muffinblech mit 12 Mulden
12 Papierförmchen oder Butter zum Einfetten
12 Scheiben Rohessspeck
50 g getrocknete Tomaten, in Öl eingelegt
1 Ei
0,5 dl Olivenöl oder Öl von den Tomaten
1,75 dl Buttermilch
1 TL Salz
175 g geriebener Emmentaler AOP
200 g Mehl
2 TL Backpulver

Papierförmchen ins Muffinblech legen oder Mulden gut einfetten. Mit Speckscheiben auslegen.

Tomaten in kleine Stücke schneiden. Ei verquirlen, mit Öl, Buttermilch und Salz gut vermischen. Geriebener Emmentaler AOP und Tomaten darunter mischen.

Mehl mit Backpulver mischen und zügig unter die Buttermilchmischung rühren. Teig in Förmchen einfüllen. In der Mitte des 180 Grad heissen Ofens ca. 25 Minuten backen. Warm oder kalt zum Apéro servieren.
