{"id":23044,"date":"2022-04-27T13:39:22","date_gmt":"2022-04-27T11:39:22","guid":{"rendered":"https:\/\/www.emmentaler.ch\/rezept\/neptun-topf-mit-kresse-pesto"},"modified":"2022-08-12T11:43:16","modified_gmt":"2022-08-12T09:43:16","slug":"neptun-topf-mit-kresse-pesto","status":"publish","type":"recipes","link":"https:\/\/www.emmentaler.ch\/de\/rezept\/neptun-topf-mit-kresse-pesto","title":{"rendered":"Neptun-Topf mit Kresse-Pesto"},"author":2,"featured_media":23060,"menu_order":0,"template":"","meta":{"inline_featured_image":false},"tags":[],"recipe_categories":[429],"et_countries":[],"recipe_main_ingredient":[122,123],"recipe_difficulty":[126],"recipe_preparation_time":[156],"recipe_diet_type":[134,133],"recipe_saison":[142,143,141],"acf":{"recipe_preparation_time":156,"recipe_categories":429,"recipe_time_txt":"","recipe_type":5231,"recipe_difficulty":126,"recipe_diet_type":[134,133],"recipe_main_ingredient":[122,123],"recipe_saison":[142,143,141],"recipe_count_portions":4,"recipe_ingedients":[{"recipe_ingedients_amount":"","recipe_ingedients_unit":"g","recipe_ingedients_product":""}],"temporare_zutaten":"75 g rezenter Emmentaler AOP\r\n50 g Kresse\r\n20 g Pinienkerne\r\n3 EL \u00d6l\r\nSalz, Pfeffer\r\n400 g Fenchel\r\n400 g Kartoffeln\r\n1 roter Peperoncino\r\n1 Zwiebel\r\n2 Knoblauchzehen\r\n2 EL \u00d6l\r\n1 Briefchen Safranpulver (130 mg)\r\n1,2 l Gem\u00fcsebouillon\r\n100 g gekochte Crevetten\r\n250 g Miesmuscheln","recipe_preparation":"K\u00e4se fein reiben. Kresse grob hacken. Alle Pestozutaten mit dem Stabmixer fein p\u00fcrieren.\r\n\r\nFenchel vierteln und in Streifen schneiden. Kartoffeln sch\u00e4len und w\u00fcrfeln. Peperoncino evtl. entkernen und in Ringe schneiden. Zwiebel und Knoblauch fein hacken. Peperoncino, Zwiebeln und Knoblauch im heissen \u00d6l and\u00fcnsten. Fenchel, Kartoffeln und Safranpulver zuf\u00fcgen mit Bouillon auff\u00fcllen. Etwa 20 Minuten k\u00f6cheln.\r\n\r\nCrevetten zur Suppe geben und warm werden lassen. Muscheln mit 2-3 Essl\u00f6ffeln Wasser in einer separaten Pfanne zugedeckt garen, bis sich die Schalen \u00f6ffnen. Zur Suppe geben und mit dem Kresse-Pesto servieren.","recipe_images":[23060]},"_links":{"self":[{"href":"https:\/\/www.emmentaler.ch\/de\/wp-json\/wp\/v2\/recipes\/23044"}],"collection":[{"href":"https:\/\/www.emmentaler.ch\/de\/wp-json\/wp\/v2\/recipes"}],"about":[{"href":"https:\/\/www.emmentaler.ch\/de\/wp-json\/wp\/v2\/types\/recipes"}],"author":[{"embeddable":true,"href":"https:\/\/www.emmentaler.ch\/de\/wp-json\/wp\/v2\/users\/2"}],"version-history":[{"count":0,"href":"https:\/\/www.emmentaler.ch\/de\/wp-json\/wp\/v2\/recipes\/23044\/revisions"}],"acf:attachment":[{"embeddable":true,"href":"https:\/\/www.emmentaler.ch\/de\/wp-json\/wp\/v2\/media\/23060"}],"acf:term":[{"embeddable":true,"taxonomy":"recipe_saison","href":"https:\/\/www.emmentaler.ch\/de\/wp-json\/wp\/v2\/recipe_saison\/141"},{"embeddable":true,"taxonomy":"recipe_saison","href":"https:\/\/www.emmentaler.ch\/de\/wp-json\/wp\/v2\/recipe_saison\/143"},{"embeddable":true,"taxonomy":"recipe_saison","href":"https:\/\/www.emmentaler.ch\/de\/wp-json\/wp\/v2\/recipe_saison\/142"},{"embeddable":true,"taxonomy":"recipe_main_ingredient","href":"https:\/\/www.emmentaler.ch\/de\/wp-json\/wp\/v2\/recipe_main_ingredient\/123"},{"embeddable":true,"taxonomy":"recipe_main_ingredient","href":"https:\/\/www.emmentaler.ch\/de\/wp-json\/wp\/v2\/recipe_main_ingredient\/122"},{"embeddable":true,"taxonomy":"recipe_diet_type","href":"https:\/\/www.emmentaler.ch\/de\/wp-json\/wp\/v2\/recipe_diet_type\/133"},{"embeddable":true,"taxonomy":"recipe_diet_type","href":"https:\/\/www.emmentaler.ch\/de\/wp-json\/wp\/v2\/recipe_diet_type\/134"},{"embeddable":true,"taxonomy":"recipe_difficulty","href":"https:\/\/www.emmentaler.ch\/de\/wp-json\/wp\/v2\/recipe_difficulty\/126"},{"embeddable":true,"taxonomy":"recipe_categories","href":"https:\/\/www.emmentaler.ch\/de\/wp-json\/wp\/v2\/recipe_categories\/429"},{"embeddable":true,"taxonomy":"recipe_preparation_time","href":"https:\/\/www.emmentaler.ch\/de\/wp-json\/wp\/v2\/recipe_preparation_time\/156"}],"acf:post":[{"embeddable":true,"href":"https:\/\/www.emmentaler.ch\/de\/wp-json\/wp\/v2\/pages\/5231"}],"wp:featuredmedia":[{"embeddable":true,"href":"https:\/\/www.emmentaler.ch\/de\/wp-json\/wp\/v2\/media\/23060"}],"wp:attachment":[{"href":"https:\/\/www.emmentaler.ch\/de\/wp-json\/wp\/v2\/media?parent=23044"}],"wp:term":[{"taxonomy":"post_tag","embeddable":true,"href":"https:\/\/www.emmentaler.ch\/de\/wp-json\/wp\/v2\/tags?post=23044"},{"taxonomy":"recipe_categories","embeddable":true,"href":"https:\/\/www.emmentaler.ch\/de\/wp-json\/wp\/v2\/recipe_categories?post=23044"},{"taxonomy":"et_countries","embeddable":true,"href":"https:\/\/www.emmentaler.ch\/de\/wp-json\/wp\/v2\/et_countries?post=23044"},{"taxonomy":"recipe_main_ingredient","embeddable":true,"href":"https:\/\/www.emmentaler.ch\/de\/wp-json\/wp\/v2\/recipe_main_ingredient?post=23044"},{"taxonomy":"recipe_difficulty","embeddable":true,"href":"https:\/\/www.emmentaler.ch\/de\/wp-json\/wp\/v2\/recipe_difficulty?post=23044"},{"taxonomy":"recipe_preparation_time","embeddable":true,"href":"https:\/\/www.emmentaler.ch\/de\/wp-json\/wp\/v2\/recipe_preparation_time?post=23044"},{"taxonomy":"recipe_diet_type","embeddable":true,"href":"https:\/\/www.emmentaler.ch\/de\/wp-json\/wp\/v2\/recipe_diet_type?post=23044"},{"taxonomy":"recipe_saison","embeddable":true,"href":"https:\/\/www.emmentaler.ch\/de\/wp-json\/wp\/v2\/recipe_saison?post=23044"}],"curies":[{"name":"wp","href":"https:\/\/api.w.org\/{rel}","templated":true}]}}

75 g rezenter Emmentaler AOP
50 g Kresse
20 g Pinienkerne
3 EL Öl
Salz, Pfeffer
400 g Fenchel
400 g Kartoffeln
1 roter Peperoncino
1 Zwiebel
2 Knoblauchzehen
2 EL Öl
1 Briefchen Safranpulver (130 mg)
1,2 l Gemüsebouillon
100 g gekochte Crevetten
250 g Miesmuscheln

Käse fein reiben. Kresse grob hacken. Alle Pestozutaten mit dem Stabmixer fein pürieren.

Fenchel vierteln und in Streifen schneiden. Kartoffeln schälen und würfeln. Peperoncino evtl. entkernen und in Ringe schneiden. Zwiebel und Knoblauch fein hacken. Peperoncino, Zwiebeln und Knoblauch im heissen Öl andünsten. Fenchel, Kartoffeln und Safranpulver zufügen mit Bouillon auffüllen. Etwa 20 Minuten köcheln.

Crevetten zur Suppe geben und warm werden lassen. Muscheln mit 2-3 Esslöffeln Wasser in einer separaten Pfanne zugedeckt garen, bis sich die Schalen öffnen. Zur Suppe geben und mit dem Kresse-Pesto servieren.
