{"id":23075,"date":"2022-04-27T13:39:22","date_gmt":"2022-04-27T11:39:22","guid":{"rendered":"https:\/\/www.emmentaler.ch\/rezept\/nudeln-mit-gebratenem-fenchel-und-coppa-chips"},"modified":"2024-07-24T13:15:26","modified_gmt":"2024-07-24T11:15:26","slug":"nudeln-mit-gebratenem-fenchel-und-coppa-chips","status":"publish","type":"recipes","link":"https:\/\/www.emmentaler.ch\/de\/rezept\/nudeln-mit-gebratenem-fenchel-und-coppa-chips","title":{"rendered":"Nudeln mit gebratenem Fenchel und Coppa-Chips"},"author":2,"featured_media":23091,"menu_order":0,"template":"","meta":{"inline_featured_image":false},"tags":[788],"recipe_categories":[86],"et_countries":[],"recipe_main_ingredient":[120,123],"recipe_difficulty":[125],"recipe_preparation_time":[436],"recipe_diet_type":[132],"recipe_saison":[142,143],"acf":{"recipe_preparation_time":436,"recipe_categories":86,"recipe_time_txt":"","recipe_type":5241,"recipe_difficulty":125,"recipe_diet_type":[132],"recipe_main_ingredient":[120,123],"recipe_saison":[142,143],"recipe_count_portions":4,"recipe_ingedients":[{"recipe_ingedients_amount":"","recipe_ingedients_unit":"g","recipe_ingedients_product":""}],"temporare_zutaten":"100 g Coppa, d\u00fcnn geschnitten\r\n500 g Fenchel\r\n1 rote Zwiebel\r\n2 Knoblauchzehen\r\n3 EL Oliven\u00f6l\r\nSalz, Pfeffer\r\n300 g Nudeln\r\n150 g Rahmtaler","recipe_preparation":"Coppascheiben portionenweise in der Bratpfanne knusprig braten oder 5-7 Minuten im 200 Grad heissen Ofen.\r\n\r\nFenchelgr\u00fcn entfernen und beiseite legen. Fenchel l\u00e4ngs halbieren und in d\u00fcnne Streifen schneiden. Zwiebel ebenfalls in d\u00fcnne Streifen schneiden. Knoblauch in Scheibchen schneiden. Alles im heissen \u00d6l etwa 10 Minuten braten. Mit Salz und Pfeffer w\u00fcrzen.\r\n\r\nNudeln in Salzwasser al dente kochen. Abgiessen, dabei 1 dl Kochsud auffangen und diesen zum Fenchel geben.\r\n\r\nW\u00e4hrend die Nudeln kochen, den Rahmtaler an einer groben Raffel reiben.\r\n\r\nAbgetropfte Nudeln mit Fenchel und Fenchelgr\u00fcn vermischen, mit Coppa-Chips und K\u00e4se servieren.","recipe_images":[23091]},"_links":{"self":[{"href":"https:\/\/www.emmentaler.ch\/de\/wp-json\/wp\/v2\/recipes\/23075"}],"collection":[{"href":"https:\/\/www.emmentaler.ch\/de\/wp-json\/wp\/v2\/recipes"}],"about":[{"href":"https:\/\/www.emmentaler.ch\/de\/wp-json\/wp\/v2\/types\/recipes"}],"author":[{"embeddable":true,"href":"https:\/\/www.emmentaler.ch\/de\/wp-json\/wp\/v2\/users\/2"}],"version-history":[{"count":1,"href":"https:\/\/www.emmentaler.ch\/de\/wp-json\/wp\/v2\/recipes\/23075\/revisions"}],"predecessor-version":[{"id":137834,"href":"https:\/\/www.emmentaler.ch\/de\/wp-json\/wp\/v2\/recipes\/23075\/revisions\/137834"}],"acf:attachment":[{"embeddable":true,"href":"https:\/\/www.emmentaler.ch\/de\/wp-json\/wp\/v2\/media\/23091"}],"acf:term":[{"embeddable":true,"taxonomy":"recipe_saison","href":"https:\/\/www.emmentaler.ch\/de\/wp-json\/wp\/v2\/recipe_saison\/143"},{"embeddable":true,"taxonomy":"recipe_saison","href":"https:\/\/www.emmentaler.ch\/de\/wp-json\/wp\/v2\/recipe_saison\/142"},{"embeddable":true,"taxonomy":"recipe_main_ingredient","href":"https:\/\/www.emmentaler.ch\/de\/wp-json\/wp\/v2\/recipe_main_ingredient\/123"},{"embeddable":true,"taxonomy":"recipe_main_ingredient","href":"https:\/\/www.emmentaler.ch\/de\/wp-json\/wp\/v2\/recipe_main_ingredient\/120"},{"embeddable":true,"taxonomy":"recipe_diet_type","href":"https:\/\/www.emmentaler.ch\/de\/wp-json\/wp\/v2\/recipe_diet_type\/132"},{"embeddable":true,"taxonomy":"recipe_difficulty","href":"https:\/\/www.emmentaler.ch\/de\/wp-json\/wp\/v2\/recipe_difficulty\/125"},{"embeddable":true,"taxonomy":"recipe_categories","href":"https:\/\/www.emmentaler.ch\/de\/wp-json\/wp\/v2\/recipe_categories\/86"},{"embeddable":true,"taxonomy":"recipe_preparation_time","href":"https:\/\/www.emmentaler.ch\/de\/wp-json\/wp\/v2\/recipe_preparation_time\/436"}],"acf:post":[{"embeddable":true,"href":"https:\/\/www.emmentaler.ch\/de\/wp-json\/wp\/v2\/pages\/5241"}],"wp:featuredmedia":[{"embeddable":true,"href":"https:\/\/www.emmentaler.ch\/de\/wp-json\/wp\/v2\/media\/23091"}],"wp:attachment":[{"href":"https:\/\/www.emmentaler.ch\/de\/wp-json\/wp\/v2\/media?parent=23075"}],"wp:term":[{"taxonomy":"post_tag","embeddable":true,"href":"https:\/\/www.emmentaler.ch\/de\/wp-json\/wp\/v2\/tags?post=23075"},{"taxonomy":"recipe_categories","embeddable":true,"href":"https:\/\/www.emmentaler.ch\/de\/wp-json\/wp\/v2\/recipe_categories?post=23075"},{"taxonomy":"et_countries","embeddable":true,"href":"https:\/\/www.emmentaler.ch\/de\/wp-json\/wp\/v2\/et_countries?post=23075"},{"taxonomy":"recipe_main_ingredient","embeddable":true,"href":"https:\/\/www.emmentaler.ch\/de\/wp-json\/wp\/v2\/recipe_main_ingredient?post=23075"},{"taxonomy":"recipe_difficulty","embeddable":true,"href":"https:\/\/www.emmentaler.ch\/de\/wp-json\/wp\/v2\/recipe_difficulty?post=23075"},{"taxonomy":"recipe_preparation_time","embeddable":true,"href":"https:\/\/www.emmentaler.ch\/de\/wp-json\/wp\/v2\/recipe_preparation_time?post=23075"},{"taxonomy":"recipe_diet_type","embeddable":true,"href":"https:\/\/www.emmentaler.ch\/de\/wp-json\/wp\/v2\/recipe_diet_type?post=23075"},{"taxonomy":"recipe_saison","embeddable":true,"href":"https:\/\/www.emmentaler.ch\/de\/wp-json\/wp\/v2\/recipe_saison?post=23075"}],"curies":[{"name":"wp","href":"https:\/\/api.w.org\/{rel}","templated":true}]}}

100 g Coppa, dünn geschnitten
500 g Fenchel
1 rote Zwiebel
2 Knoblauchzehen
3 EL Olivenöl
Salz, Pfeffer
300 g Nudeln
150 g Rahmtaler

Coppascheiben portionenweise in der Bratpfanne knusprig braten oder 5-7 Minuten im 200 Grad heissen Ofen.

Fenchelgrün entfernen und beiseite legen. Fenchel längs halbieren und in dünne Streifen schneiden. Zwiebel ebenfalls in dünne Streifen schneiden. Knoblauch in Scheibchen schneiden. Alles im heissen Öl etwa 10 Minuten braten. Mit Salz und Pfeffer würzen.

Nudeln in Salzwasser al dente kochen. Abgiessen, dabei 1 dl Kochsud auffangen und diesen zum Fenchel geben.

Während die Nudeln kochen, den Rahmtaler an einer groben Raffel reiben.

Abgetropfte Nudeln mit Fenchel und Fenchelgrün vermischen, mit Coppa-Chips und Käse servieren.
