{"id":23168,"date":"2022-04-27T13:39:22","date_gmt":"2022-04-27T11:39:22","guid":{"rendered":"https:\/\/www.emmentaler.ch\/rezept\/orecchiette-mit-morcheln"},"modified":"2022-08-16T10:30:53","modified_gmt":"2022-08-16T08:30:53","slug":"orecchiette-mit-morcheln","status":"publish","type":"recipes","link":"https:\/\/www.emmentaler.ch\/de\/rezept\/orecchiette-mit-morcheln","title":{"rendered":"Orecchiette mit Morcheln"},"author":2,"featured_media":23179,"menu_order":0,"template":"","meta":{"inline_featured_image":false},"tags":[],"recipe_categories":[86],"et_countries":[],"recipe_main_ingredient":[124,123],"recipe_difficulty":[126],"recipe_preparation_time":[156],"recipe_diet_type":[132],"recipe_saison":[138,135],"acf":{"recipe_preparation_time":156,"recipe_categories":86,"recipe_time_txt":"","recipe_type":5231,"recipe_difficulty":126,"recipe_diet_type":[132],"recipe_main_ingredient":[124,123],"recipe_saison":[138,135],"recipe_count_portions":4,"recipe_ingedients":[{"recipe_ingedients_amount":"","recipe_ingedients_unit":"g","recipe_ingedients_product":""}],"temporare_zutaten":"20 g getrocknete Morcheln\r\n300 g gr\u00fcne Spargeln\r\n2 Schalotten\r\n125 g rezenter Emmentaler AOP\r\n2 EL Butter\r\n400 g Orecchiette oder andere kleine Teigwaren\r\nca. 1 l heisse Gem\u00fcsebouillon\r\n0,5 dl Sherry\r\n1,5 dl Rahm\r\nSalz, Pfeffer\r\n1 Bund Schnittlauch","recipe_preparation":"Morcheln in warmem Wasser 30 Minuten einweichen. Morcheln unter fliessendem Wasser gut waschen, grosse halbieren oder vierteln.\r\n\r\nSpargeln am unteren Drittel sch\u00e4len, in mundgerechte St\u00fccke schneiden. Schalotten fein hacken. K\u00e4se fein reiben. Die H\u00e4lfte der Schalotten in 1 Essl\u00f6ffel Butter and\u00fcnsten. Orecchiette zuf\u00fcgen. Nach und nach Bouillon dazugiessen. Gelegentlich umr\u00fchren. Nach 15 Minuten Kochzeit Spargeln beigeben und weitere 10-15 Minuten garen.\r\n\r\nRestliche Schalotten und Morcheln in 1 Essl\u00f6ffel Butter and\u00fcnsten. Sherry zugiessen und einkochen lassen. Rahm beigeben und ein paar Minuten k\u00f6cheln, mit Salz und Pfeffer w\u00fcrzen. Morcheln und K\u00e4se unter die fertig gegarten Orecchiette r\u00fchren. Schnittlauch in R\u00f6llchen schneiden und dar\u00fcber streuen.","recipe_images":[23179]},"_links":{"self":[{"href":"https:\/\/www.emmentaler.ch\/de\/wp-json\/wp\/v2\/recipes\/23168"}],"collection":[{"href":"https:\/\/www.emmentaler.ch\/de\/wp-json\/wp\/v2\/recipes"}],"about":[{"href":"https:\/\/www.emmentaler.ch\/de\/wp-json\/wp\/v2\/types\/recipes"}],"author":[{"embeddable":true,"href":"https:\/\/www.emmentaler.ch\/de\/wp-json\/wp\/v2\/users\/2"}],"version-history":[{"count":0,"href":"https:\/\/www.emmentaler.ch\/de\/wp-json\/wp\/v2\/recipes\/23168\/revisions"}],"acf:attachment":[{"embeddable":true,"href":"https:\/\/www.emmentaler.ch\/de\/wp-json\/wp\/v2\/media\/23179"}],"acf:term":[{"embeddable":true,"taxonomy":"recipe_saison","href":"https:\/\/www.emmentaler.ch\/de\/wp-json\/wp\/v2\/recipe_saison\/135"},{"embeddable":true,"taxonomy":"recipe_saison","href":"https:\/\/www.emmentaler.ch\/de\/wp-json\/wp\/v2\/recipe_saison\/138"},{"embeddable":true,"taxonomy":"recipe_main_ingredient","href":"https:\/\/www.emmentaler.ch\/de\/wp-json\/wp\/v2\/recipe_main_ingredient\/123"},{"embeddable":true,"taxonomy":"recipe_main_ingredient","href":"https:\/\/www.emmentaler.ch\/de\/wp-json\/wp\/v2\/recipe_main_ingredient\/124"},{"embeddable":true,"taxonomy":"recipe_diet_type","href":"https:\/\/www.emmentaler.ch\/de\/wp-json\/wp\/v2\/recipe_diet_type\/132"},{"embeddable":true,"taxonomy":"recipe_difficulty","href":"https:\/\/www.emmentaler.ch\/de\/wp-json\/wp\/v2\/recipe_difficulty\/126"},{"embeddable":true,"taxonomy":"recipe_categories","href":"https:\/\/www.emmentaler.ch\/de\/wp-json\/wp\/v2\/recipe_categories\/86"},{"embeddable":true,"taxonomy":"recipe_preparation_time","href":"https:\/\/www.emmentaler.ch\/de\/wp-json\/wp\/v2\/recipe_preparation_time\/156"}],"acf:post":[{"embeddable":true,"href":"https:\/\/www.emmentaler.ch\/de\/wp-json\/wp\/v2\/pages\/5231"}],"wp:featuredmedia":[{"embeddable":true,"href":"https:\/\/www.emmentaler.ch\/de\/wp-json\/wp\/v2\/media\/23179"}],"wp:attachment":[{"href":"https:\/\/www.emmentaler.ch\/de\/wp-json\/wp\/v2\/media?parent=23168"}],"wp:term":[{"taxonomy":"post_tag","embeddable":true,"href":"https:\/\/www.emmentaler.ch\/de\/wp-json\/wp\/v2\/tags?post=23168"},{"taxonomy":"recipe_categories","embeddable":true,"href":"https:\/\/www.emmentaler.ch\/de\/wp-json\/wp\/v2\/recipe_categories?post=23168"},{"taxonomy":"et_countries","embeddable":true,"href":"https:\/\/www.emmentaler.ch\/de\/wp-json\/wp\/v2\/et_countries?post=23168"},{"taxonomy":"recipe_main_ingredient","embeddable":true,"href":"https:\/\/www.emmentaler.ch\/de\/wp-json\/wp\/v2\/recipe_main_ingredient?post=23168"},{"taxonomy":"recipe_difficulty","embeddable":true,"href":"https:\/\/www.emmentaler.ch\/de\/wp-json\/wp\/v2\/recipe_difficulty?post=23168"},{"taxonomy":"recipe_preparation_time","embeddable":true,"href":"https:\/\/www.emmentaler.ch\/de\/wp-json\/wp\/v2\/recipe_preparation_time?post=23168"},{"taxonomy":"recipe_diet_type","embeddable":true,"href":"https:\/\/www.emmentaler.ch\/de\/wp-json\/wp\/v2\/recipe_diet_type?post=23168"},{"taxonomy":"recipe_saison","embeddable":true,"href":"https:\/\/www.emmentaler.ch\/de\/wp-json\/wp\/v2\/recipe_saison?post=23168"}],"curies":[{"name":"wp","href":"https:\/\/api.w.org\/{rel}","templated":true}]}}

20 g getrocknete Morcheln
300 g grüne Spargeln
2 Schalotten
125 g rezenter Emmentaler AOP
2 EL Butter
400 g Orecchiette oder andere kleine Teigwaren
ca. 1 l heisse Gemüsebouillon
0,5 dl Sherry
1,5 dl Rahm
Salz, Pfeffer
1 Bund Schnittlauch

Morcheln in warmem Wasser 30 Minuten einweichen. Morcheln unter fliessendem Wasser gut waschen, grosse halbieren oder vierteln.

Spargeln am unteren Drittel schälen, in mundgerechte Stücke schneiden. Schalotten fein hacken. Käse fein reiben. Die Hälfte der Schalotten in 1 Esslöffel Butter andünsten. Orecchiette zufügen. Nach und nach Bouillon dazugiessen. Gelegentlich umrühren. Nach 15 Minuten Kochzeit Spargeln beigeben und weitere 10-15 Minuten garen.

Restliche Schalotten und Morcheln in 1 Esslöffel Butter andünsten. Sherry zugiessen und einkochen lassen. Rahm beigeben und ein paar Minuten köcheln, mit Salz und Pfeffer würzen. Morcheln und Käse unter die fertig gegarten Orecchiette rühren. Schnittlauch in Röllchen schneiden und darüber streuen.
