{"id":23230,"date":"2022-04-27T13:39:22","date_gmt":"2022-04-27T11:39:22","guid":{"rendered":"https:\/\/www.emmentaler.ch\/rezept\/pasta-mit-federkohl-und-kartoffeln"},"modified":"2024-07-24T13:29:33","modified_gmt":"2024-07-24T11:29:33","slug":"pasta-mit-federkohl-und-kartoffeln","status":"publish","type":"recipes","link":"https:\/\/www.emmentaler.ch\/de\/rezept\/pasta-mit-federkohl-und-kartoffeln","title":{"rendered":"Pasta mit Federkohl und Kartoffeln"},"author":2,"featured_media":23256,"menu_order":0,"template":"","meta":{"inline_featured_image":false},"tags":[],"recipe_categories":[86],"et_countries":[],"recipe_main_ingredient":[123],"recipe_difficulty":[125],"recipe_preparation_time":[156],"recipe_diet_type":[133,132],"recipe_saison":[138,136],"acf":{"recipe_preparation_time":156,"recipe_categories":86,"recipe_time_txt":"","recipe_type":216,"recipe_difficulty":125,"recipe_diet_type":[133,132],"recipe_main_ingredient":[123],"recipe_saison":[138,136],"recipe_count_portions":4,"recipe_ingedients":[{"recipe_ingedients_amount":"","recipe_ingedients_unit":"g","recipe_ingedients_product":""}],"temporare_zutaten":"500 g Federkohl\r\n250 g Kartoffeln\r\n2 Knoblauchzehen\r\n1 roter Peperoncino\r\n200 g rezenter Emmentaler AOP\r\n50 g Pekann\u00fcsse oder Baumn\u00fcsse\r\n350 g Teigwaren, z.B. Penne\r\nSalz, Pfeffer\r\n5 EL Oliven\u00f6l","recipe_preparation":"Bl\u00e4tter des Federkohls von den Rippen streifen und in mundgerechte St\u00fccke schneiden. Kartoffeln sch\u00e4len, halbieren oder vierteln und in 5 mm dicke Scheiben schneiden. Knoblauchzehen fein hacken. Peperoncino evtl. entkernen und in Ringe schneiden.\r\n\r\nEmmentaler AOP an einer groben Raffel reiben. Pekann\u00fcsse grob hacken.\r\n\r\nTeigwaren in eine grosse Pfanne mit kochendem Salzwasser geben. 7 Minuten bevor die Teigwaren gar sind, Kartoffeln und Federkohl zuf\u00fcgen und fertig kochen.\r\n\r\nIn der Zwischenzeit, Pekann\u00fcsse in einer Bratpfanne ohne Fett r\u00f6sten, aus der Pfanne nehmen. \u00d6l leicht erhitzen. Knoblauch und Chili darin and\u00fcnsten, mit abgetropften Teigwaren, Kartoffeln und Federkohl mischen und mit Salz und Pfeffer abschmecken. Pekann\u00fcsse und einen Teil des K\u00e4ses unterheben. Restlichen K\u00e4se dazu servieren.\r\n\r\nTipp: Wirz anstelle von Federkohl verwenden. Falls keine grosse Pfanne zur Verf\u00fcgung steht, Teigwaren separat kochen.","recipe_images":[23261,23266,23256]},"_links":{"self":[{"href":"https:\/\/www.emmentaler.ch\/de\/wp-json\/wp\/v2\/recipes\/23230"}],"collection":[{"href":"https:\/\/www.emmentaler.ch\/de\/wp-json\/wp\/v2\/recipes"}],"about":[{"href":"https:\/\/www.emmentaler.ch\/de\/wp-json\/wp\/v2\/types\/recipes"}],"author":[{"embeddable":true,"href":"https:\/\/www.emmentaler.ch\/de\/wp-json\/wp\/v2\/users\/2"}],"version-history":[{"count":1,"href":"https:\/\/www.emmentaler.ch\/de\/wp-json\/wp\/v2\/recipes\/23230\/revisions"}],"predecessor-version":[{"id":137837,"href":"https:\/\/www.emmentaler.ch\/de\/wp-json\/wp\/v2\/recipes\/23230\/revisions\/137837"}],"acf:attachment":[{"embeddable":true,"href":"https:\/\/www.emmentaler.ch\/de\/wp-json\/wp\/v2\/media\/23256"},{"embeddable":true,"href":"https:\/\/www.emmentaler.ch\/de\/wp-json\/wp\/v2\/media\/23266"},{"embeddable":true,"href":"https:\/\/www.emmentaler.ch\/de\/wp-json\/wp\/v2\/media\/23261"}],"acf:term":[{"embeddable":true,"taxonomy":"recipe_saison","href":"https:\/\/www.emmentaler.ch\/de\/wp-json\/wp\/v2\/recipe_saison\/136"},{"embeddable":true,"taxonomy":"recipe_saison","href":"https:\/\/www.emmentaler.ch\/de\/wp-json\/wp\/v2\/recipe_saison\/138"},{"embeddable":true,"taxonomy":"recipe_main_ingredient","href":"https:\/\/www.emmentaler.ch\/de\/wp-json\/wp\/v2\/recipe_main_ingredient\/123"},{"embeddable":true,"taxonomy":"recipe_diet_type","href":"https:\/\/www.emmentaler.ch\/de\/wp-json\/wp\/v2\/recipe_diet_type\/132"},{"embeddable":true,"taxonomy":"recipe_diet_type","href":"https:\/\/www.emmentaler.ch\/de\/wp-json\/wp\/v2\/recipe_diet_type\/133"},{"embeddable":true,"taxonomy":"recipe_difficulty","href":"https:\/\/www.emmentaler.ch\/de\/wp-json\/wp\/v2\/recipe_difficulty\/125"},{"embeddable":true,"taxonomy":"recipe_categories","href":"https:\/\/www.emmentaler.ch\/de\/wp-json\/wp\/v2\/recipe_categories\/86"},{"embeddable":true,"taxonomy":"recipe_preparation_time","href":"https:\/\/www.emmentaler.ch\/de\/wp-json\/wp\/v2\/recipe_preparation_time\/156"}],"acf:post":[{"embeddable":true,"href":"https:\/\/www.emmentaler.ch\/de\/wp-json\/wp\/v2\/pages\/216"}],"wp:featuredmedia":[{"embeddable":true,"href":"https:\/\/www.emmentaler.ch\/de\/wp-json\/wp\/v2\/media\/23256"}],"wp:attachment":[{"href":"https:\/\/www.emmentaler.ch\/de\/wp-json\/wp\/v2\/media?parent=23230"}],"wp:term":[{"taxonomy":"post_tag","embeddable":true,"href":"https:\/\/www.emmentaler.ch\/de\/wp-json\/wp\/v2\/tags?post=23230"},{"taxonomy":"recipe_categories","embeddable":true,"href":"https:\/\/www.emmentaler.ch\/de\/wp-json\/wp\/v2\/recipe_categories?post=23230"},{"taxonomy":"et_countries","embeddable":true,"href":"https:\/\/www.emmentaler.ch\/de\/wp-json\/wp\/v2\/et_countries?post=23230"},{"taxonomy":"recipe_main_ingredient","embeddable":true,"href":"https:\/\/www.emmentaler.ch\/de\/wp-json\/wp\/v2\/recipe_main_ingredient?post=23230"},{"taxonomy":"recipe_difficulty","embeddable":true,"href":"https:\/\/www.emmentaler.ch\/de\/wp-json\/wp\/v2\/recipe_difficulty?post=23230"},{"taxonomy":"recipe_preparation_time","embeddable":true,"href":"https:\/\/www.emmentaler.ch\/de\/wp-json\/wp\/v2\/recipe_preparation_time?post=23230"},{"taxonomy":"recipe_diet_type","embeddable":true,"href":"https:\/\/www.emmentaler.ch\/de\/wp-json\/wp\/v2\/recipe_diet_type?post=23230"},{"taxonomy":"recipe_saison","embeddable":true,"href":"https:\/\/www.emmentaler.ch\/de\/wp-json\/wp\/v2\/recipe_saison?post=23230"}],"curies":[{"name":"wp","href":"https:\/\/api.w.org\/{rel}","templated":true}]}}

500 g Federkohl
250 g Kartoffeln
2 Knoblauchzehen
1 roter Peperoncino
200 g rezenter Emmentaler AOP
50 g Pekannüsse oder Baumnüsse
350 g Teigwaren, z.B. Penne
Salz, Pfeffer
5 EL Olivenöl

Blätter des Federkohls von den Rippen streifen und in mundgerechte Stücke schneiden. Kartoffeln schälen, halbieren oder vierteln und in 5 mm dicke Scheiben schneiden. Knoblauchzehen fein hacken. Peperoncino evtl. entkernen und in Ringe schneiden.

Emmentaler AOP an einer groben Raffel reiben. Pekannüsse grob hacken.

Teigwaren in eine grosse Pfanne mit kochendem Salzwasser geben. 7 Minuten bevor die Teigwaren gar sind, Kartoffeln und Federkohl zufügen und fertig kochen.

In der Zwischenzeit, Pekannüsse in einer Bratpfanne ohne Fett rösten, aus der Pfanne nehmen. Öl leicht erhitzen. Knoblauch und Chili darin andünsten, mit abgetropften Teigwaren, Kartoffeln und Federkohl mischen und mit Salz und Pfeffer abschmecken. Pekannüsse und einen Teil des Käses unterheben. Restlichen Käse dazu servieren.

Tipp: Wirz anstelle von Federkohl verwenden. Falls keine grosse Pfanne zur Verfügung steht, Teigwaren separat kochen.
